{"id":1409,"date":"2025-04-02T15:45:40","date_gmt":"2025-04-02T18:45:40","guid":{"rendered":"https:\/\/www.ufsm.br\/cursos\/pos-graduacao\/santa-maria\/ppgeamb\/?page_id=1409"},"modified":"2025-05-13T16:12:07","modified_gmt":"2025-05-13T19:12:07","slug":"transparencia","status":"publish","type":"page","link":"https:\/\/www.ufsm.br\/cursos\/pos-graduacao\/santa-maria\/ppgeamb\/transparencia","title":{"rendered":"Transpar\u00eancia"},"content":{"rendered":"\t\t<div data-elementor-type=\"wp-page\" data-elementor-id=\"1409\" class=\"elementor elementor-1409\">\n\t\t\t\t\t\t<section class=\"elementor-section elementor-top-section elementor-element elementor-element-fb3b9a0 elementor-section-boxed elementor-section-height-default elementor-section-height-default\" data-id=\"fb3b9a0\" data-element_type=\"section\">\n\t\t\t\t\t\t<div class=\"elementor-container elementor-column-gap-default\">\n\t\t\t\t\t<div class=\"elementor-column elementor-col-100 elementor-top-column elementor-element elementor-element-396d28c\" data-id=\"396d28c\" data-element_type=\"column\">\n\t\t\t<div class=\"elementor-widget-wrap elementor-element-populated\">\n\t\t\t\t\t\t<div class=\"elementor-element elementor-element-a51f392 elementor-widget elementor-widget-text-editor\" data-id=\"a51f392\" data-element_type=\"widget\" data-widget_type=\"text-editor.default\">\n\t\t\t\t<div class=\"elementor-widget-container\">\n\t\t\t\t\t\t\t<section class=\"elementor-section elementor-top-section elementor-element elementor-element-a161afb elementor-section-boxed elementor-section-height-default elementor-section-height-default\" data-id=\"a161afb\" data-element_type=\"section\"><div class=\"elementor-container elementor-column-gap-default\"><div class=\"elementor-column elementor-col-100 elementor-top-column elementor-element elementor-element-eb84b93\" data-id=\"eb84b93\" data-element_type=\"column\"><div class=\"elementor-widget-wrap elementor-element-populated\"><div class=\"elementor-element elementor-element-3aa7db8 elementor-widget elementor-widget-text-editor\" data-id=\"3aa7db8\" data-element_type=\"widget\" data-widget_type=\"text-editor.default\"><div class=\"elementor-widget-container\"><p>O agente p\u00fablico tem o dever de\u00a0 zelar pela transpar\u00eancia e legalidade na execu\u00e7\u00e3o do seu trabalho e no PPGEAmb prezamos muito isso!<\/p><p><a href=\"https:\/\/www.gov.br\/servidor\/pt-br\/centrais-de-conteudo\/arquivos-publicacoes\/arquivos\/manualdecondutadoagentepublicocivil.pdf\" target=\"_blank\" rel=\"noopener\">Manual de Conduta do Agente P\u00fablico Civil do Poder Executivo Federal\u00a0<\/a><\/p><p><a href=\"https:\/\/www.ufsm.br\/pro-reitorias\/proplan\/codigo-de-etica-e-convivencia-discente-da-universidade-federal-de-santa-maria\/\" target=\"_blank\" rel=\"noopener\">C\u00f3digo de \u00c9tica e Conviv\u00eancia Discente da Universidade Federal de Santa Maria (2018)<\/a><\/p><\/div><\/div><\/div><\/div><\/div><\/section>\t\t\t\t\t\t<\/div>\n\t\t\t\t<\/div>\n\t\t\t\t\t<\/div>\n\t\t<\/div>\n\t\t\t\t\t<\/div>\n\t\t<\/section>\n\t\t\t\t<section class=\"elementor-section elementor-top-section elementor-element elementor-element-41cda01 elementor-section-boxed elementor-section-height-default elementor-section-height-default\" data-id=\"41cda01\" data-element_type=\"section\">\n\t\t\t\t\t\t<div class=\"elementor-container elementor-column-gap-default\">\n\t\t\t\t\t<div class=\"elementor-column elementor-col-100 elementor-top-column elementor-element elementor-element-4d5d855\" data-id=\"4d5d855\" data-element_type=\"column\">\n\t\t\t<div class=\"elementor-widget-wrap elementor-element-populated\">\n\t\t\t\t\t\t<div class=\"elementor-element elementor-element-68e8257 elementor-widget elementor-widget-text-editor\" data-id=\"68e8257\" data-element_type=\"widget\" data-widget_type=\"text-editor.default\">\n\t\t\t\t<div class=\"elementor-widget-container\">\n\t\t\t\t\t\t\t<div class=\"elementor-element elementor-element-354f8eb elementor-widget elementor-widget-heading\" data-id=\"354f8eb\" data-element_type=\"widget\" data-widget_type=\"heading.default\"><div class=\"elementor-widget-container\"><h5 class=\"elementor-heading-title elementor-size-default\">RECURSOS PROAP\/CAPES<\/h5><\/div><\/div><div class=\"elementor-element elementor-element-aaa7db3 elementor-widget elementor-widget-text-editor\" data-id=\"aaa7db3\" data-element_type=\"widget\" data-widget_type=\"text-editor.default\"><div class=\"elementor-widget-container\"><p>Abaixo podem ser acessadas as planilhas com a distribui\u00e7\u00e3o dos Recursos PROAP\/CAPES entre os professores do PPGEC e o detalhamento das despesas efetuadas para cada ano.<\/p><p><a href=\"https:\/\/www.ufsm.br\/app\/uploads\/sites\/535\/2025\/04\/PPGEAmb-financeiro-2024-fechamento.pdf\" target=\"_blank\" rel=\"noopener\"><em><span style=\"color: #0000ff\">Distribui\u00e7\u00e3o e Execu\u00e7\u00e3o de Despesas \u2013 Ano 2024 \u2013 Recursos PROAP\/CAPES<\/span><\/em><\/a><\/p><p><a href=\"https:\/\/www.ufsm.br\/app\/uploads\/sites\/535\/2025\/04\/PPGEAmb-financeiro-2023-fechamento.pdf\" target=\"_blank\" rel=\"noopener\"><em><span style=\"color: #0000ff\">Distribui\u00e7\u00e3o e Execu\u00e7\u00e3o de Despesas \u2013 Ano 2023 \u2013 Recursos PROAP\/CAPES<\/span><\/em><\/a><\/p><\/div><p>Para saber mais acesse:\u00a0<a href=\"https:\/\/www.ufsm.br\/cursos\/pos-graduacao\/santa-maria\/ppgeamb\/recursos-de-proap-capes\" target=\"_blank\" rel=\"noopener\"><span style=\"color: #0000ff\">Recursos PROAP\/CAPES<\/span><\/a><\/p><\/div>\t\t\t\t\t\t<\/div>\n\t\t\t\t<\/div>\n\t\t\t\t\t<\/div>\n\t\t<\/div>\n\t\t\t\t\t<\/div>\n\t\t<\/section>\n\t\t\t\t<section class=\"elementor-section elementor-top-section elementor-element elementor-element-7dc8fb2 elementor-section-boxed elementor-section-height-default elementor-section-height-default\" data-id=\"7dc8fb2\" data-element_type=\"section\">\n\t\t\t\t\t\t<div class=\"elementor-container elementor-column-gap-default\">\n\t\t\t\t\t<div class=\"elementor-column elementor-col-100 elementor-top-column elementor-element elementor-element-466c8bc\" data-id=\"466c8bc\" data-element_type=\"column\">\n\t\t\t<div class=\"elementor-widget-wrap elementor-element-populated\">\n\t\t\t\t\t\t<div class=\"elementor-element elementor-element-951568e elementor-widget elementor-widget-heading\" data-id=\"951568e\" data-element_type=\"widget\" data-widget_type=\"heading.default\">\n\t\t\t\t<div class=\"elementor-widget-container\">\n\t\t\t<h5 class=\"elementor-heading-title elementor-size-default\"><a href=\"https:\/\/www.ufsm.br\/cursos\/pos-graduacao\/santa-maria\/ppgeamb\/atas\">Atas de Reuni\u00e3o de Colegiado <\/a><\/h5>\t\t<\/div>\n\t\t\t\t<\/div>\n\t\t\t\t\t<\/div>\n\t\t<\/div>\n\t\t\t\t\t<\/div>\n\t\t<\/section>\n\t\t\t\t<section class=\"elementor-section elementor-top-section elementor-element elementor-element-b0c9380 elementor-section-boxed elementor-section-height-default elementor-section-height-default\" data-id=\"b0c9380\" data-element_type=\"section\">\n\t\t\t\t\t\t<div class=\"elementor-container elementor-column-gap-default\">\n\t\t\t\t\t<div class=\"elementor-column elementor-col-100 elementor-top-column elementor-element elementor-element-112e959\" data-id=\"112e959\" data-element_type=\"column\">\n\t\t\t<div class=\"elementor-widget-wrap elementor-element-populated\">\n\t\t\t\t\t\t<div class=\"elementor-element elementor-element-280fdd7 elementor-widget elementor-widget-text-editor\" data-id=\"280fdd7\" data-element_type=\"widget\" data-widget_type=\"text-editor.default\">\n\t\t\t\t<div class=\"elementor-widget-container\">\n\t\t\t\t\t\t\t<div class=\"elementor-element elementor-element-7c23eb0 elementor-widget elementor-widget-heading\" data-id=\"7c23eb0\" data-element_type=\"widget\" data-widget_type=\"heading.default\"><div class=\"elementor-widget-container\"><h5 class=\"elementor-heading-title elementor-size-default\"><a href=\"https:\/\/www.ufsm.br\/cursos\/pos-graduacao\/santa-maria\/ppgec\/dissertacoes-teses\">DISSERTA\u00c7\u00d5ES E TESES<\/a><\/h5><\/div><\/div><div class=\"elementor-element elementor-element-7c320ca elementor-widget elementor-widget-text-editor\" data-id=\"7c320ca\" data-element_type=\"widget\" data-widget_type=\"text-editor.default\"><div class=\"elementor-widget-container\"><p>As disserta\u00e7\u00f5es e teses do PPGEC s\u00e3o publicadas pela Biblioteca Central da UFSM via Manancial \u2013 Reposit\u00f3rio Digital da UFSM, com o acesso dispon\u00edvel em nossa p\u00e1gina inicial:\u00a0<a href=\"https:\/\/www.ufsm.br\/cursos\/pos-graduacao\/santa-maria\/ppgeamb\/dissertacoes-teses\" target=\"_blank\" rel=\"noopener\"><strong>DISSERTA\u00c7\u00d5ES E TESES<\/strong><\/a><\/p><\/div><\/div>\t\t\t\t\t\t<\/div>\n\t\t\t\t<\/div>\n\t\t\t\t\t<\/div>\n\t\t<\/div>\n\t\t\t\t\t<\/div>\n\t\t<\/section>\n\t\t\t\t<\/div>\n\t\t","protected":false},"excerpt":{"rendered":"<p>O agente p\u00fablico tem o dever de\u00a0 zelar pela transpar\u00eancia e legalidade na execu\u00e7\u00e3o do seu trabalho e no PPGEAmb prezamos muito isso! Manual de Conduta do Agente P\u00fablico Civil do Poder Executivo Federal\u00a0 C\u00f3digo de \u00c9tica e Conviv\u00eancia Discente da Universidade Federal de Santa Maria (2018) RECURSOS PROAP\/CAPES Abaixo podem ser acessadas as planilhas [&hellip;]<\/p>\n","protected":false},"author":883,"featured_media":0,"parent":0,"menu_order":0,"comment_status":"closed","ping_status":"closed","template":"","meta":{"footnotes":""},"categories":[],"tags":[],"class_list":["post-1409","page","type-page","status-publish","hentry"],"acf":[],"_links":{"self":[{"href":"https:\/\/www.ufsm.br\/cursos\/pos-graduacao\/santa-maria\/ppgeamb\/wp-json\/wp\/v2\/pages\/1409","targetHints":{"allow":["GET"]}}],"collection":[{"href":"https:\/\/www.ufsm.br\/cursos\/pos-graduacao\/santa-maria\/ppgeamb\/wp-json\/wp\/v2\/pages"}],"about":[{"href":"https:\/\/www.ufsm.br\/cursos\/pos-graduacao\/santa-maria\/ppgeamb\/wp-json\/wp\/v2\/types\/page"}],"author":[{"embeddable":true,"href":"https:\/\/www.ufsm.br\/cursos\/pos-graduacao\/santa-maria\/ppgeamb\/wp-json\/wp\/v2\/users\/883"}],"replies":[{"embeddable":true,"href":"https:\/\/www.ufsm.br\/cursos\/pos-graduacao\/santa-maria\/ppgeamb\/wp-json\/wp\/v2\/comments?post=1409"}],"version-history":[{"count":0,"href":"https:\/\/www.ufsm.br\/cursos\/pos-graduacao\/santa-maria\/ppgeamb\/wp-json\/wp\/v2\/pages\/1409\/revisions"}],"wp:attachment":[{"href":"https:\/\/www.ufsm.br\/cursos\/pos-graduacao\/santa-maria\/ppgeamb\/wp-json\/wp\/v2\/media?parent=1409"}],"wp:term":[{"taxonomy":"category","embeddable":true,"href":"https:\/\/www.ufsm.br\/cursos\/pos-graduacao\/santa-maria\/ppgeamb\/wp-json\/wp\/v2\/categories?post=1409"},{"taxonomy":"post_tag","embeddable":true,"href":"https:\/\/www.ufsm.br\/cursos\/pos-graduacao\/santa-maria\/ppgeamb\/wp-json\/wp\/v2\/tags?post=1409"}],"curies":[{"name":"wp","href":"https:\/\/api.w.org\/{rel}","templated":true}]}}