{"id":162,"date":"2019-01-23T11:41:45","date_gmt":"2019-01-23T13:41:45","guid":{"rendered":"https:\/\/www.ufsm.br\/cursos\/pos-graduacao\/santa-maria\/ppgeamb\/?page_id=162"},"modified":"2025-08-19T14:23:41","modified_gmt":"2025-08-19T17:23:41","slug":"areas-de-concentracao","status":"publish","type":"page","link":"https:\/\/www.ufsm.br\/cursos\/pos-graduacao\/santa-maria\/ppgeamb\/areas-de-concentracao","title":{"rendered":"\u00c1reas de Concentra\u00e7\u00e3o"},"content":{"rendered":"\n<p>O Programa de P\u00f3s-Gradua\u00e7\u00e3o em Engenharia Civil \u2013\u00a0<a href=\"https:\/\/www.ufsm.br\/cursos\/pos-graduacao\/santa-maria\/ppgec\" target=\"_blank\" rel=\"noopener\">\u00a0<span style=\"color: #0000ff\">PPGEC<\/span><\/a>\u00a0e o Programa de P\u00f3s-Gradua\u00e7\u00e3o em Engenharia Ambiental \u2013\u00a0<a href=\"https:\/\/www.ufsm.br\/cursos\/pos-graduacao\/santa-maria\/ppgeamb\" target=\"_blank\" rel=\"noopener\"><span style=\"color: #0000ff\">\u00a0PPGEAmb<\/span><\/a>\u00a0est\u00e3o fusionados e tornaram-se o\u00a0<a href=\"https:\/\/www.ufsm.br\/cursos\/pos-graduacao\/santa-maria\/ppgecam\" target=\"_blank\" rel=\"noopener\"><span style=\"color: #0000ff\">\u00a0PPGECAM \u2013 Programa de P\u00f3s-Gradua\u00e7\u00e3o em Engenharia Civil e Ambiental<\/span><\/a>.<\/p>\n<p><a href=\"https:\/\/www.ufsm.br\/cursos\/pos-graduacao\/santa-maria\/ppgecam\/areas-de-concentracao-e-linhas-de-pesquisa\" target=\"_blank\" rel=\"noopener\"><span style=\"color: #0000ff\">Aqui para acessar \u2013\u00a0\u00c1reas de Concentra\u00e7\u00e3o e Linhas de Pesquisa \u2013 PPGECAM<\/span><\/a><\/p>\n<p>\u00a0O Curso inicia suas atividades com uma \u00fanica \u00e1rea de concentra\u00e7\u00e3o e quatro linhas de pesquisa. A \u00e1rea de concentra\u00e7\u00e3o em\u00a0<strong>Recursos H\u00eddricos e Tecnologias Ambientais<\/strong>\u00a0t\u00eam por\u00a0objetivo geral a forma\u00e7\u00e3o de pessoal em n\u00edvel de p\u00f3s-gradua\u00e7\u00e3o para atuar no desenvolvimento regional e nacional em sustenta\u00e7\u00e3o do processo de gest\u00e3o dos recursos naturais.<\/p>\n<p>\u00a0 \u00a0 \u00a0As a\u00e7\u00f5es desenvolvidas estar\u00e3o voltadas na garantia, conserva\u00e7\u00e3o e preserva\u00e7\u00e3o da biodiversidade, a reciclagem das mat\u00e9rias-primas e a redu\u00e7\u00e3o do impacto ambiental das atividades humanas sobre os recursos naturais, a recupera\u00e7\u00e3o de \u00e1reas degradadas, m\u00e9todos para a explora\u00e7\u00e3o sustent\u00e1vel de recursos naturais, e o estudo de riscos e impactos ambientais para a avalia\u00e7\u00e3o de novos empreendimentos ou amplia\u00e7\u00e3o de atividades produtivas.<\/p>\n<p>\u00a0 \u00a0 \u00a0 \u00a0 Devido aos grandes problemas que envolvem o saneamento b\u00e1sico e os recursos h\u00eddricos ser\u00e1 dado \u00eanfase ao fortalecimento da gest\u00e3o dos recursos h\u00eddricos, de acordo com o que preconiza a lei das \u00e1guas do Brasil (Lei 9433\/199), no campo dos recursos h\u00eddricos; e no campo das tecnologias ambientais a area focal ser\u00e1 da proposi\u00e7\u00e3o de alternativas visando a melhoria da situa\u00e7\u00e3o do Saneamento B\u00e1sico em atendimento a Lei n<sup>o<\/sup>11.445\/2007, bem como a gest\u00e3o integrada e o gerenciamento de res\u00edduos s\u00f3lidos estabelecidos pela Lei n<sup>o<\/sup>. 12.305\/2010 que institui a Pol\u00edtica de Res\u00edduos S\u00f3lidos &#8211; . \u00c9 voltada \u00e0 pesquisa e desenvolvimento (P&amp;D&amp;Inova\u00e7\u00e3o)\u00a0 de instrumentos de gest\u00e3o e de tecnologias para o melhor aproveitamento e gest\u00e3o dos recursos h\u00eddricos e a conserva\u00e7\u00e3o dos ecossistemas aqu\u00e1ticos.\u00a0<\/p>\n<p>O programa desenvolver\u00e1\u00a0 suas atividades atrav\u00e9s das seguintes linhas de pesquisa:\u00a0<\/p>\n<h5>Planejamento e Gest\u00e3o Ambiental<\/h5>\n<p>Objetivo:\u00a0 Proposi\u00e7\u00e3o e aplica\u00e7\u00e3o de metodologias que permitam o gerenciamento e gest\u00e3o dos recursos h\u00eddricos e a conserva\u00e7\u00e3o de ecossistemas aqu\u00e1ticos;<\/p>\n<h5>Modelagem Hidroambiental<\/h5>\n<p>Objetivo:\u00a0 Integra\u00e7\u00e3o da modelagem hidrol\u00f3gica, ecol\u00f3gica e atmosf\u00e9rica para a avalia\u00e7\u00e3o dos efeitos de cen\u00e1rios, estruturas, pol\u00edticas e mudan\u00e7as clim\u00e1ticas. Em resumo, tem como foco a proposi\u00e7\u00e3o, avalia\u00e7\u00e3o e aplica\u00e7\u00e3o de modelos ecol\u00f3gicos, hidr\u00e1ulicos, hidrol\u00f3gicos, sedimentol\u00f3gicos, atmosf\u00e9ricos e de qualidade da \u00e1gua com a finalidade de subsidiar estudos e projetos hidroambientais.<\/p>\n<h5>Hidrossedimentologia\u00a0<\/h5>\n<p>Objetivos: Coleta de informa\u00e7\u00f5es que permitam a diminui\u00e7\u00e3o das incertezas das previs\u00f5es hidrol\u00f3gicas e sedimentol\u00f3gicas\u00a0 na escala de\u00a0 bacias hidrogr\u00e1ficas;<\/p>\n<p>Desenvolvimento, avalia\u00e7\u00e3o e calibra\u00e7\u00e3o modelos e m\u00e9todos de c\u00e1lculo do transporte de sedimentos em rios e assoreamento de reservat\u00f3rios.<\/p>\n<h5>Saneamento Ambiental<\/h5>\n<p>Objetivo: Desenvolvimento de t\u00e9cnicas de tratamento de \u00e1guas de abastecimento e industriais e aproveitamento de \u00e1guas (re\u00faso\/reciclo). Modelagem e otimiza\u00e7\u00e3o de sistemas de abastecimento de \u00e1gua. Avalia\u00e7\u00e3o e modelagem da qualidade da \u00e1gua dos recursos h\u00eddricos e de fontes de polui\u00e7\u00e3o difusa. Tratamento de efluentes urbanos e industriais por processos convencionais e avan\u00e7ados. Gerenciamento, tratamento e valoriza\u00e7\u00e3o de res\u00edduos s\u00f3lidos urbanos, industriais e de servi\u00e7os de sa\u00fade. Estudos de avalia\u00e7\u00e3o de riscos e impactos ambientais. Avalia\u00e7\u00e3o e remedia\u00e7\u00e3o de \u00e1reas degradadas e contaminadas.<\/p>\n\n\n\n<p class=\"wp-block-paragraph\"><\/p>\n","protected":false},"excerpt":{"rendered":"<p>O Programa de P\u00f3s-Gradua\u00e7\u00e3o em Engenharia Civil \u2013\u00a0\u00a0PPGEC\u00a0e o Programa de P\u00f3s-Gradua\u00e7\u00e3o em Engenharia Ambiental \u2013\u00a0\u00a0PPGEAmb\u00a0est\u00e3o fusionados e tornaram-se o\u00a0\u00a0PPGECAM \u2013 Programa de P\u00f3s-Gradua\u00e7\u00e3o em Engenharia Civil e Ambiental. Aqui para acessar \u2013\u00a0\u00c1reas de Concentra\u00e7\u00e3o e Linhas de Pesquisa \u2013 PPGECAM \u00a0O Curso inicia suas atividades com uma \u00fanica \u00e1rea de concentra\u00e7\u00e3o e quatro linhas [&hellip;]<\/p>\n","protected":false},"author":115,"featured_media":0,"parent":0,"menu_order":0,"comment_status":"closed","ping_status":"closed","template":"","meta":{"footnotes":""},"categories":[],"tags":[],"class_list":["post-162","page","type-page","status-publish","hentry"],"acf":[],"_links":{"self":[{"href":"https:\/\/www.ufsm.br\/cursos\/pos-graduacao\/santa-maria\/ppgeamb\/wp-json\/wp\/v2\/pages\/162","targetHints":{"allow":["GET"]}}],"collection":[{"href":"https:\/\/www.ufsm.br\/cursos\/pos-graduacao\/santa-maria\/ppgeamb\/wp-json\/wp\/v2\/pages"}],"about":[{"href":"https:\/\/www.ufsm.br\/cursos\/pos-graduacao\/santa-maria\/ppgeamb\/wp-json\/wp\/v2\/types\/page"}],"author":[{"embeddable":true,"href":"https:\/\/www.ufsm.br\/cursos\/pos-graduacao\/santa-maria\/ppgeamb\/wp-json\/wp\/v2\/users\/115"}],"replies":[{"embeddable":true,"href":"https:\/\/www.ufsm.br\/cursos\/pos-graduacao\/santa-maria\/ppgeamb\/wp-json\/wp\/v2\/comments?post=162"}],"version-history":[{"count":0,"href":"https:\/\/www.ufsm.br\/cursos\/pos-graduacao\/santa-maria\/ppgeamb\/wp-json\/wp\/v2\/pages\/162\/revisions"}],"wp:attachment":[{"href":"https:\/\/www.ufsm.br\/cursos\/pos-graduacao\/santa-maria\/ppgeamb\/wp-json\/wp\/v2\/media?parent=162"}],"wp:term":[{"taxonomy":"category","embeddable":true,"href":"https:\/\/www.ufsm.br\/cursos\/pos-graduacao\/santa-maria\/ppgeamb\/wp-json\/wp\/v2\/categories?post=162"},{"taxonomy":"post_tag","embeddable":true,"href":"https:\/\/www.ufsm.br\/cursos\/pos-graduacao\/santa-maria\/ppgeamb\/wp-json\/wp\/v2\/tags?post=162"}],"curies":[{"name":"wp","href":"https:\/\/api.w.org\/{rel}","templated":true}]}}

Áreas de Concentração

<p>O Programa de Pós-Graduação em Engenharia Civil – <a href="https://www.ufsm.br/cursos/pos-graduacao/santa-maria/ppgec" target="_blank" rel="noopener"> <span style="color: #0000ff">PPGEC</span></a> e o Programa de Pós-Graduação em Engenharia Ambiental – <a href="https://www.ufsm.br/cursos/pos-graduacao/santa-maria/ppgeamb" target="_blank" rel="noopener"><span style="color: #0000ff"> PPGEAmb</span></a> estão fusionados e tornaram-se o <a href="https://www.ufsm.br/cursos/pos-graduacao/santa-maria/ppgecam" target="_blank" rel="noopener"><span style="color: #0000ff"> PPGECAM – Programa de Pós-Graduação em Engenharia Civil e Ambiental</span></a>.</p>
<p><a href="https://www.ufsm.br/cursos/pos-graduacao/santa-maria/ppgecam/areas-de-concentracao-e-linhas-de-pesquisa" target="_blank" rel="noopener"><span style="color: #0000ff">Aqui para acessar – Áreas de Concentração e Linhas de Pesquisa – PPGECAM</span></a></p>
<p> O Curso inicia suas atividades com uma única área de concentração e quatro linhas de pesquisa. A área de concentração em <strong>Recursos Hídricos e Tecnologias Ambientais</strong> têm por objetivo geral a formação de pessoal em nível de pós-graduação para atuar no desenvolvimento regional e nacional em sustentação do processo de gestão dos recursos naturais.</p>
<p>     As ações desenvolvidas estarão voltadas na garantia, conservação e preservação da biodiversidade, a reciclagem das matérias-primas e a redução do impacto ambiental das atividades humanas sobre os recursos naturais, a recuperação de áreas degradadas, métodos para a exploração sustentável de recursos naturais, e o estudo de riscos e impactos ambientais para a avaliação de novos empreendimentos ou ampliação de atividades produtivas.</p>
<p>        Devido aos grandes problemas que envolvem o saneamento básico e os recursos hídricos será dado ênfase ao fortalecimento da gestão dos recursos hídricos, de acordo com o que preconiza a lei das águas do Brasil (Lei 9433/199), no campo dos recursos hídricos; e no campo das tecnologias ambientais a area focal será da proposição de alternativas visando a melhoria da situação do Saneamento Básico em atendimento a Lei n<sup>o</sup>11.445/2007, bem como a gestão integrada e o gerenciamento de resíduos sólidos estabelecidos pela Lei n<sup>o</sup>. 12.305/2010 que institui a Política de Resíduos Sólidos &#8211; . É voltada à pesquisa e desenvolvimento (P&amp;D&amp;Inovação)  de instrumentos de gestão e de tecnologias para o melhor aproveitamento e gestão dos recursos hídricos e a conservação dos ecossistemas aquáticos. </p>
<p>O programa desenvolverá  suas atividades através das seguintes linhas de pesquisa: </p>
<h5>Planejamento e Gestão Ambiental</h5>
<p>Objetivo:  Proposição e aplicação de metodologias que permitam o gerenciamento e gestão dos recursos hídricos e a conservação de ecossistemas aquáticos;</p>
<h5>Modelagem Hidroambiental</h5>
<p>Objetivo:  Integração da modelagem hidrológica, ecológica e atmosférica para a avaliação dos efeitos de cenários, estruturas, políticas e mudanças climáticas. Em resumo, tem como foco a proposição, avaliação e aplicação de modelos ecológicos, hidráulicos, hidrológicos, sedimentológicos, atmosféricos e de qualidade da água com a finalidade de subsidiar estudos e projetos hidroambientais.</p>
<h5>Hidrossedimentologia </h5>
<p>Objetivos: Coleta de informações que permitam a diminuição das incertezas das previsões hidrológicas e sedimentológicas  na escala de  bacias hidrográficas;</p>
<p>Desenvolvimento, avaliação e calibração modelos e métodos de cálculo do transporte de sedimentos em rios e assoreamento de reservatórios.</p>
<h5>Saneamento Ambiental</h5>
<p>Objetivo: Desenvolvimento de técnicas de tratamento de águas de abastecimento e industriais e aproveitamento de águas (reúso/reciclo). Modelagem e otimização de sistemas de abastecimento de água. Avaliação e modelagem da qualidade da água dos recursos hídricos e de fontes de poluição difusa. Tratamento de efluentes urbanos e industriais por processos convencionais e avançados. Gerenciamento, tratamento e valorização de resíduos sólidos urbanos, industriais e de serviços de saúde. Estudos de avaliação de riscos e impactos ambientais. Avaliação e remediação de áreas degradadas e contaminadas.</p>



<p class="wp-block-paragraph"></p>

<p>O Programa de Pós-Graduação em Engenharia Civil –  PPGEC e o Programa de Pós-Graduação em Engenharia Ambiental –  PPGEAmb estão fusionados e tornaram-se o  PPGECAM – Programa de Pós-Graduação em Engenharia Civil e Ambiental. Aqui para acessar – Áreas de Concentração e Linhas de Pesquisa – PPGECAM  O Curso inicia suas atividades com uma única área de concentração e quatro linhas [&hellip;]</p>
