{"id":1027,"date":"2020-05-28T22:25:15","date_gmt":"2020-05-29T01:25:15","guid":{"rendered":"https:\/\/www.ufsm.br\/cursos\/pos-graduacao\/santa-maria\/ppgec\/?page_id=1027"},"modified":"2024-09-09T11:15:01","modified_gmt":"2024-09-09T14:15:01","slug":"solicitacao-de-recurso-para-a-participacao-de-membro-externo-em-bancas-de-defesas","status":"publish","type":"page","link":"https:\/\/www.ufsm.br\/cursos\/pos-graduacao\/santa-maria\/ppgec\/solicitacao-de-recurso-para-a-participacao-de-membro-externo-em-bancas-de-defesas","title":{"rendered":"RECURSO PARA A PARTICIPA\u00c7\u00c3O EM BANCAS DE DEFESAS"},"content":{"rendered":"\t\t<div data-elementor-type=\"wp-page\" data-elementor-id=\"1027\" class=\"elementor elementor-1027\">\n\t\t\t\t\t\t<section class=\"elementor-section elementor-top-section elementor-element elementor-element-5a51cee1 elementor-section-boxed elementor-section-height-default elementor-section-height-default\" data-id=\"5a51cee1\" data-element_type=\"section\">\n\t\t\t\t\t\t<div class=\"elementor-container elementor-column-gap-default\">\n\t\t\t\t\t<div class=\"elementor-column elementor-col-100 elementor-top-column elementor-element elementor-element-f67bd74\" data-id=\"f67bd74\" data-element_type=\"column\">\n\t\t\t<div class=\"elementor-widget-wrap elementor-element-populated\">\n\t\t\t\t\t\t<div class=\"elementor-element elementor-element-2e289611 elementor-widget elementor-widget-text-editor\" data-id=\"2e289611\" data-element_type=\"widget\" data-widget_type=\"text-editor.default\">\n\t\t\t\t<div class=\"elementor-widget-container\">\n\t\t\t\t\t\t\t<p><!-- wp:tadv\/classic-paragraph --><\/p>\n<p>Nas defesas de disserta\u00e7\u00e3o de mestrado, tese e qualifica\u00e7\u00e3o de doutorado, em que ocorrer\u00e1 a participa\u00e7\u00e3o de avaliadores externos \u00e0 UFSM de forma presencial, poder\u00e1 ser disponibilizado recurso para a sua vinda.<br \/><strong>OBS:<\/strong> N\u00e3o ser\u00e1 disponibilizado recurso financeiro para a vinda de avaliador externo para a qualifica\u00e7\u00e3o de mestrado.<\/p>\n<p>Os recursos, conforme a disponibilidade, podem compreender:<br \/><span style=\"color: #000000;font-size: 1rem;font-weight: var( --e-global-typography-text-font-weight );text-align: var(--bs-body-text-align)\">&#8211; <strong><em><span style=\"color: #0000ff\"><a style=\"color: #0000ff\" href=\"https:\/\/www.ufsm.br\/cursos\/pos-graduacao\/santa-maria\/ppgec\/diarias-e-passagens\/\" target=\"_blank\" rel=\"noopener\">passagens a\u00e9reas<\/a><\/span><\/em><\/strong> ou <a href=\"https:\/\/www.ufsm.br\/cursos\/pos-graduacao\/santa-maria\/ppgec\/servicos\/passagens-rodoviarias\" target=\"_blank\" rel=\"noopener\"><strong><span style=\"color: #0000ff\"><em>rodovi\u00e1rias<\/em><\/span><\/strong><\/a> e hotel (via conv\u00eanios firmados pela UFSM); ou\/e<br \/><\/span><span style=\"color: #000000;font-size: 1rem;font-weight: var( --e-global-typography-text-font-weight );text-align: var(--bs-body-text-align)\">&#8211;<strong><em><span style=\"color: #0000ff\"> <a style=\"color: #0000ff\" href=\"https:\/\/www.ufsm.br\/cursos\/pos-graduacao\/santa-maria\/ppgec\/diarias-e-passagens\/\" target=\"_blank\" rel=\"noopener\">di\u00e1rias<\/a> <\/span><\/em><\/strong>via SCDP (Sistemas de Concess\u00e3o de Di\u00e1rias e Passagens).<\/span><span style=\"color: #000000;font-size: 1rem;font-weight: var( --e-global-typography-text-font-weight );text-align: var(--bs-body-text-align)\"><br \/><\/span><\/p>\n<p><strong>N\u00e3o h\u00e1\u00a0 a possibilidade de restitui\u00e7\u00e3o de valor de atividades j\u00e1 ocorridas.<\/strong><\/p>\n<p>Lembramos que a UFSM prioriza a participa\u00e7\u00e3o do examinador \u00e0 dist\u00e2ncia, por webconfer\u00eancia ou parecer. A participa\u00e7\u00e3o dos avaliadores poder\u00e1 ser toda online, por\u00e9m, por parecer, somente um.<\/p>\n<p><strong><span style=\"font-size: 14pt;color: #ff0000\">\u21d2<\/span><span style=\"text-decoration: underline\">Procedimentos para a solicita\u00e7\u00e3o de recurso e a presta\u00e7\u00e3o de contas<\/span><\/strong><\/p>\n<p>O(A) orientador(a) ou a pedido deste, o(a) aluno(a), dever\u00e1 solicitar pelo e-mail do programa com as informa\u00e7\u00f5es abaixo:<br \/>I &#8211; Portaria da designa\u00e7\u00e3o como banca examinadora da defesa.<br \/>II \u2013 Formul\u00e1rio de\u00a0<a href=\"https:\/\/www.ufsm.br\/app\/uploads\/sites\/550\/2023\/07\/Solicitacao-de-Diarias-e-Passagens_Formulario_Sub3-PPG-CT-1.docx\" target=\"_blank\" rel=\"noopener\"><strong>Solicita\u00e7\u00e3o de Di\u00e1rias e Passagens<\/strong><\/a>\u00a0(preenchido e assinado pelo(a) coordenador(a) do PPG)<br \/><span style=\"color: #000000;font-size: 1rem;font-weight: var( --e-global-typography-text-font-weight );text-align: var(--bs-body-text-align)\">III &#8211; Informar se <\/span><span style=\"color: #000000;font-size: 16px;font-weight: var( --e-global-typography-text-font-weight );text-align: var(--bs-body-text-align)\">haver\u00e1 pernoite em hotel.<\/span><\/p>\n<p><strong><span style=\"color: #000000;font-size: 16px\">\u21d2 A secretaria do Programa:<\/span><\/strong><br \/>&#8211; Efetuar\u00e1 o lan\u00e7amento do recurso que seguir\u00e1 as devidas tramita\u00e7\u00f5es at\u00e9 o se\u00e7\u00e3o de pagamentos no DCF &#8211; Departamento de Contabilidade e Finan\u00e7as na UFSM, caso necess\u00e1rio, far\u00e1 contato para mais informa\u00e7\u00f5es.<br \/><span style=\"color: #000000;font-size: 16px\">&#8211; Enviar\u00e1 e-mail ao(\u00e0) convidado(a) com as informa\u00e7\u00f5es e valores custeados, assim, como dever\u00e1 proceder para a presta\u00e7\u00e3o de contas.<\/span><\/p>\n<p>\u00a0<span style=\"color: black;font-size: 1rem\"><strong>\u21d2 A Presta\u00e7\u00e3o de Contas:<br \/><\/strong><\/span>A presta\u00e7\u00e3o de contas da viagem dever\u00e1 ocorrer em at\u00e9 (5) cinco dias nas viagens nacionais e at\u00e9 (30) dias nas viagens internacionais, contados da conclus\u00e3o da miss\u00e3o, em que o requerente (proposto) dever\u00e1 enviar para o e-mail do curso os seguintes documentos:<br \/>&#8211; Relat\u00f3rio de viagem assinado, (dever\u00e1 ser assinado pelo(a) coordenador(a) do PPG);<br \/>&#8211; Notas fiscais de alimenta\u00e7\u00e3o ou hospedagem (no local e per\u00edodo informado), pelo menos uma ao dia;<br \/>&#8211; Ata da defesa assinada pela banca examinadora;<br \/>&#8211; Cart\u00e3o de embarque (apenas quando houver pagamento de passagens a\u00e9reas pela UFSM);<br \/>&#8211; Havendo a necessidade, outros documentos poder\u00e3o ser solicitados para comprovar a atividade.\u00a0<\/p>\n<p><span style=\"text-decoration: underline\">Situa\u00e7\u00f5es diferentes das relatadas poder\u00e3o ser esclarecidas com a secretaria administrativa do programa.\u00a0<\/span><\/p>\n<div><strong style=\"font-size: 1rem;text-align: var(--bs-body-text-align)\"><span style=\"color: #339966\">Aqui links para:<\/span><\/strong><\/div>\n<div><a href=\"https:\/\/www.ufsm.br\/pro-reitorias\/prpgp\/valores-de-indenizacoes-de-diarias\" target=\"_blank\" rel=\"noopener\"><span style=\"color: #0000ff\"><span style=\"color: #0000ff\">Valor de Indeniza\u00e7\u00f5es de Di\u00e1rias no Pa\u00eds e Exterior<\/span><\/span><\/a><\/div>\n<div><span style=\"color: #0000ff;font-family: georgia, palatino, serif\"><a href=\"https:\/\/www.ufsm.br\/app\/uploads\/sites\/345\/2021\/04\/Formulario_-_Relatorio_de_viagem-1.doc\" target=\"_blank\" rel=\"noopener\"><span style=\"color: #0000ff\">FORMUL\u00c1RIO PARA RELAT\u00d3RIO DE VIAGEM<\/span><\/a><br \/><a style=\"color: #0000ff\" href=\"https:\/\/www.ufsm.br\/app\/uploads\/sites\/345\/2023\/02\/formulario-prprp-diaria-intern-PEN-oficial-2023.doc\" target=\"_blank\" rel=\"noopener\"><span style=\"color: #0000ff\">Formul\u00e1rio de di\u00e1rias internacionais para alunos<\/span><\/a><a style=\"color: #0000ff\" href=\"https:\/\/www.ufsm.br\/app\/uploads\/sites\/345\/2023\/02\/formulario-prprp-diaria-intern-PEN-oficial-2023.doc\" target=\"_blank\" rel=\"noopener\"> (doc)<\/a><\/span><\/div>\n<div><span style=\"color: #0000ff\"><a style=\"color: #0000ff\" href=\"https:\/\/www.ufsm.br\/app\/uploads\/sites\/345\/2024\/09\/MODELO-PREENCHIDO-RELATORIO-CIRCUNSTANCIADO-DE-VIAGEM.pdf\" target=\"_blank\" rel=\"noopener\"><span class=\"elementor-icon-list-text\"><span style=\"color: #0000ff\">MODELO DE RELAT\u00d3RIO DE VIAGEM &#8211; PREENCHIDO<\/span><\/span><\/a><\/span><\/div>\n<div>\n<p><span style=\"color: #0000ff\"><a style=\"color: #0000ff\" href=\"https:\/\/www.ufsm.br\/app\/uploads\/sites\/345\/2024\/09\/MODELO-PREENCHIDO-RELATORIO-CIRCUNSTANCIADO-DE-VIAGEM-DE-CAMPO.pdf\" target=\"_blank\" rel=\"noopener\"><span style=\"color: #0000ff\">MODELO DE RELAT\u00d3RIO DE VIAGEM DE CAMPO &#8211; PREENCHIDO<\/span><\/a><\/span><\/p>\n<\/div>\n<p><strong>A EMISS\u00c3O DE PASSAGENS A\u00c9REAS ocorre somente via Sistema de Concess\u00e3o de Di\u00e1rias e Passagens &#8211; SCDP.<br \/><\/strong><span style=\"color: #ff0000\"><strong>A n\u00e3o presta\u00e7\u00e3o de contas pelo requisitante ir\u00e1 impossibilitar novas solicita\u00e7\u00f5es.<\/strong><\/span><\/p>\n<p><!-- \/wp:tadv\/classic-paragraph --><\/p>\t\t\t\t\t\t<\/div>\n\t\t\t\t<\/div>\n\t\t\t\t\t<\/div>\n\t\t<\/div>\n\t\t\t\t\t<\/div>\n\t\t<\/section>\n\t\t\t\t<\/div>\n\t\t","protected":false},"excerpt":{"rendered":"<p>Nas defesas de disserta\u00e7\u00e3o de mestrado, tese e qualifica\u00e7\u00e3o de doutorado, em que ocorrer\u00e1 a participa\u00e7\u00e3o de avaliadores externos \u00e0 UFSM de forma presencial, poder\u00e1 ser disponibilizado recurso para a sua vinda.OBS: N\u00e3o ser\u00e1 disponibilizado recurso financeiro para a vinda de avaliador externo para a qualifica\u00e7\u00e3o de mestrado. Os recursos, conforme a disponibilidade, podem compreender:&#8211; [&hellip;]<\/p>\n","protected":false},"author":883,"featured_media":0,"parent":0,"menu_order":0,"comment_status":"closed","ping_status":"closed","template":"","meta":{"footnotes":""},"categories":[],"tags":[],"class_list":["post-1027","page","type-page","status-publish","hentry"],"acf":[],"_links":{"self":[{"href":"https:\/\/www.ufsm.br\/cursos\/pos-graduacao\/santa-maria\/ppgec\/wp-json\/wp\/v2\/pages\/1027","targetHints":{"allow":["GET"]}}],"collection":[{"href":"https:\/\/www.ufsm.br\/cursos\/pos-graduacao\/santa-maria\/ppgec\/wp-json\/wp\/v2\/pages"}],"about":[{"href":"https:\/\/www.ufsm.br\/cursos\/pos-graduacao\/santa-maria\/ppgec\/wp-json\/wp\/v2\/types\/page"}],"author":[{"embeddable":true,"href":"https:\/\/www.ufsm.br\/cursos\/pos-graduacao\/santa-maria\/ppgec\/wp-json\/wp\/v2\/users\/883"}],"replies":[{"embeddable":true,"href":"https:\/\/www.ufsm.br\/cursos\/pos-graduacao\/santa-maria\/ppgec\/wp-json\/wp\/v2\/comments?post=1027"}],"version-history":[{"count":0,"href":"https:\/\/www.ufsm.br\/cursos\/pos-graduacao\/santa-maria\/ppgec\/wp-json\/wp\/v2\/pages\/1027\/revisions"}],"wp:attachment":[{"href":"https:\/\/www.ufsm.br\/cursos\/pos-graduacao\/santa-maria\/ppgec\/wp-json\/wp\/v2\/media?parent=1027"}],"wp:term":[{"taxonomy":"category","embeddable":true,"href":"https:\/\/www.ufsm.br\/cursos\/pos-graduacao\/santa-maria\/ppgec\/wp-json\/wp\/v2\/categories?post=1027"},{"taxonomy":"post_tag","embeddable":true,"href":"https:\/\/www.ufsm.br\/cursos\/pos-graduacao\/santa-maria\/ppgec\/wp-json\/wp\/v2\/tags?post=1027"}],"curies":[{"name":"wp","href":"https:\/\/api.w.org\/{rel}","templated":true}]}}