{"id":1033,"date":"2020-05-31T18:01:42","date_gmt":"2020-05-31T21:01:42","guid":{"rendered":"https:\/\/www.ufsm.br\/cursos\/pos-graduacao\/santa-maria\/ppgec\/?page_id=1033"},"modified":"2024-09-18T11:49:39","modified_gmt":"2024-09-18T14:49:39","slug":"taxa-de-publicacao-de-artigos","status":"publish","type":"page","link":"https:\/\/www.ufsm.br\/cursos\/pos-graduacao\/santa-maria\/ppgec\/taxa-de-publicacao-de-artigos","title":{"rendered":"Taxa de Publica\u00e7\u00e3o (peri\u00f3dicos, livros e cap\u00edtulos de livros)"},"content":{"rendered":"<p>O aux\u00edlio financeiro para taxa de publica\u00e7\u00e3o busca estimular a participa\u00e7\u00e3o dos <strong>docentes e discentes<\/strong> em peri\u00f3dicos acad\u00eamicos\/cient\u00edficos com o custeio do valor da publica\u00e7\u00e3o.\u00a0Poder\u00e1 ser disponibilizado recurso para a publica\u00e7\u00e3o de artigos cient\u00edficos em peri\u00f3dicos com classifica\u00e7\u00e3o Qualis\/CAPES e cap\u00edtulos de livros.<\/p>\n<p>Para isso o solicitante dever\u00e1, mediante a aprova\u00e7\u00e3o do seu\/sua orientador(a)(se aluno(a)), solicitar a ajuda de custo para pagamento da taxa de publica\u00e7\u00e3o. <strong>N\u00e3o h\u00e1\u00a0 a possibilidade de restitui\u00e7\u00e3o de valor de taxas j\u00e1 pagas.<\/strong><\/p>\n<p style=\"font-size: 16px;color: #000000\">=&gt; Ap\u00f3s aprovada a libera\u00e7\u00e3o de recursos para o pagamento da taxa da publica\u00e7\u00e3o, <span style=\"color: #993366\"><strong>SOLICITA\u00c7\u00c3O<\/strong><\/span> dever\u00e1 ocorrer com o envio ao e-mail do programa a seguinte documenta\u00e7\u00e3o em PDF leg\u00edvel:<br \/>\n\u2013<strong>\u00a0<a href=\"https:\/\/www.ufsm.br\/app\/uploads\/sites\/550\/2024\/09\/Requerimento-de-Pagamento-de-Taxa-de-Publicacao.doc\" target=\"_blank\" rel=\"noopener\"><span style=\"color: #0000ff\">Requerimento de Pagamento de Taxa de Publica\u00e7\u00e3o <\/span><\/a><\/strong>(preenchida e assinada);<br \/>\n\u2013 Quando aluno(a):\u00a0<a href=\"https:\/\/www.ufsm.br\/app\/uploads\/sites\/550\/2024\/09\/Autorizacao-Desconto-em-Folha-PROAP.doc\" target=\"_blank\" rel=\"noopener\"><strong>Autoriza\u00e7\u00e3o de Desconto em Folha \u2013 PROAP\/CAPES\u00a0<\/strong><\/a>ou\u00a0<a href=\"https:\/\/www.ufsm.br\/app\/uploads\/sites\/550\/2024\/09\/Autorizacao-Desconto-em-Folha-Edital-50.doc\" target=\"_blank\" rel=\"noopener\"><strong>Autoriza\u00e7\u00e3o de Desconto em Folha \u2013 Edital 50<\/strong><\/a><br \/>\n\u2013 Proposta no valor da taxa de publica\u00e7\u00e3o;<br \/>\n\u2013 Texto do artigo ou cap\u00edtulo de livro;<br \/>\n\u2013 Link com a p\u00e1gina do peri\u00f3dico\/livro\/editora na internet;<br \/>\n\u2013 Para peri\u00f3dicos comprovar o Qualis\/CAPES;<br \/>\n\u2013 Convers\u00e3o feita no <strong><span style=\"color: #0000ff\"><a style=\"color: #0000ff\" href=\"https:\/\/www.bcb.gov.br\/conversao\" target=\"_blank\" rel=\"noopener\">s\u00edtio do Banco Central<\/a>,<\/span><\/strong> quando for peri\u00f3dico internacional.<\/p>\n<p>Alguma documenta\u00e7\u00e3o em desacordo ou incompleta, ser\u00e1 devolvida para corre\u00e7\u00e3o ou complementa\u00e7\u00e3o.<\/p>\n<p>A secretaria do programa dar\u00e1 o andamento ao lan\u00e7amento para o pagamento da taxa de publica\u00e7\u00e3o, ap\u00f3s comunicar\u00e1 ao solicitante o n\u00famero do <strong><a href=\"https:\/\/portal.ufsm.br\/documentos\/mainMenu.html\" target=\"_blank\" rel=\"noopener\">processo PEN\u00a0<\/a><\/strong>para acompanhamento e as instru\u00e7\u00f5es para a presta\u00e7\u00e3o de contas.<\/p>\n<p><span style=\"color: #000000;background-color: #ccffcc\"><em><strong>Aten\u00e7\u00e3o:<\/strong><\/em> <\/span>Poder\u00e1 ocorrer a demora no dep\u00f3sito em conta banc\u00e1ria, j\u00e1 que o recurso depende da libera\u00e7\u00e3o or\u00e7ament\u00e1ria, ent\u00e3o, nestes casos, o pagamento da taxa deve ocorrer com recurso pr\u00f3prio e aguardar o dep\u00f3sito pela UFSM.<\/p>\n<p style=\"font-size: 16px\">\u21d2 <span style=\"color: #993366\"><strong>A PRESTA\u00c7\u00c3O DE CONTAS <\/strong><\/span>dever\u00e1 ser efetuada pelo(a) requerente da taxa, anexando os seguintes documentos ao processo PEN que estar\u00e1 em sua <strong><span style=\"color: #0000ff\"><a style=\"color: #0000ff\" href=\"https:\/\/portal.ufsm.br\/documentos\/mainMenu.html\" target=\"_blank\" rel=\"noopener\">Caixa Postal da UFSM<\/a><\/span><\/strong>:<br \/>\n&#8211; <span style=\"color: initial\">Nota fiscal ou recibo emitido em nome da Universidade Federal de Santa Maria (CNPJ: 95.591.764\/0001-05) &#8211; N\u00c3O CONTRIBUINTE ICMS), informando no corpo do documento o nome do benefici\u00e1rio e a tipo de servi\u00e7o (a data deve ser posterior \u00e0 solicita\u00e7\u00e3o e ao empenho da taxa);<\/span><br \/>\n&#8211; C\u00f3pia da fatura do cart\u00e3o de cr\u00e9dito se for publica\u00e7\u00e3o internacional.<\/p>\n<p>Ap\u00f3s anexar os documentos, tramitar o processo PEN \u00e0 Se\u00e7\u00e3o de Contabilidade \u2013 SCONT (01.12.01.02.2.0), em at\u00e9 15 dias ap\u00f3s a realiza\u00e7\u00e3o do evento.<\/p>\n<p style=\"font-size: 16px;color: #000000\"><strong>Aten\u00e7\u00e3o: Comprovantes banc\u00e1rios, n\u00e3o s\u00e3o v\u00e1lidos para a presta\u00e7\u00e3o de contas.<\/strong><\/p>\n<p><strong><span style=\"color: #ff0000\">A n\u00e3o presta\u00e7\u00e3o de contas pelo requisitante ir\u00e1 impossibilitar novas solicita\u00e7\u00f5es.<\/span><\/strong><\/p>\n","protected":false},"excerpt":{"rendered":"<p>O aux\u00edlio financeiro para taxa de publica\u00e7\u00e3o busca estimular a participa\u00e7\u00e3o dos docentes e discentes em peri\u00f3dicos acad\u00eamicos\/cient\u00edficos com o custeio do valor da publica\u00e7\u00e3o.\u00a0Poder\u00e1 ser disponibilizado recurso para a publica\u00e7\u00e3o de artigos cient\u00edficos em peri\u00f3dicos com classifica\u00e7\u00e3o Qualis\/CAPES e cap\u00edtulos de livros. Para isso o solicitante dever\u00e1, mediante a aprova\u00e7\u00e3o do seu\/sua orientador(a)(se aluno(a)), [&hellip;]<\/p>\n","protected":false},"author":883,"featured_media":0,"parent":0,"menu_order":0,"comment_status":"closed","ping_status":"closed","template":"","meta":{"footnotes":""},"categories":[],"tags":[],"class_list":["post-1033","page","type-page","status-publish","hentry"],"acf":[],"_links":{"self":[{"href":"https:\/\/www.ufsm.br\/cursos\/pos-graduacao\/santa-maria\/ppgec\/wp-json\/wp\/v2\/pages\/1033","targetHints":{"allow":["GET"]}}],"collection":[{"href":"https:\/\/www.ufsm.br\/cursos\/pos-graduacao\/santa-maria\/ppgec\/wp-json\/wp\/v2\/pages"}],"about":[{"href":"https:\/\/www.ufsm.br\/cursos\/pos-graduacao\/santa-maria\/ppgec\/wp-json\/wp\/v2\/types\/page"}],"author":[{"embeddable":true,"href":"https:\/\/www.ufsm.br\/cursos\/pos-graduacao\/santa-maria\/ppgec\/wp-json\/wp\/v2\/users\/883"}],"replies":[{"embeddable":true,"href":"https:\/\/www.ufsm.br\/cursos\/pos-graduacao\/santa-maria\/ppgec\/wp-json\/wp\/v2\/comments?post=1033"}],"version-history":[{"count":0,"href":"https:\/\/www.ufsm.br\/cursos\/pos-graduacao\/santa-maria\/ppgec\/wp-json\/wp\/v2\/pages\/1033\/revisions"}],"wp:attachment":[{"href":"https:\/\/www.ufsm.br\/cursos\/pos-graduacao\/santa-maria\/ppgec\/wp-json\/wp\/v2\/media?parent=1033"}],"wp:term":[{"taxonomy":"category","embeddable":true,"href":"https:\/\/www.ufsm.br\/cursos\/pos-graduacao\/santa-maria\/ppgec\/wp-json\/wp\/v2\/categories?post=1033"},{"taxonomy":"post_tag","embeddable":true,"href":"https:\/\/www.ufsm.br\/cursos\/pos-graduacao\/santa-maria\/ppgec\/wp-json\/wp\/v2\/tags?post=1033"}],"curies":[{"name":"wp","href":"https:\/\/api.w.org\/{rel}","templated":true}]}}