{"id":1459,"date":"2021-08-17T22:04:54","date_gmt":"2021-08-18T01:04:54","guid":{"rendered":"https:\/\/www.ufsm.br\/cursos\/pos-graduacao\/santa-maria\/ppgec\/?page_id=1459"},"modified":"2025-08-19T11:15:16","modified_gmt":"2025-08-19T14:15:16","slug":"autoavaliacao-e-planejamento-estrategico","status":"publish","type":"page","link":"https:\/\/www.ufsm.br\/cursos\/pos-graduacao\/santa-maria\/ppgec\/autoavaliacao-e-planejamento-estrategico","title":{"rendered":"Autoavalia\u00e7\u00e3o e Planejamento Estrat\u00e9gico"},"content":{"rendered":"\n<p style=\"text-align: justify\">O Programa de P\u00f3s-Gradua\u00e7\u00e3o em Engenharia Civil (PPGEC), a partir do ano de 2019, vem intensificando e formalizando seu processo de autoavalia\u00e7\u00e3o e planejamento estrat\u00e9gico. A a\u00e7\u00e3o foi iniciativa do colegiado que, a partir de demanda da CAPES, da PRPGP (Pr\u00f3-Reitoria de P\u00f3s-Gradua\u00e7\u00e3o e Pesquisa) e PROPLAN (Pr\u00f3-Reitoria de Planejamento) da UFSM, procurou alinhar o planejamento e estrat\u00e9gias com diretrizes da CAPES na \u00e1rea de Engenharias I, bem com o PDI e metas institucionais.<\/p>\n<p style=\"text-align: justify\"><strong><a style=\"font-size: inherit\" href=\"https:\/\/www.ufsm.br\/app\/uploads\/sites\/504\/2019\/12\/RelatoProcessoDeElabora%C3%A7%C3%A3oDoPlanejamentoEAutoavalia%C3%A7%C3%A3oDaP%C3%B3s.pdf\" target=\"_blank\" rel=\"noopener\">Relato da Metodologia<\/a><\/strong><br \/><strong><a href=\"https:\/\/www.ufsm.br\/app\/uploads\/sites\/504\/2019\/12\/FichaEQuest%C3%B5esNorteadorasCAPES.pdf\" target=\"_blank\" rel=\"noopener\">Quest\u00f5es Norteadores para a Autoavalia\u00e7\u00e3o do PPGs<\/a><\/strong><br \/><a href=\"https:\/\/www.ufsm.br\/app\/uploads\/sites\/504\/2019\/12\/TodosDesafios.pdf\" target=\"_blank\" rel=\"noopener\"><strong>Desafios PDI (2016-2026)<\/strong><\/a><br \/><a href=\"https:\/\/www.ufsm.br\/reitoria\/avaliacao\" target=\"_blank\" rel=\"noopener\"><strong>Avalia\u00e7\u00e3o Institucional<\/strong><\/a><\/p>\n<p style=\"text-align: justify\">Como resultado do processo s\u00e3o gerados relat\u00f3rios p\u00fablicos anuais que s\u00e3o discutidos com a comunidade interna do Programa.<\/p>\n<p><a href=\"https:\/\/www.ufsm.br\/app\/uploads\/sites\/550\/2025\/04\/Relatorio-de-Autoavaliacao-e-Planejamento-Estrategico-2021-2024-PPGEC.pdf\" target=\"_blank\" rel=\"noopener\">Relat\u00f3rio de Autoavalia\u00e7\u00e3o e Planejamento Estrat\u00e9gico 2021-2024 &#8211; PPGEC<\/a><\/p>\n<p style=\"text-align: justify\"><strong><a href=\"https:\/\/www.ufsm.br\/app\/uploads\/sites\/550\/2021\/09\/PPGEC_Relatorio-de-Autoavaliacao-e-Planejamento-Estrategico-2020_v2.pdf\" target=\"_blank\" rel=\"noopener\">Relat\u00f3rio de Autoavalia\u00e7\u00e3o e Planejamento Estrat\u00e9gico 2020<\/a><\/strong>.<\/p>\n<p style=\"text-align: justify\">O processo \u00e9 cont\u00ednuo e implementado por um <strong>Grupo de Trabalho de Autoavalia\u00e7\u00e3o e Planejamento Estrat\u00e9gico<\/strong> que realiza diversas atividades de consulta e avalia\u00e7\u00e3o das atividades do Programa. O Grupo \u00e9 renovado a cada dois anos e \u00e9 composto pelo coordenador do Programa, representantes docentes, discentes e dos t\u00e9cnicos administrativos de todas as \u00e1reas do Programa, al\u00e9m de participantes externos de reconhecida lideran\u00e7a no ensino de p\u00f3s-gradua\u00e7\u00e3o (nacionais e internacionais). Os integrantes s\u00e3o respons\u00e1veis pelas discuss\u00f5es, e t\u00eam como miss\u00e3o levar os principais apontamentos e informa\u00e7\u00f5es para a constru\u00e7\u00e3o do relat\u00f3rio e elabora\u00e7\u00e3o das estrat\u00e9gias de implementa\u00e7\u00e3o das a\u00e7\u00f5es necess\u00e1rias.<\/p>\n<p style=\"text-align: justify\"><strong><u>Grupo de Trabalho de Autoavalia\u00e7\u00e3o e Planejamento Estrat\u00e9gico (gest\u00e3o 2021-2024):<\/u><\/strong><\/p>\n<ul style=\"text-align: justify\">\n<li>Prof. Daniel Gustavo Allasia Piccilli (presidente da comiss\u00e3o)<\/li>\n<li>Prof. Elvis Carissimi<\/li>\n<li>Prof. Erich David Rodr\u00edguez Mart\u00ednez<\/li>\n<li>Prof. Luciano Pivoto Specht<\/li>\n<li>Prof. Jos\u00e9 Goes Vasconcelos (externo \u00e0 UFSM)<\/li>\n<li>T\u00e9cnica-Adm. em Educa\u00e7\u00e3o Luciane Cristina Iop<\/li>\n<li>Doutoranda Gabriela Meller<\/li>\n<\/ul>\n<p style=\"text-align: justify\">A Autoavalia\u00e7\u00e3o est\u00e1 nos auxiliando na identifica\u00e7\u00e3o de uma forma mais clara nos pontos fortes e fracos do PPGEC, assim como as oportunidades e amea\u00e7as, nos conduzindo para \u00e0s solu\u00e7\u00f5es.<br \/>Na constru\u00e7\u00e3o do Planejamento Estrat\u00e9gico est\u00e3o sendo definidos os principais objetivos do nosso programa e os poss\u00edveis caminhos para atingi-los da maneira mais pr\u00e1tica e assertiva.<\/p>\n<p style=\"text-align: justify\">Estamos trabalhamos neste projeto em prol do amadurecimento do PPGEC e do melhor para nossos alunos, da UFSM e da nossa comunidade.<\/p>\n<p><strong><a href=\"https:\/\/ufsm.br\/r-550-2043\" target=\"_blank\" rel=\"noopener\">REUNI\u00c3O GERAL 21.10.2022<\/a><\/strong><\/p>\n<table style=\"border-collapse: collapse;width: 100%\">\n<tbody>\n<tr>\n<td style=\"width: 100%\">\n<p>Fruto da autoavalia\u00e7\u00e3o no ano de 2019 iniciou a discuss\u00e3o entre as coordena\u00e7\u00f5es que logo chegou aos Colegiados, para um processo de fus\u00e3o entre os programas PPGEC e PPGEAmb, Houve o estudo de cen\u00e1rios e o amadurecimento de ideias e todo o planejamento para isso, a proposta de fus\u00e3o foi enviada e aprovada na Capes em 2023. A <a href=\"https:\/\/www.in.gov.br\/web\/dou\/-\/portaria-n-883-de-30-de-agosto-de-2024-582079954\" target=\"_blank\" rel=\"noreferrer noopener\">Portaria 883, de 30 de agosto de 2024<\/a>\u00a0foi homologado pelo Minist\u00e9rio da Educa\u00e7\u00e3o (MEC) o Parecer CNE\/CES n\u00ba 421\/2024(C\u00e2mara de Educa\u00e7\u00e3o Superior do Conselho Nacional de Educa\u00e7\u00e3o), sendo autorizado o funcionamento do Programa j\u00e1 fusionado para o ano de 2025.\u00a0<\/p>\n<p><strong>Ent\u00e3o, em 2025, o Programa de P\u00f3s-Gradua\u00e7\u00e3o em Engenharia Civil \u2013\u00a0<a href=\"https:\/\/www.ufsm.br\/cursos\/pos-graduacao\/santa-maria\/ppgec\" target=\"_blank\" rel=\"noopener\">\u00a0PPGEC<\/a>\u00a0e o Programa de P\u00f3s-Gradua\u00e7\u00e3o em Engenharia Ambiental \u2013\u00a0<a href=\"https:\/\/www.ufsm.br\/cursos\/pos-graduacao\/santa-maria\/ppgeamb\" target=\"_blank\" rel=\"noopener\">\u00a0PPGEAmb<\/a>\u00a0est\u00e3o fusionados e tornaram-se o\u00a0<a href=\"https:\/\/www.ufsm.br\/cursos\/pos-graduacao\/santa-maria\/ppgecam\" target=\"_blank\" rel=\"noopener\">\u00a0PPGECAM \u2013 Programa de P\u00f3s-Gradua\u00e7\u00e3o em Engenharia Civil e Ambiental<\/a>.<\/strong><\/p>\n<\/td>\n<\/tr>\n<\/tbody>\n<\/table>\n","protected":false},"excerpt":{"rendered":"<p>O Programa de P\u00f3s-Gradua\u00e7\u00e3o em Engenharia Civil (PPGEC), a partir do ano de 2019, vem intensificando e formalizando seu processo de autoavalia\u00e7\u00e3o e planejamento estrat\u00e9gico. A a\u00e7\u00e3o foi iniciativa do colegiado que, a partir de demanda da CAPES, da PRPGP (Pr\u00f3-Reitoria de P\u00f3s-Gradua\u00e7\u00e3o e Pesquisa) e PROPLAN (Pr\u00f3-Reitoria de Planejamento) da UFSM, procurou alinhar o [&hellip;]<\/p>\n","protected":false},"author":883,"featured_media":0,"parent":0,"menu_order":0,"comment_status":"closed","ping_status":"closed","template":"","meta":{"footnotes":""},"categories":[],"tags":[],"class_list":["post-1459","page","type-page","status-publish","hentry"],"acf":[],"_links":{"self":[{"href":"https:\/\/www.ufsm.br\/cursos\/pos-graduacao\/santa-maria\/ppgec\/wp-json\/wp\/v2\/pages\/1459","targetHints":{"allow":["GET"]}}],"collection":[{"href":"https:\/\/www.ufsm.br\/cursos\/pos-graduacao\/santa-maria\/ppgec\/wp-json\/wp\/v2\/pages"}],"about":[{"href":"https:\/\/www.ufsm.br\/cursos\/pos-graduacao\/santa-maria\/ppgec\/wp-json\/wp\/v2\/types\/page"}],"author":[{"embeddable":true,"href":"https:\/\/www.ufsm.br\/cursos\/pos-graduacao\/santa-maria\/ppgec\/wp-json\/wp\/v2\/users\/883"}],"replies":[{"embeddable":true,"href":"https:\/\/www.ufsm.br\/cursos\/pos-graduacao\/santa-maria\/ppgec\/wp-json\/wp\/v2\/comments?post=1459"}],"version-history":[{"count":0,"href":"https:\/\/www.ufsm.br\/cursos\/pos-graduacao\/santa-maria\/ppgec\/wp-json\/wp\/v2\/pages\/1459\/revisions"}],"wp:attachment":[{"href":"https:\/\/www.ufsm.br\/cursos\/pos-graduacao\/santa-maria\/ppgec\/wp-json\/wp\/v2\/media?parent=1459"}],"wp:term":[{"taxonomy":"category","embeddable":true,"href":"https:\/\/www.ufsm.br\/cursos\/pos-graduacao\/santa-maria\/ppgec\/wp-json\/wp\/v2\/categories?post=1459"},{"taxonomy":"post_tag","embeddable":true,"href":"https:\/\/www.ufsm.br\/cursos\/pos-graduacao\/santa-maria\/ppgec\/wp-json\/wp\/v2\/tags?post=1459"}],"curies":[{"name":"wp","href":"https:\/\/api.w.org\/{rel}","templated":true}]}}