{"id":1524,"date":"2021-09-26T20:29:07","date_gmt":"2021-09-26T23:29:07","guid":{"rendered":"https:\/\/www.ufsm.br\/cursos\/pos-graduacao\/santa-maria\/ppgec\/?page_id=1524"},"modified":"2021-09-26T22:31:52","modified_gmt":"2021-09-27T01:31:52","slug":"matricula-extracurricular","status":"publish","type":"page","link":"https:\/\/www.ufsm.br\/cursos\/pos-graduacao\/santa-maria\/ppgec\/matricula-extracurricular","title":{"rendered":"Matr\u00edcula Extracurricular"},"content":{"rendered":"\n<p>O discente de p\u00f3s-gradua\u00e7\u00e3o poder\u00e1 cursar disciplinas ofertadas por outros cursos de p\u00f3s-gradua\u00e7\u00e3o da UFSM, sempre visando o bom desenvolvimento de sua Disserta\u00e7\u00e3o\/Tese.\u00a0<\/p>\n<p>A matr\u00edcula extracurricular acontece de acordo com as datas estipuladas no <strong><a href=\"https:\/\/www.ufsm.br\/calendario\" target=\"_blank\" rel=\"noopener\">Calend\u00e1rio Acad\u00eamico da UFSM<\/a>,<\/strong> e divulgada no site e redes sociais. S\u00e3o tr\u00eas per\u00edodos:<br \/>1\u00ba Solicita\u00e7\u00e3o do aluno ao curso ao qual est\u00e1 matriculado regularmente (alunos do PPGEC solicitam ao PPGEC);<br \/>2\u00ba Avalia\u00e7\u00e3o dos pedidos dos alunos e encaminhamento \u00e0s Coordena\u00e7\u00f5es competentes (PPGEC avalia e encaminha ao curso que oferta a solicita\u00e7\u00e3o da disciplina);<br \/>3\u00ba Avalia\u00e7\u00e3o dos pedidos das Coordena\u00e7\u00f5es competentes e lan\u00e7amento das matr\u00edculas extracurriculares deferidas (concretiza\u00e7\u00e3o da matr\u00edcula na disciplina solicitada).<\/p>\n<p>A matr\u00edcula extracurricular dever\u00e1 ser com o acordo do orientador do aluno.<\/p>\n<p>O aluno dever\u00e1 acompanhar a efetiva\u00e7\u00e3o da matr\u00edcula na disciplina solicitado pelo Portal do Aluno, at\u00e9 o \u00faltimo dia do per\u00edodo 3\u00ba.<\/p>\n<p>A matr\u00edcula em disciplinas de outros cursos somente ser\u00e1 poss\u00edvel se houver vagas na disciplina.<\/p>\n<p>As disciplinas extracurriculares constaram no Hist\u00f3rico do escolar do aluno, dispensando que seja solicitado o aproveitamento da disciplina.<\/p>\n<p><strong>Como proceder:<\/strong><\/p>\n<p>O aluno entrega na secretaria do PPGEC ou envia ao e-mail <a href=\"mailto:ppgec@ufsm.br\" target=\"_blank\" rel=\"noopener\">ppgec@ufsm.br<\/a>, o formul\u00e1rio <strong><a href=\"https:\/\/www.ufsm.br\/cursos\/pos-graduacao\/santa-maria\/ppgec\/wp-content\/uploads\/sites\/550\/2020\/07\/Solicita%C3%A7%C3%A3o-de-Matr%C3%ADcula-Extracurricular-_em-outros-cursos_.pdf\" target=\"_blank\" rel=\"noopener\">SOLICITA\u00c7\u00c3O DE MATR\u00cdCULA EXTRACURRICULAR<\/a><\/strong>, preenchido e assinado pelo aluno e seu orientador. Disciplinas em programas de p\u00f3s-gradua\u00e7\u00e3o diferentes devem ser solicitadas em formul\u00e1rios separados.\u00a0<\/p>\n<p><strong><a href=\"https:\/\/www.ufsm.br\/cursos\/pos-graduacao\/santa-maria\/ppgec\/wp-content\/uploads\/sites\/550\/2020\/07\/Solicita%C3%A7%C3%A3o-de-Matr%C3%ADcula-Extracurricular-_em-outros-cursos_.pdf\" target=\"_blank\" rel=\"noopener noreferrer\">Solicita\u00e7\u00e3o de Matr\u00edcula Extracurricular (em outros cursos)<\/a><\/strong><br \/><br \/><\/p>\n","protected":false},"excerpt":{"rendered":"<p>O discente de p\u00f3s-gradua\u00e7\u00e3o poder\u00e1 cursar disciplinas ofertadas por outros cursos de p\u00f3s-gradua\u00e7\u00e3o da UFSM, sempre visando o bom desenvolvimento de sua Disserta\u00e7\u00e3o\/Tese.\u00a0 A matr\u00edcula extracurricular acontece de acordo com as datas estipuladas no Calend\u00e1rio Acad\u00eamico da UFSM, e divulgada no site e redes sociais. S\u00e3o tr\u00eas per\u00edodos:1\u00ba Solicita\u00e7\u00e3o do aluno ao curso ao qual [&hellip;]<\/p>\n","protected":false},"author":883,"featured_media":0,"parent":0,"menu_order":0,"comment_status":"closed","ping_status":"closed","template":"","meta":{"footnotes":""},"categories":[],"tags":[],"class_list":["post-1524","page","type-page","status-publish","hentry"],"acf":[],"_links":{"self":[{"href":"https:\/\/www.ufsm.br\/cursos\/pos-graduacao\/santa-maria\/ppgec\/wp-json\/wp\/v2\/pages\/1524","targetHints":{"allow":["GET"]}}],"collection":[{"href":"https:\/\/www.ufsm.br\/cursos\/pos-graduacao\/santa-maria\/ppgec\/wp-json\/wp\/v2\/pages"}],"about":[{"href":"https:\/\/www.ufsm.br\/cursos\/pos-graduacao\/santa-maria\/ppgec\/wp-json\/wp\/v2\/types\/page"}],"author":[{"embeddable":true,"href":"https:\/\/www.ufsm.br\/cursos\/pos-graduacao\/santa-maria\/ppgec\/wp-json\/wp\/v2\/users\/883"}],"replies":[{"embeddable":true,"href":"https:\/\/www.ufsm.br\/cursos\/pos-graduacao\/santa-maria\/ppgec\/wp-json\/wp\/v2\/comments?post=1524"}],"version-history":[{"count":0,"href":"https:\/\/www.ufsm.br\/cursos\/pos-graduacao\/santa-maria\/ppgec\/wp-json\/wp\/v2\/pages\/1524\/revisions"}],"wp:attachment":[{"href":"https:\/\/www.ufsm.br\/cursos\/pos-graduacao\/santa-maria\/ppgec\/wp-json\/wp\/v2\/media?parent=1524"}],"wp:term":[{"taxonomy":"category","embeddable":true,"href":"https:\/\/www.ufsm.br\/cursos\/pos-graduacao\/santa-maria\/ppgec\/wp-json\/wp\/v2\/categories?post=1524"},{"taxonomy":"post_tag","embeddable":true,"href":"https:\/\/www.ufsm.br\/cursos\/pos-graduacao\/santa-maria\/ppgec\/wp-json\/wp\/v2\/tags?post=1524"}],"curies":[{"name":"wp","href":"https:\/\/api.w.org\/{rel}","templated":true}]}}