{"id":284,"date":"2019-03-27T15:09:34","date_gmt":"2019-03-27T18:09:34","guid":{"rendered":"https:\/\/www.ufsm.br\/cursos\/pos-graduacao\/santa-maria\/ppgec\/?page_id=284"},"modified":"2019-03-27T15:10:35","modified_gmt":"2019-03-27T18:10:35","slug":"grupo-de-pesquisa-em-modelagem-hidroambiental-e-ecotecnologias","status":"publish","type":"page","link":"https:\/\/www.ufsm.br\/cursos\/pos-graduacao\/santa-maria\/ppgec\/grupo-de-pesquisa-em-modelagem-hidroambiental-e-ecotecnologias","title":{"rendered":"Grupo de Pesquisa em Modelagem Hidroambiental e Ecotecnologias"},"content":{"rendered":"\n<p><strong>Linha de pesquisa \u2013 Monitoramento e modelagem dos recursos h\u00eddricos<\/strong><\/p>\n<p><strong>L\u00edderes do Grupo: Rutineia Tassi e Daniel Allasia Piccilli<\/strong><\/p>\n<p>&nbsp;<\/p>\n<p>Modelagem Hidroambiental e Ecotecnologias \u00e9 um grupo de pesquisa, desenvolvimento e divulga\u00e7\u00e3o de conhecimentos t\u00e9cnicos, processos, produtos, servi\u00e7os e equipamentos, bem como procedimentos organizacionais e de gest\u00e3o com uma \u00f3tica sustent\u00e1vel, integrando princ\u00edpios da Engenharia e Ecologia, e que podem ser utilizado para reduzir os danos causados ao ecossistema. O grupo multidisciplinar \u00e9 integrado por professores, pesquisadores, t\u00e9cnicos e alunos de diversas institui\u00e7\u00f5es de ensino e pesquisa.<\/p>\n","protected":false},"excerpt":{"rendered":"<p>Linha de pesquisa \u2013 Monitoramento e modelagem dos recursos h\u00eddricos L\u00edderes do Grupo: Rutineia Tassi e Daniel Allasia Piccilli &nbsp; Modelagem Hidroambiental e Ecotecnologias \u00e9 um grupo de pesquisa, desenvolvimento e divulga\u00e7\u00e3o de conhecimentos t\u00e9cnicos, processos, produtos, servi\u00e7os e equipamentos, bem como procedimentos organizacionais e de gest\u00e3o com uma \u00f3tica sustent\u00e1vel, integrando princ\u00edpios da Engenharia [&hellip;]<\/p>\n","protected":false},"author":723,"featured_media":0,"parent":0,"menu_order":0,"comment_status":"closed","ping_status":"closed","template":"","meta":{"footnotes":""},"categories":[],"tags":[],"class_list":["post-284","page","type-page","status-publish","hentry"],"acf":[],"_links":{"self":[{"href":"https:\/\/www.ufsm.br\/cursos\/pos-graduacao\/santa-maria\/ppgec\/wp-json\/wp\/v2\/pages\/284","targetHints":{"allow":["GET"]}}],"collection":[{"href":"https:\/\/www.ufsm.br\/cursos\/pos-graduacao\/santa-maria\/ppgec\/wp-json\/wp\/v2\/pages"}],"about":[{"href":"https:\/\/www.ufsm.br\/cursos\/pos-graduacao\/santa-maria\/ppgec\/wp-json\/wp\/v2\/types\/page"}],"author":[{"embeddable":true,"href":"https:\/\/www.ufsm.br\/cursos\/pos-graduacao\/santa-maria\/ppgec\/wp-json\/wp\/v2\/users\/723"}],"replies":[{"embeddable":true,"href":"https:\/\/www.ufsm.br\/cursos\/pos-graduacao\/santa-maria\/ppgec\/wp-json\/wp\/v2\/comments?post=284"}],"version-history":[{"count":0,"href":"https:\/\/www.ufsm.br\/cursos\/pos-graduacao\/santa-maria\/ppgec\/wp-json\/wp\/v2\/pages\/284\/revisions"}],"wp:attachment":[{"href":"https:\/\/www.ufsm.br\/cursos\/pos-graduacao\/santa-maria\/ppgec\/wp-json\/wp\/v2\/media?parent=284"}],"wp:term":[{"taxonomy":"category","embeddable":true,"href":"https:\/\/www.ufsm.br\/cursos\/pos-graduacao\/santa-maria\/ppgec\/wp-json\/wp\/v2\/categories?post=284"},{"taxonomy":"post_tag","embeddable":true,"href":"https:\/\/www.ufsm.br\/cursos\/pos-graduacao\/santa-maria\/ppgec\/wp-json\/wp\/v2\/tags?post=284"}],"curies":[{"name":"wp","href":"https:\/\/api.w.org\/{rel}","templated":true}]}}