{"id":287,"date":"2019-03-27T15:35:55","date_gmt":"2019-03-27T18:35:55","guid":{"rendered":"https:\/\/www.ufsm.br\/cursos\/pos-graduacao\/santa-maria\/ppgec\/?page_id=287"},"modified":"2019-03-27T15:41:47","modified_gmt":"2019-03-27T18:41:47","slug":"grupo-de-pesquisa-acustica","status":"publish","type":"page","link":"https:\/\/www.ufsm.br\/cursos\/pos-graduacao\/santa-maria\/ppgec\/grupo-de-pesquisa-acustica","title":{"rendered":"Grupo de Pesquisa Ac\u00fastica"},"content":{"rendered":"\n<p><strong>Linha de pesquisa \u2013 Conforto Ambiental\u00a0<\/strong><\/p>\n<p><strong>L\u00edder do Grupo: Dinara Xavier da Paix\u00e3o<\/strong><\/p>\n<p>\u00a0<\/p>\n<p>O grupo de pesquisa Ac\u00fastica \u00e9 integrado por pesquisadores das \u00e1reas: tecnol\u00f3gica, artes e ci\u00eancias da sa\u00fade, que trabalham pela constru\u00e7\u00e3o de um conhecimento interdisciplinar capaz de colaborar na melhoria da qualidade de vida das pessoas. Os integrantes do grupo prop\u00f5em a\u00e7\u00f5es que compreendem o desenvolvimento te\u00f3rico aliado a sua aplica\u00e7\u00e3o pr\u00e1tica. Assim, atividades de car\u00e1ter informativo, visando a diminui\u00e7\u00e3o da polui\u00e7\u00e3o sonora, a preven\u00e7\u00e3o aos riscos para a sa\u00fade das pessoas e a necessidade de exig\u00eancia de qualidade ac\u00fastica nos ambientes de trabalho, repouso e lazer, est\u00e3o aliadas \u00e0 determina\u00e7\u00e3o de materiais, t\u00e9cnicas construtivas, requisitos e crit\u00e9rios para o conforto ac\u00fastico, buscando-se edifica\u00e7\u00f5es eficientes em seu isolamento e absor\u00e7\u00e3o, capazes de garantir uma resposta ac\u00fastica adequada a sua utiliza\u00e7\u00e3o.<\/p>\n","protected":false},"excerpt":{"rendered":"<p>Linha de pesquisa \u2013 Conforto Ambiental\u00a0 L\u00edder do Grupo: Dinara Xavier da Paix\u00e3o \u00a0 O grupo de pesquisa Ac\u00fastica \u00e9 integrado por pesquisadores das \u00e1reas: tecnol\u00f3gica, artes e ci\u00eancias da sa\u00fade, que trabalham pela constru\u00e7\u00e3o de um conhecimento interdisciplinar capaz de colaborar na melhoria da qualidade de vida das pessoas. Os integrantes do grupo prop\u00f5em [&hellip;]<\/p>\n","protected":false},"author":723,"featured_media":0,"parent":0,"menu_order":0,"comment_status":"closed","ping_status":"closed","template":"","meta":{"footnotes":""},"categories":[],"tags":[],"class_list":["post-287","page","type-page","status-publish","hentry"],"acf":[],"_links":{"self":[{"href":"https:\/\/www.ufsm.br\/cursos\/pos-graduacao\/santa-maria\/ppgec\/wp-json\/wp\/v2\/pages\/287","targetHints":{"allow":["GET"]}}],"collection":[{"href":"https:\/\/www.ufsm.br\/cursos\/pos-graduacao\/santa-maria\/ppgec\/wp-json\/wp\/v2\/pages"}],"about":[{"href":"https:\/\/www.ufsm.br\/cursos\/pos-graduacao\/santa-maria\/ppgec\/wp-json\/wp\/v2\/types\/page"}],"author":[{"embeddable":true,"href":"https:\/\/www.ufsm.br\/cursos\/pos-graduacao\/santa-maria\/ppgec\/wp-json\/wp\/v2\/users\/723"}],"replies":[{"embeddable":true,"href":"https:\/\/www.ufsm.br\/cursos\/pos-graduacao\/santa-maria\/ppgec\/wp-json\/wp\/v2\/comments?post=287"}],"version-history":[{"count":0,"href":"https:\/\/www.ufsm.br\/cursos\/pos-graduacao\/santa-maria\/ppgec\/wp-json\/wp\/v2\/pages\/287\/revisions"}],"wp:attachment":[{"href":"https:\/\/www.ufsm.br\/cursos\/pos-graduacao\/santa-maria\/ppgec\/wp-json\/wp\/v2\/media?parent=287"}],"wp:term":[{"taxonomy":"category","embeddable":true,"href":"https:\/\/www.ufsm.br\/cursos\/pos-graduacao\/santa-maria\/ppgec\/wp-json\/wp\/v2\/categories?post=287"},{"taxonomy":"post_tag","embeddable":true,"href":"https:\/\/www.ufsm.br\/cursos\/pos-graduacao\/santa-maria\/ppgec\/wp-json\/wp\/v2\/tags?post=287"}],"curies":[{"name":"wp","href":"https:\/\/api.w.org\/{rel}","templated":true}]}}