{"id":290,"date":"2019-03-27T15:46:49","date_gmt":"2019-03-27T18:46:49","guid":{"rendered":"https:\/\/www.ufsm.br\/cursos\/pos-graduacao\/santa-maria\/ppgec\/?page_id=290"},"modified":"2019-03-27T15:51:03","modified_gmt":"2019-03-27T18:51:03","slug":"nest-nucleo-de-estudos-em-experimentacao-e-analise-numerica-de-estruturas","status":"publish","type":"page","link":"https:\/\/www.ufsm.br\/cursos\/pos-graduacao\/santa-maria\/ppgec\/nest-nucleo-de-estudos-em-experimentacao-e-analise-numerica-de-estruturas","title":{"rendered":"NEst &#8211; N\u00facleo de Estudos em Experimenta\u00e7\u00e3o e An\u00e1lise Num\u00e9rica de Estruturas"},"content":{"rendered":"\n<p><strong>Linha de pesquisa \u2013 Materiais de Constru\u00e7\u00e3o<\/strong><\/p>\n<p><strong>L\u00edderes do Grupo: Jos\u00e9 Mario Doleys Soares e Jo\u00e3o Kaminski Junior<\/strong><\/p>\n<p>\u00a0<\/p>\n<p>O grupo atua em \u00e1reas de ensino e pesquisa relacionadas \u00e0\u00a0an\u00e1lise num\u00e9rica e experimental de estruturas. Um dos objetivos principais do grupo \u00e9\u00a0promover a forma\u00e7\u00e3o e a capacita\u00e7\u00e3o de alunos de inicia\u00e7\u00e3o cient\u00edfica e de p\u00f3s-gradua\u00e7\u00e3o nas \u00e1reas atuantes do grupo, estimulando a realiza\u00e7\u00e3o de pesquisas que promovam o aumento da produ\u00e7\u00e3o cient\u00edfica, como a publica\u00e7\u00e3o de artigos em peri\u00f3dicos e em eventos nacionais e internacionais. As linhas de pesquisa do grupo s\u00e3o: An\u00e1lise experimental de materiais e estruturas; An\u00e1lise num\u00e9rica de estruturas; Confiabilidade estrutural; Intera\u00e7\u00e3o solo-estrutura e Ensino de engenharia de estruturas.<\/p>\n<p>\u00a0<\/p>\n","protected":false},"excerpt":{"rendered":"<p>Linha de pesquisa \u2013 Materiais de Constru\u00e7\u00e3o L\u00edderes do Grupo: Jos\u00e9 Mario Doleys Soares e Jo\u00e3o Kaminski Junior \u00a0 O grupo atua em \u00e1reas de ensino e pesquisa relacionadas \u00e0\u00a0an\u00e1lise num\u00e9rica e experimental de estruturas. Um dos objetivos principais do grupo \u00e9\u00a0promover a forma\u00e7\u00e3o e a capacita\u00e7\u00e3o de alunos de inicia\u00e7\u00e3o cient\u00edfica e de p\u00f3s-gradua\u00e7\u00e3o [&hellip;]<\/p>\n","protected":false},"author":723,"featured_media":0,"parent":0,"menu_order":0,"comment_status":"closed","ping_status":"closed","template":"","meta":{"footnotes":""},"categories":[],"tags":[],"class_list":["post-290","page","type-page","status-publish","hentry"],"acf":[],"_links":{"self":[{"href":"https:\/\/www.ufsm.br\/cursos\/pos-graduacao\/santa-maria\/ppgec\/wp-json\/wp\/v2\/pages\/290","targetHints":{"allow":["GET"]}}],"collection":[{"href":"https:\/\/www.ufsm.br\/cursos\/pos-graduacao\/santa-maria\/ppgec\/wp-json\/wp\/v2\/pages"}],"about":[{"href":"https:\/\/www.ufsm.br\/cursos\/pos-graduacao\/santa-maria\/ppgec\/wp-json\/wp\/v2\/types\/page"}],"author":[{"embeddable":true,"href":"https:\/\/www.ufsm.br\/cursos\/pos-graduacao\/santa-maria\/ppgec\/wp-json\/wp\/v2\/users\/723"}],"replies":[{"embeddable":true,"href":"https:\/\/www.ufsm.br\/cursos\/pos-graduacao\/santa-maria\/ppgec\/wp-json\/wp\/v2\/comments?post=290"}],"version-history":[{"count":0,"href":"https:\/\/www.ufsm.br\/cursos\/pos-graduacao\/santa-maria\/ppgec\/wp-json\/wp\/v2\/pages\/290\/revisions"}],"wp:attachment":[{"href":"https:\/\/www.ufsm.br\/cursos\/pos-graduacao\/santa-maria\/ppgec\/wp-json\/wp\/v2\/media?parent=290"}],"wp:term":[{"taxonomy":"category","embeddable":true,"href":"https:\/\/www.ufsm.br\/cursos\/pos-graduacao\/santa-maria\/ppgec\/wp-json\/wp\/v2\/categories?post=290"},{"taxonomy":"post_tag","embeddable":true,"href":"https:\/\/www.ufsm.br\/cursos\/pos-graduacao\/santa-maria\/ppgec\/wp-json\/wp\/v2\/tags?post=290"}],"curies":[{"name":"wp","href":"https:\/\/api.w.org\/{rel}","templated":true}]}}