{"id":338,"date":"2019-03-29T10:54:01","date_gmt":"2019-03-29T13:54:01","guid":{"rendered":"https:\/\/www.ufsm.br\/cursos\/pos-graduacao\/santa-maria\/ppgec\/?page_id=338"},"modified":"2024-07-26T12:19:59","modified_gmt":"2024-07-26T15:19:59","slug":"avaliacao-quadrienal-capes-2017","status":"publish","type":"page","link":"https:\/\/www.ufsm.br\/cursos\/pos-graduacao\/santa-maria\/ppgec\/avaliacao-quadrienal-capes-2017","title":{"rendered":"Avalia\u00e7\u00e3o Quadrienal CAPES 2017"},"content":{"rendered":"\n<p>Conceito CAPES: 4<\/p>\n<p>Per\u00edodo: 2013 a 2016<\/p>\n<ul>\n<li style=\"list-style-type: none\">\n<ul>\n<li><a href=\"https:\/\/www.ufsm.br\/cursos\/pos-graduacao\/santa-maria\/ppgec\/wp-content\/uploads\/sites\/550\/2019\/03\/Ficha_de_Avalia\u00e7\u00e3o.pdf\" target=\"_blank\" rel=\"noopener\">Ficha de Avalia\u00e7\u00e3o PPGEC (detalhada<\/a><\/li>\n<li><a href=\"https:\/\/sucupira.capes.gov.br\/sucupira\/public\/consultas\/avaliacao\/viewPreenchimentoFicha.jsf?idFicha=3764&amp;popup=true\" target=\"_blank\" rel=\"noopener\">Hist\u00f3rico e Ficha de Avalia\u00e7\u00e3o CAPES 2017<\/a><\/li>\n<li><a href=\"https:\/\/www.ufsm.br\/cursos\/pos-graduacao\/santa-maria\/ppgec\/wp-content\/uploads\/sites\/550\/2019\/03\/Avalia\u00e7\u00e3o_Quadrienal_em_n\u00fameros.pdf\" target=\"_blank\" rel=\"noopener\">Avalia\u00e7\u00e3o Quadrienal em N\u00fameros<\/a><\/li>\n<li><a href=\"https:\/\/www.gov.br\/capes\/pt-br\/centrais-de-conteudo\/20122017-engenharias-i-quadrienal-pdf\" target=\"_blank\" rel=\"noopener\">Relat\u00f3rio Quadrienal Engenharias I<\/a><\/li>\n<\/ul>\n<\/li>\n<\/ul>\n","protected":false},"excerpt":{"rendered":"<p>Conceito CAPES: 4 Per\u00edodo: 2013 a 2016 Ficha de Avalia\u00e7\u00e3o PPGEC (detalhada Hist\u00f3rico e Ficha de Avalia\u00e7\u00e3o CAPES 2017 Avalia\u00e7\u00e3o Quadrienal em N\u00fameros Relat\u00f3rio Quadrienal Engenharias I<\/p>\n","protected":false},"author":723,"featured_media":0,"parent":0,"menu_order":0,"comment_status":"closed","ping_status":"closed","template":"","meta":{"footnotes":""},"categories":[],"tags":[],"class_list":["post-338","page","type-page","status-publish","hentry"],"acf":[],"_links":{"self":[{"href":"https:\/\/www.ufsm.br\/cursos\/pos-graduacao\/santa-maria\/ppgec\/wp-json\/wp\/v2\/pages\/338","targetHints":{"allow":["GET"]}}],"collection":[{"href":"https:\/\/www.ufsm.br\/cursos\/pos-graduacao\/santa-maria\/ppgec\/wp-json\/wp\/v2\/pages"}],"about":[{"href":"https:\/\/www.ufsm.br\/cursos\/pos-graduacao\/santa-maria\/ppgec\/wp-json\/wp\/v2\/types\/page"}],"author":[{"embeddable":true,"href":"https:\/\/www.ufsm.br\/cursos\/pos-graduacao\/santa-maria\/ppgec\/wp-json\/wp\/v2\/users\/723"}],"replies":[{"embeddable":true,"href":"https:\/\/www.ufsm.br\/cursos\/pos-graduacao\/santa-maria\/ppgec\/wp-json\/wp\/v2\/comments?post=338"}],"version-history":[{"count":0,"href":"https:\/\/www.ufsm.br\/cursos\/pos-graduacao\/santa-maria\/ppgec\/wp-json\/wp\/v2\/pages\/338\/revisions"}],"wp:attachment":[{"href":"https:\/\/www.ufsm.br\/cursos\/pos-graduacao\/santa-maria\/ppgec\/wp-json\/wp\/v2\/media?parent=338"}],"wp:term":[{"taxonomy":"category","embeddable":true,"href":"https:\/\/www.ufsm.br\/cursos\/pos-graduacao\/santa-maria\/ppgec\/wp-json\/wp\/v2\/categories?post=338"},{"taxonomy":"post_tag","embeddable":true,"href":"https:\/\/www.ufsm.br\/cursos\/pos-graduacao\/santa-maria\/ppgec\/wp-json\/wp\/v2\/tags?post=338"}],"curies":[{"name":"wp","href":"https:\/\/api.w.org\/{rel}","templated":true}]}}