{"id":986,"date":"2020-05-21T22:28:43","date_gmt":"2020-05-22T01:28:43","guid":{"rendered":"https:\/\/www.ufsm.br\/cursos\/pos-graduacao\/santa-maria\/ppgec\/?page_id=986"},"modified":"2022-04-14T15:42:25","modified_gmt":"2022-04-14T18:42:25","slug":"manual-de-dissertacoes-e-teses-da-ufsm-mdt-2015","status":"publish","type":"page","link":"https:\/\/www.ufsm.br\/cursos\/pos-graduacao\/santa-maria\/ppgec\/manual-de-dissertacoes-e-teses-da-ufsm-mdt-2015","title":{"rendered":"Manual de Disserta\u00e7\u00f5es e Teses &#8211; MDT 2021"},"content":{"rendered":"\n<p>O Manual de Disserta\u00e7\u00f5es e Teses da UFSM tem como objetivo orientar e definir a forma de apresenta\u00e7\u00e3o de trabalhos cient\u00edficos da Universidade Federal de Santa Maria (UFSM), abrangendo os elementos gr\u00e1ficos de organiza\u00e7\u00e3o e reda\u00e7\u00e3o de disserta\u00e7\u00f5es e teses. Esse documento engloba tamb\u00e9m a orienta\u00e7\u00e3o de outros trabalhos acad\u00eamicos, tais como: trabalhos de conclus\u00e3o de curso de gradua\u00e7\u00e3o, de p\u00f3s-gradua\u00e7\u00e3o e de inicia\u00e7\u00e3o cient\u00edfica. A Comiss\u00e3o respons\u00e1vel pela edi\u00e7\u00e3o do Manual de Disserta\u00e7\u00f5es e Teses da UFSM preocupou-se em oferecer ao leitor um guia pr\u00e1tico e objetivo quanto \u00e0 forma de tratar os conte\u00fados e regras metodol\u00f3gicas, pautado tanto pelas necessidades cotidianas e eventuais do ato de produzir conhecimento e de sua orienta\u00e7\u00e3o.<\/p>\n<p>\u00a0<\/p>\n<p><span style=\"color: #0000ff\"><strong><a style=\"color: #0000ff\" href=\"https:\/\/www.ufsm.br\/app\/uploads\/sites\/542\/2021\/12\/Manual-de-Dissertac%CC%A7o%CC%83es-e-Teses_MDT_2021.pdf\" target=\"_blank\" rel=\"noopener\">Manual de Disserta\u00e7\u00f5es e Teses &#8211; MDT 2021<\/a><\/strong><\/span><\/p>\n<p>\u00a0<\/p>\n","protected":false},"excerpt":{"rendered":"<p>O Manual de Disserta\u00e7\u00f5es e Teses da UFSM tem como objetivo orientar e definir a forma de apresenta\u00e7\u00e3o de trabalhos cient\u00edficos da Universidade Federal de Santa Maria (UFSM), abrangendo os elementos gr\u00e1ficos de organiza\u00e7\u00e3o e reda\u00e7\u00e3o de disserta\u00e7\u00f5es e teses. Esse documento engloba tamb\u00e9m a orienta\u00e7\u00e3o de outros trabalhos acad\u00eamicos, tais como: trabalhos de conclus\u00e3o [&hellip;]<\/p>\n","protected":false},"author":883,"featured_media":0,"parent":0,"menu_order":0,"comment_status":"closed","ping_status":"closed","template":"","meta":{"footnotes":""},"categories":[],"tags":[],"class_list":["post-986","page","type-page","status-publish","hentry"],"acf":[],"_links":{"self":[{"href":"https:\/\/www.ufsm.br\/cursos\/pos-graduacao\/santa-maria\/ppgec\/wp-json\/wp\/v2\/pages\/986","targetHints":{"allow":["GET"]}}],"collection":[{"href":"https:\/\/www.ufsm.br\/cursos\/pos-graduacao\/santa-maria\/ppgec\/wp-json\/wp\/v2\/pages"}],"about":[{"href":"https:\/\/www.ufsm.br\/cursos\/pos-graduacao\/santa-maria\/ppgec\/wp-json\/wp\/v2\/types\/page"}],"author":[{"embeddable":true,"href":"https:\/\/www.ufsm.br\/cursos\/pos-graduacao\/santa-maria\/ppgec\/wp-json\/wp\/v2\/users\/883"}],"replies":[{"embeddable":true,"href":"https:\/\/www.ufsm.br\/cursos\/pos-graduacao\/santa-maria\/ppgec\/wp-json\/wp\/v2\/comments?post=986"}],"version-history":[{"count":0,"href":"https:\/\/www.ufsm.br\/cursos\/pos-graduacao\/santa-maria\/ppgec\/wp-json\/wp\/v2\/pages\/986\/revisions"}],"wp:attachment":[{"href":"https:\/\/www.ufsm.br\/cursos\/pos-graduacao\/santa-maria\/ppgec\/wp-json\/wp\/v2\/media?parent=986"}],"wp:term":[{"taxonomy":"category","embeddable":true,"href":"https:\/\/www.ufsm.br\/cursos\/pos-graduacao\/santa-maria\/ppgec\/wp-json\/wp\/v2\/categories?post=986"},{"taxonomy":"post_tag","embeddable":true,"href":"https:\/\/www.ufsm.br\/cursos\/pos-graduacao\/santa-maria\/ppgec\/wp-json\/wp\/v2\/tags?post=986"}],"curies":[{"name":"wp","href":"https:\/\/api.w.org\/{rel}","templated":true}]}}