{"id":2335,"date":"2026-08-31T15:54:13","date_gmt":"2026-08-31T18:54:13","guid":{"rendered":"https:\/\/www.ufsm.br\/cursos\/pos-graduacao\/santa-maria\/ppged\/?post_type=eventos&#038;p=2335"},"modified":"2026-08-31T16:02:28","modified_gmt":"2026-08-31T19:02:28","slug":"xiii-seminario-de-jovens-pesquisadores-em-economia-e-desenvolvimento","status":"publish","type":"eventos","link":"https:\/\/www.ufsm.br\/cursos\/pos-graduacao\/santa-maria\/ppged\/eventos\/xiii-seminario-de-jovens-pesquisadores-em-economia-e-desenvolvimento","parent":0,"template":"","tags":[],"class_list":["post-2335","eventos","type-eventos","status-publish","has-post-thumbnail","hentry"],"acf":{"evento_nome":" XIII Semin\u00e1rio de Jovens Pesquisadores em Economia e Desenvolvimento","evento_inicio":"20\/10\/2026 08:00","evento_termino":"21\/10\/2026 19:00","evento_banner":{"ID":2336,"id":2336,"title":"Banner evento","filename":"Banner-evento.jpg","filesize":104226,"url":"https:\/\/www.ufsm.br\/app\/uploads\/sites\/533\/2026\/08\/Banner-evento.jpg","link":"https:\/\/www.ufsm.br\/cursos\/pos-graduacao\/santa-maria\/ppged\/eventos\/xiii-seminario-de-jovens-pesquisadores-em-economia-e-desenvolvimento\/banner-evento","alt":"","author":"905","description":"","caption":"","name":"banner-evento","status":"inherit","uploaded_to":2335,"date":"2026-08-31 18:39:44","modified":"2026-08-31 18:39:44","menu_order":0,"mime_type":"image\/jpeg","type":"image","subtype":"jpeg","icon":"https:\/\/www.ufsm.br\/cursos\/pos-graduacao\/santa-maria\/ppged\/wp-includes\/images\/media\/default.png","width":1920,"height":754,"sizes":{"thumbnail":"https:\/\/www.ufsm.br\/app\/uploads\/sites\/533\/2026\/08\/Banner-evento-150x150.jpg","thumbnail-width":150,"thumbnail-height":150,"medium":"https:\/\/www.ufsm.br\/app\/uploads\/sites\/533\/2026\/08\/Banner-evento-300x118.jpg","medium-width":300,"medium-height":118,"medium_large":"https:\/\/www.ufsm.br\/app\/uploads\/sites\/533\/2026\/08\/Banner-evento-768x302.jpg","medium_large-width":768,"medium_large-height":302,"large":"https:\/\/www.ufsm.br\/app\/uploads\/sites\/533\/2026\/08\/Banner-evento-1024x402.jpg","large-width":1024,"large-height":402,"1536x1536":"https:\/\/www.ufsm.br\/app\/uploads\/sites\/533\/2026\/08\/Banner-evento-1536x603.jpg","1536x1536-width":1536,"1536x1536-height":603,"2048x2048":"https:\/\/www.ufsm.br\/app\/uploads\/sites\/533\/2026\/08\/Banner-evento.jpg","2048x2048-width":1920,"2048x2048-height":754,"sow-carousel-default":"https:\/\/www.ufsm.br\/app\/uploads\/sites\/533\/2026\/08\/Banner-evento-272x182.jpg","sow-carousel-default-width":272,"sow-carousel-default-height":182}},"endereco_url":"xiii-seminario-de-jovens-pesquisadores-em-economia-e-desenvolvimento","evento_categoria":"T\u00c9CNICO-CIENT\u00cdFICOS","evento_descricao":"<p align=\"justify\">O <strong>Programa de P\u00f3s-Gradua\u00e7\u00e3o em Economia e Desenvolvimento da Universidade Federal de Santa Maria (PPGE&amp;D\/UFSM)<\/strong> promove, nos dias <strong>20 e 21 de outubro de 2026<\/strong>, a <strong>XIII edi\u00e7\u00e3o do Semin\u00e1rio de Jovens Pesquisadores em Economia e Desenvolvimento (XIII SJPE&amp;D)<\/strong>. As atividades ser\u00e3o realizadas presencialmente no <strong>Audit\u00f3rio do Centro de Ci\u00eancias Sociais e Humanas (CCSH), Pr\u00e9dio 74C, campus sede da UFSM<\/strong>.<\/p>\n<p align=\"justify\">Com o tema <strong>\u201cDesenvolvimento, Pol\u00edticas P\u00fablicas e Bem-Estar\u201d<\/strong>, a edi\u00e7\u00e3o de 2026 busca promover um espa\u00e7o de <strong>debate, constru\u00e7\u00e3o e compartilhamento de conhecimentos<\/strong> sobre quest\u00f5es relacionadas ao desenvolvimento socioecon\u00f4mico, reunindo jovens pesquisadores, estudantes, docentes e demais participantes interessados na tem\u00e1tica.<\/p>\n<p align=\"justify\">Ao longo de sua trajet\u00f3ria, o Semin\u00e1rio tem se constitu\u00eddo como espa\u00e7o de integra\u00e7\u00e3o entre <strong>ensino, pesquisa e extens\u00e3o<\/strong>, favorecendo o interc\u00e2mbio acad\u00eamico entre pesquisadores da UFSM \u2014 dos campi de Santa Maria e Palmeira das Miss\u00f5es \u2014 e de outras universidades e institui\u00e7\u00f5es de ensino e pesquisa do Rio Grande do Sul, com aten\u00e7\u00e3o especial \u00e0s diferentes dimens\u00f5es do desenvolvimento regional.<\/p>\n<p align=\"justify\"><img fetchpriority=\"high\" decoding=\"async\" class=\"alignleft size-full wp-image-2340\" src=\"https:\/\/www.ufsm.br\/app\/uploads\/sites\/533\/2026\/08\/Seminario-Jovens-Pesquisadores.jpg\" alt=\"\" width=\"1080\" height=\"1350\" srcset=\"https:\/\/www.ufsm.br\/app\/uploads\/sites\/533\/2026\/08\/Seminario-Jovens-Pesquisadores.jpg 1080w, https:\/\/www.ufsm.br\/app\/uploads\/sites\/533\/2026\/08\/Seminario-Jovens-Pesquisadores-240x300.jpg 240w, https:\/\/www.ufsm.br\/app\/uploads\/sites\/533\/2026\/08\/Seminario-Jovens-Pesquisadores-819x1024.jpg 819w, https:\/\/www.ufsm.br\/app\/uploads\/sites\/533\/2026\/08\/Seminario-Jovens-Pesquisadores-768x960.jpg 768w\" sizes=\"(max-width: 1080px) 100vw, 1080px\" \/><\/p>\n","evento_programacao":"<p align=\"justify\">A programa\u00e7\u00e3o desta edi\u00e7\u00e3o contempla <strong>mesa de abertura, apresenta\u00e7\u00f5es de pesquisas em Economia e Desenvolvimento, atividades de inser\u00e7\u00e3o social e extens\u00e3o universit\u00e1ria e divulga\u00e7\u00e3o de trabalhos premiados<\/strong>, proporcionando diferentes espa\u00e7os de apresenta\u00e7\u00e3o, discuss\u00e3o e socializa\u00e7\u00e3o da produ\u00e7\u00e3o acad\u00eamica.<\/p>\n<p align=\"justify\">O evento \u00e9 destinado a <strong>jovens pesquisadores em Economia e Desenvolvimento da UFSM e de outras institui\u00e7\u00f5es acad\u00eamicas, bem como \u00e0 sociedade civil<\/strong>.<\/p>\n<p align=\"justify\">As <strong>submiss\u00f5es de trabalhos estar\u00e3o abertas de 31 de agosto a 16 de setembro de 2026<\/strong>.<\/p>\n<p align=\"justify\">Os certificados de participa\u00e7\u00e3o e de apresenta\u00e7\u00e3o ser\u00e3o posteriormente disponibilizados pelo <strong>Portal de Certificados da UFSM<\/strong>.<\/p>\n<p align=\"left\"><strong>Local:<\/strong> Audit\u00f3rio do CCSH \u2013 Pr\u00e9dio 74C \u2013 Campus Sede da UFSM<br \/>\n<strong>Datas:<\/strong> 20 e 21 de outubro de 2026<br \/>\n<strong>Modalidade:<\/strong> Presencial<br \/>\n<strong>Submiss\u00e3o de trabalhos:<\/strong> 31 de agosto a 16 de setembro de 2026<br \/>\n<strong>Contato:<\/strong> <a href=\"mailto:sjped.ufsm@gmail.com\">sjped.ufsm@gmail.com<\/a><\/p>\n<p align=\"left\"><img decoding=\"async\" class=\"alignleft size-full wp-image-2337\" src=\"https:\/\/www.ufsm.br\/app\/uploads\/sites\/533\/2026\/08\/PROGRAMACAO-21-10-2.jpg\" alt=\"\" width=\"1080\" height=\"1350\" srcset=\"https:\/\/www.ufsm.br\/app\/uploads\/sites\/533\/2026\/08\/PROGRAMACAO-21-10-2.jpg 1080w, https:\/\/www.ufsm.br\/app\/uploads\/sites\/533\/2026\/08\/PROGRAMACAO-21-10-2-240x300.jpg 240w, https:\/\/www.ufsm.br\/app\/uploads\/sites\/533\/2026\/08\/PROGRAMACAO-21-10-2-819x1024.jpg 819w, https:\/\/www.ufsm.br\/app\/uploads\/sites\/533\/2026\/08\/PROGRAMACAO-21-10-2-768x960.jpg 768w\" sizes=\"(max-width: 1080px) 100vw, 1080px\" \/> <img decoding=\"async\" class=\"alignleft size-full wp-image-2338\" src=\"https:\/\/www.ufsm.br\/app\/uploads\/sites\/533\/2026\/08\/PROGRAMACAO-21-10.jpg\" alt=\"\" width=\"1080\" height=\"1350\" srcset=\"https:\/\/www.ufsm.br\/app\/uploads\/sites\/533\/2026\/08\/PROGRAMACAO-21-10.jpg 1080w, https:\/\/www.ufsm.br\/app\/uploads\/sites\/533\/2026\/08\/PROGRAMACAO-21-10-240x300.jpg 240w, https:\/\/www.ufsm.br\/app\/uploads\/sites\/533\/2026\/08\/PROGRAMACAO-21-10-819x1024.jpg 819w, https:\/\/www.ufsm.br\/app\/uploads\/sites\/533\/2026\/08\/PROGRAMACAO-21-10-768x960.jpg 768w\" sizes=\"(max-width: 1080px) 100vw, 1080px\" \/> <img loading=\"lazy\" decoding=\"async\" class=\"alignleft size-full wp-image-2339\" src=\"https:\/\/www.ufsm.br\/app\/uploads\/sites\/533\/2026\/08\/PROGRAMCAO-20_10.jpg\" alt=\"\" width=\"1080\" height=\"1350\" srcset=\"https:\/\/www.ufsm.br\/app\/uploads\/sites\/533\/2026\/08\/PROGRAMCAO-20_10.jpg 1080w, https:\/\/www.ufsm.br\/app\/uploads\/sites\/533\/2026\/08\/PROGRAMCAO-20_10-240x300.jpg 240w, https:\/\/www.ufsm.br\/app\/uploads\/sites\/533\/2026\/08\/PROGRAMCAO-20_10-819x1024.jpg 819w, https:\/\/www.ufsm.br\/app\/uploads\/sites\/533\/2026\/08\/PROGRAMCAO-20_10-768x960.jpg 768w\" sizes=\"(max-width: 1080px) 100vw, 1080px\" \/><\/p>\n","evento_inscricao":"<h3 class=\"PDq2pG_selectionAnchorContainer\" data-section-id=\"q7sryy\" data-start=\"146\" data-end=\"185\">Inscri\u00e7\u00f5es e submiss\u00e3o de trabalhos<\/h3>\n<p data-start=\"187\" data-end=\"298\"><strong data-start=\"187\" data-end=\"212\">Per\u00edodo de submiss\u00e3o:<\/strong><br data-start=\"212\" data-end=\"215\" \/>De <strong data-start=\"218\" data-end=\"259\">31 de agosto a 16 de setembro de 2026<\/strong>.<\/p>\n<p data-start=\"300\" data-end=\"482\"><strong data-start=\"300\" data-end=\"317\">P\u00fablico-alvo:<\/strong><br data-start=\"317\" data-end=\"320\" \/>Jovens pesquisadores em Economia e Desenvolvimento da UFSM, integrantes de outras institui\u00e7\u00f5es acad\u00eamicas e sociedade civil.<\/p>\n<p data-start=\"484\" data-end=\"668\"><strong data-start=\"484\" data-end=\"518\">Link para inscri\u00e7\u00e3o\/submiss\u00e3o: link\u00a0<a href=\"https:\/\/portal.ufsm.br\/concursos\/inscricao\/opcoes.html?edicao=5278\" target=\"_blank\" rel=\"noopener\" data-saferedirecturl=\"https:\/\/www.google.com\/url?q=https:\/\/portal.ufsm.br\/concursos\/inscricao\/opcoes.html?edicao%3D5278&amp;source=gmail&amp;ust=1788269305479000&amp;usg=AOvVaw3w63i-S0dX1qCLSCbVrzTW\">https:\/\/portal.ufsm.br\/<wbr \/>concursos\/inscricao\/opcoes.<wbr \/>html?edicao=5278<\/a>.<\/strong><br data-start=\"518\" data-end=\"521\" \/>O formul\u00e1rio est\u00e1 dispon\u00edvel no <strong data-start=\"553\" data-end=\"585\">Portal de Inscri\u00e7\u00f5es da UFSM<\/strong>, conforme link encaminhado pela organiza\u00e7\u00e3o.<\/p>\n<p data-start=\"670\" data-end=\"839\"><strong data-start=\"670\" data-end=\"687\">Certifica\u00e7\u00e3o:<\/strong><br data-start=\"687\" data-end=\"690\" \/>Os certificados de participa\u00e7\u00e3o e de apresenta\u00e7\u00e3o ser\u00e3o disponibilizados no <strong data-start=\"766\" data-end=\"800\">Portal de Certificados da UFSM<\/strong>.<\/p>\n<p data-start=\"841\" data-end=\"931\"><strong data-start=\"841\" data-end=\"870\">Contato para informa\u00e7\u00f5es:<\/strong><br data-start=\"870\" data-end=\"873\" \/><a class=\"decorated-link\" href=\"mailto:sjped.ufsm@gmail.com\" rel=\"noopener\" data-start=\"873\" data-end=\"893\">sjped.ufsm@gmail.com<\/a><\/p>\n","evento_local":"Audit\u00f3rio do Centro de Ci\u00eancias Sociais e Humanas da Universidade Federal de Santa Maria (UFSM)","evento_contato":"<p align=\"left\"><strong>Contato:<\/strong> <a href=\"mailto:sjped.ufsm@gmail.com\">sjped.ufsm@gmail.com<\/a><\/p>\n"},"_links":{"self":[{"href":"https:\/\/www.ufsm.br\/cursos\/pos-graduacao\/santa-maria\/ppged\/wp-json\/wp\/v2\/eventos\/2335","targetHints":{"allow":["GET"]}}],"collection":[{"href":"https:\/\/www.ufsm.br\/cursos\/pos-graduacao\/santa-maria\/ppged\/wp-json\/wp\/v2\/eventos"}],"about":[{"href":"https:\/\/www.ufsm.br\/cursos\/pos-graduacao\/santa-maria\/ppged\/wp-json\/wp\/v2\/types\/eventos"}],"wp:featuredmedia":[{"embeddable":true,"href":"https:\/\/www.ufsm.br\/cursos\/pos-graduacao\/santa-maria\/ppged\/wp-json\/wp\/v2\/media\/2336"}],"wp:attachment":[{"href":"https:\/\/www.ufsm.br\/cursos\/pos-graduacao\/santa-maria\/ppged\/wp-json\/wp\/v2\/media?parent=2335"}],"wp:term":[{"taxonomy":"post_tag","embeddable":true,"href":"https:\/\/www.ufsm.br\/cursos\/pos-graduacao\/santa-maria\/ppged\/wp-json\/wp\/v2\/tags?post=2335"}],"curies":[{"name":"wp","href":"https:\/\/api.w.org\/{rel}","templated":true}]}}

XIII Seminário de Jovens Pesquisadores em Economia e Desenvolvimento

TÉCNICO-CIENTÍFICOS

<p align="justify">O <strong>Programa de Pós-Graduação em Economia e Desenvolvimento da Universidade Federal de Santa Maria (PPGE&amp;D/UFSM)</strong> promove, nos dias <strong>20 e 21 de outubro de 2026</strong>, a <strong>XIII edição do Seminário de Jovens Pesquisadores em Economia e Desenvolvimento (XIII SJPE&amp;D)</strong>. As atividades serão realizadas presencialmente no <strong>Auditório do Centro de Ciências Sociais e Humanas (CCSH), Prédio 74C, campus sede da UFSM</strong>.</p>
<p align="justify">Com o tema <strong>“Desenvolvimento, Políticas Públicas e Bem-Estar”</strong>, a edição de 2026 busca promover um espaço de <strong>debate, construção e compartilhamento de conhecimentos</strong> sobre questões relacionadas ao desenvolvimento socioeconômico, reunindo jovens pesquisadores, estudantes, docentes e demais participantes interessados na temática.</p>
<p align="justify">Ao longo de sua trajetória, o Seminário tem se constituído como espaço de integração entre <strong>ensino, pesquisa e extensão</strong>, favorecendo o intercâmbio acadêmico entre pesquisadores da UFSM — dos campi de Santa Maria e Palmeira das Missões — e de outras universidades e instituições de ensino e pesquisa do Rio Grande do Sul, com atenção especial às diferentes dimensões do desenvolvimento regional.</p>
<p align="justify"><img fetchpriority="high" decoding="async" class="alignleft size-full wp-image-2340" src="https://www.ufsm.br/app/uploads/sites/533/2026/08/Seminario-Jovens-Pesquisadores.jpg" alt="" width="1080" height="1350" srcset="https://www.ufsm.br/app/uploads/sites/533/2026/08/Seminario-Jovens-Pesquisadores.jpg 1080w, https://www.ufsm.br/app/uploads/sites/533/2026/08/Seminario-Jovens-Pesquisadores-240x300.jpg 240w, https://www.ufsm.br/app/uploads/sites/533/2026/08/Seminario-Jovens-Pesquisadores-819x1024.jpg 819w, https://www.ufsm.br/app/uploads/sites/533/2026/08/Seminario-Jovens-Pesquisadores-768x960.jpg 768w" sizes="(max-width: 1080px) 100vw, 1080px" /></p>

<p align="justify">A programação desta edição contempla <strong>mesa de abertura, apresentações de pesquisas em Economia e Desenvolvimento, atividades de inserção social e extensão universitária e divulgação de trabalhos premiados</strong>, proporcionando diferentes espaços de apresentação, discussão e socialização da produção acadêmica.</p>
<p align="justify">O evento é destinado a <strong>jovens pesquisadores em Economia e Desenvolvimento da UFSM e de outras instituições acadêmicas, bem como à sociedade civil</strong>.</p>
<p align="justify">As <strong>submissões de trabalhos estarão abertas de 31 de agosto a 16 de setembro de 2026</strong>.</p>
<p align="justify">Os certificados de participação e de apresentação serão posteriormente disponibilizados pelo <strong>Portal de Certificados da UFSM</strong>.</p>
<p align="left"><strong>Local:</strong> Auditório do CCSH – Prédio 74C – Campus Sede da UFSM<br />
<strong>Datas:</strong> 20 e 21 de outubro de 2026<br />
<strong>Modalidade:</strong> Presencial<br />
<strong>Submissão de trabalhos:</strong> 31 de agosto a 16 de setembro de 2026<br />
<strong>Contato:</strong> <a href="mailto:sjped.ufsm@gmail.com">sjped.ufsm@gmail.com</a></p>
<p align="left"><img decoding="async" class="alignleft size-full wp-image-2337" src="https://www.ufsm.br/app/uploads/sites/533/2026/08/PROGRAMACAO-21-10-2.jpg" alt="" width="1080" height="1350" srcset="https://www.ufsm.br/app/uploads/sites/533/2026/08/PROGRAMACAO-21-10-2.jpg 1080w, https://www.ufsm.br/app/uploads/sites/533/2026/08/PROGRAMACAO-21-10-2-240x300.jpg 240w, https://www.ufsm.br/app/uploads/sites/533/2026/08/PROGRAMACAO-21-10-2-819x1024.jpg 819w, https://www.ufsm.br/app/uploads/sites/533/2026/08/PROGRAMACAO-21-10-2-768x960.jpg 768w" sizes="(max-width: 1080px) 100vw, 1080px" /> <img decoding="async" class="alignleft size-full wp-image-2338" src="https://www.ufsm.br/app/uploads/sites/533/2026/08/PROGRAMACAO-21-10.jpg" alt="" width="1080" height="1350" srcset="https://www.ufsm.br/app/uploads/sites/533/2026/08/PROGRAMACAO-21-10.jpg 1080w, https://www.ufsm.br/app/uploads/sites/533/2026/08/PROGRAMACAO-21-10-240x300.jpg 240w, https://www.ufsm.br/app/uploads/sites/533/2026/08/PROGRAMACAO-21-10-819x1024.jpg 819w, https://www.ufsm.br/app/uploads/sites/533/2026/08/PROGRAMACAO-21-10-768x960.jpg 768w" sizes="(max-width: 1080px) 100vw, 1080px" /> <img loading="lazy" decoding="async" class="alignleft size-full wp-image-2339" src="https://www.ufsm.br/app/uploads/sites/533/2026/08/PROGRAMCAO-20_10.jpg" alt="" width="1080" height="1350" srcset="https://www.ufsm.br/app/uploads/sites/533/2026/08/PROGRAMCAO-20_10.jpg 1080w, https://www.ufsm.br/app/uploads/sites/533/2026/08/PROGRAMCAO-20_10-240x300.jpg 240w, https://www.ufsm.br/app/uploads/sites/533/2026/08/PROGRAMCAO-20_10-819x1024.jpg 819w, https://www.ufsm.br/app/uploads/sites/533/2026/08/PROGRAMCAO-20_10-768x960.jpg 768w" sizes="(max-width: 1080px) 100vw, 1080px" /></p>

<h3 class="PDq2pG_selectionAnchorContainer" data-section-id="q7sryy" data-start="146" data-end="185">Inscrições e submissão de trabalhos</h3>
<p data-start="187" data-end="298"><strong data-start="187" data-end="212">Período de submissão:</strong><br data-start="212" data-end="215" />De <strong data-start="218" data-end="259">31 de agosto a 16 de setembro de 2026</strong>.</p>
<p data-start="300" data-end="482"><strong data-start="300" data-end="317">Público-alvo:</strong><br data-start="317" data-end="320" />Jovens pesquisadores em Economia e Desenvolvimento da UFSM, integrantes de outras instituições acadêmicas e sociedade civil.</p>
<p data-start="484" data-end="668"><strong data-start="484" data-end="518">Link para inscrição/submissão: link <a href="https://portal.ufsm.br/concursos/inscricao/opcoes.html?edicao=5278" target="_blank" rel="noopener" data-saferedirecturl="https://www.google.com/url?q=https://portal.ufsm.br/concursos/inscricao/opcoes.html?edicao%3D5278&amp;source=gmail&amp;ust=1788269305479000&amp;usg=AOvVaw3w63i-S0dX1qCLSCbVrzTW">https://portal.ufsm.br/<wbr />concursos/inscricao/opcoes.<wbr />html?edicao=5278</a>.</strong><br data-start="518" data-end="521" />O formulário está disponível no <strong data-start="553" data-end="585">Portal de Inscrições da UFSM</strong>, conforme link encaminhado pela organização.</p>
<p data-start="670" data-end="839"><strong data-start="670" data-end="687">Certificação:</strong><br data-start="687" data-end="690" />Os certificados de participação e de apresentação serão disponibilizados no <strong data-start="766" data-end="800">Portal de Certificados da UFSM</strong>.</p>
<p data-start="841" data-end="931"><strong data-start="841" data-end="870">Contato para informações:</strong><br data-start="870" data-end="873" /><a class="decorated-link" href="mailto:sjped.ufsm@gmail.com" rel="noopener" data-start="873" data-end="893">sjped.ufsm@gmail.com</a></p>

Auditório do Centro de Ciências Sociais e Humanas da Universidade Federal de Santa Maria (UFSM)
