{"id":1007,"date":"2021-07-11T20:09:04","date_gmt":"2021-07-11T23:09:04","guid":{"rendered":"https:\/\/www.ufsm.br\/cursos\/pos-graduacao\/santa-maria\/ppged\/?page_id=1007"},"modified":"2025-10-17T11:19:22","modified_gmt":"2025-10-17T14:19:22","slug":"comissao-de-selecao","status":"publish","type":"page","link":"https:\/\/www.ufsm.br\/cursos\/pos-graduacao\/santa-maria\/ppged\/colegiado-e-comissoes\/comissao-de-selecao","title":{"rendered":"Comiss\u00e3o de Sele\u00e7\u00e3o"},"content":{"rendered":"<p><strong>Membros integrantes da Comiss\u00e3o de Sele\u00e7\u00e3o do PPGE&amp;D (2026)<\/strong><\/p>\n<ul>\n<li>Prof. Dieison Lenon Casagrande &#8211; Presidente<\/li>\n<li>Prof. Adriano Jos\u00e9 Pereira<\/li>\n<li>Prof.\u00aa Rita In\u00eas Paetzhold Pauli<\/li>\n<li>Prof. Clailton Ata\u00eddes de Freitas &#8211; Suplente<\/li>\n<\/ul>\n<p><a href=\"https:\/\/www.ufsm.br\/app\/uploads\/sites\/533\/2025\/10\/PORT_CCSH_2025_383.pdf\">PORTARIA DE PESSOAL CCSH\/UFSM N. 383, DE 15 DE OUTUBRO DE 2025.<\/a><\/p>\n<p><strong>Membros integrantes da Comiss\u00e3o de Sele\u00e7\u00e3o do PPGE&amp;D (2025)<\/strong><\/p>\n<ul>\n<li>Prof. Dieison Lenon Casagrande &#8211; Presidente<\/li>\n<li>Prof\u00aa. Ednalva Felix das Neves<\/li>\n<li>Prof\u00aa. Kalinca L\u00e9ia Becker<\/li>\n<li>Prof. Julio Eduardo Rohenkohl &#8211; Suplente.<\/li>\n<\/ul>\n<p><a href=\"https:\/\/portal.ufsm.br\/documentos\/publico\/documento.html?id=15233965\">PORTARIA DE PESSOAL CCSH\/UFSM N. 264, DE 16 DE OUTUBRO DE 2024.<\/a><\/p>\n<p><strong>Membros integrantes da Comiss\u00e3o de Sele\u00e7\u00e3o do PPGE&amp;D (2024)<\/strong><\/p>\n<ul>\n<li>Prof. Dieison Lenon Casagrande &#8211; Presidente<\/li>\n<li>Prof\u00aa. Ednalva Felix das Neves<\/li>\n<li>Prof\u00aa. Kalinca L\u00e9ia Becker<\/li>\n<li>Prof. Julio Eduardo Rohenkohl &#8211; Suplente.<\/li>\n<\/ul>\n<p><a href=\"https:\/\/www.ufsm.br\/app\/uploads\/sites\/533\/2024\/07\/PORT_CCSH_2024_136.pdf\">PORTARIA DE PESSOAL CCSH\/UFSM N.136, DE 09 DE JULHO DE 2024<\/a><\/p>\n<p><strong>Membros integrantes da Comiss\u00e3o de Sele\u00e7\u00e3o do PPGE&amp;D (2023)<\/strong><\/p>\n<ul style=\"list-style-type: circle\">\n<li>Prof. Adriano Jos\u00e9 Pereira &#8211; Presidente;<\/li>\n<li>Prof. Dieison Lenon Casagrande<\/li>\n<li>Prof\u00aa Rita In\u00eas Paetzhold Pauli<\/li>\n<li>Prof. Julio Eduardo Rohenkohl &#8211; Suplente.<\/li>\n<\/ul>\n<p><a href=\"https:\/\/www.ufsm.br\/app\/uploads\/sites\/533\/2023\/09\/PORT_CCSH_2023_289.pdf\">PORTARIA DE PESSOAL CCSH\/UFSM N. 289, DE 04 DE SETEMBRO DE 2023<\/a><\/p>\n<p><strong>Membros integrantes da Comiss\u00e3o de Sele\u00e7\u00e3o do PPGE&amp;D (2021),<\/strong> nomeados pela Portaria n. 185, de 07 de julho de 2021:<\/p>\n<ul style=\"list-style-type: circle\">\n<li>Prof. J\u00falio Eduardo Rohenkohl &#8211; Coordenador\/Presidente<\/li>\n<li>Prof. Orlando Martinelli J\u00fanior<\/li>\n<li>Prof. Paulo Ricardo Feistel<\/li>\n<li>Prof. Clailton Ata\u00eddes de Freitas<\/li>\n<li>Prof\u00aa. Kalinca L\u00e9ia Becker<\/li>\n<\/ul>\n","protected":false},"excerpt":{"rendered":"<p>Membros integrantes da Comiss\u00e3o de Sele\u00e7\u00e3o do PPGE&amp;D (2026) Prof. Dieison Lenon Casagrande &#8211; Presidente Prof. Adriano Jos\u00e9 Pereira Prof.\u00aa Rita In\u00eas Paetzhold Pauli Prof. Clailton Ata\u00eddes de Freitas &#8211; Suplente PORTARIA DE PESSOAL CCSH\/UFSM N. 383, DE 15 DE OUTUBRO DE 2025. Membros integrantes da Comiss\u00e3o de Sele\u00e7\u00e3o do PPGE&amp;D (2025) Prof. Dieison Lenon [&hellip;]<\/p>\n","protected":false},"author":53,"featured_media":0,"parent":1017,"menu_order":0,"comment_status":"closed","ping_status":"closed","template":"","meta":{"footnotes":""},"categories":[],"tags":[],"class_list":["post-1007","page","type-page","status-publish","hentry"],"acf":[],"_links":{"self":[{"href":"https:\/\/www.ufsm.br\/cursos\/pos-graduacao\/santa-maria\/ppged\/wp-json\/wp\/v2\/pages\/1007","targetHints":{"allow":["GET"]}}],"collection":[{"href":"https:\/\/www.ufsm.br\/cursos\/pos-graduacao\/santa-maria\/ppged\/wp-json\/wp\/v2\/pages"}],"about":[{"href":"https:\/\/www.ufsm.br\/cursos\/pos-graduacao\/santa-maria\/ppged\/wp-json\/wp\/v2\/types\/page"}],"author":[{"embeddable":true,"href":"https:\/\/www.ufsm.br\/cursos\/pos-graduacao\/santa-maria\/ppged\/wp-json\/wp\/v2\/users\/53"}],"replies":[{"embeddable":true,"href":"https:\/\/www.ufsm.br\/cursos\/pos-graduacao\/santa-maria\/ppged\/wp-json\/wp\/v2\/comments?post=1007"}],"version-history":[{"count":0,"href":"https:\/\/www.ufsm.br\/cursos\/pos-graduacao\/santa-maria\/ppged\/wp-json\/wp\/v2\/pages\/1007\/revisions"}],"up":[{"embeddable":true,"href":"https:\/\/www.ufsm.br\/cursos\/pos-graduacao\/santa-maria\/ppged\/wp-json\/wp\/v2\/pages\/1017"}],"wp:attachment":[{"href":"https:\/\/www.ufsm.br\/cursos\/pos-graduacao\/santa-maria\/ppged\/wp-json\/wp\/v2\/media?parent=1007"}],"wp:term":[{"taxonomy":"category","embeddable":true,"href":"https:\/\/www.ufsm.br\/cursos\/pos-graduacao\/santa-maria\/ppged\/wp-json\/wp\/v2\/categories?post=1007"},{"taxonomy":"post_tag","embeddable":true,"href":"https:\/\/www.ufsm.br\/cursos\/pos-graduacao\/santa-maria\/ppged\/wp-json\/wp\/v2\/tags?post=1007"}],"curies":[{"name":"wp","href":"https:\/\/api.w.org\/{rel}","templated":true}]}}