{"id":282,"date":"2019-04-08T14:35:56","date_gmt":"2019-04-08T17:35:56","guid":{"rendered":"https:\/\/www.ufsm.br\/cursos\/pos-graduacao\/santa-maria\/ppgee\/?page_id=282"},"modified":"2025-04-14T09:58:53","modified_gmt":"2025-04-14T12:58:53","slug":"docencia-orientada","status":"publish","type":"page","link":"https:\/\/www.ufsm.br\/cursos\/pos-graduacao\/santa-maria\/ppgee\/docencia-orientada","title":{"rendered":"Doc\u00eancia Orientada"},"content":{"rendered":"\n<p>Conforme Portaria CAPES N\u00b0 34 de 30\/05\/2006 Art. 22, o Est\u00e1gio de Doc\u00eancia s\u00f3 \u00e9 obrigat\u00f3rio para bolsistas do curso de Doutorado, sendo necess\u00e1rio totalizar no m\u00ednimo dois cr\u00e9ditos.<\/p>\n<p>Cada doc\u00eancia orientada equivale a um cr\u00e9dito (15 horas). Os discentes do curso de Mestrado poder\u00e3o se matricular em at\u00e9 duas doc\u00eancias orientadas e os discentes do curso de Doutorado em at\u00e9 quatro doc\u00eancias.<\/p>\n<p>A carga hor\u00e1ria da doc\u00eancia orientada \u00e9 limitada a no m\u00e1ximo 30% da carga hor\u00e1ria da disciplina.<\/p>\n<p>A solicita\u00e7\u00e3o de matr\u00edcula na disciplina de Doc\u00eancia Orientada dever\u00e1 ser realizada at\u00e9 data definida via e-mail enviado pela Secretaria do PPGEE, atrav\u00e9s de abertura de Processo PEN, anexando o Plano de Doc\u00eancia Orientada preenchido (modelo anexo). A matr\u00edcula na disciplina de Doc\u00eancia Orientada \u00e9 realizada pela Secretaria do PPGEE. O documento dever\u00e1 ser assinado de forma eletr\u00f4nica. Caso n\u00e3o tenha cadastrado sua assinatura eletr\u00f4nica na UFSM, acesse as instru\u00e7\u00f5es em: <a href=\"https:\/\/www.ufsm.br\/app\/uploads\/sites\/416\/2020\/04\/Passo-a-passo-termo-assinatura-eletronica-PEN-SIE.pdf\" data-saferedirecturl=\"https:\/\/www.google.com\/url?q=https:\/\/www.ufsm.br\/app\/uploads\/sites\/416\/2020\/04\/Passo-a-passo-termo-assinatura-eletronica-PEN-SIE.pdf&amp;source=gmail&amp;ust=1692449509630000&amp;usg=AOvVaw1TW6zA17AgJGDHabSZAsPo\">https:\/\/www.ufsm.br\/app\/uploads\/sites\/416\/2020\/04\/Passo-a-passo-termo-assinatura-eletronica-PEN-SIE.pdf<\/a>.<\/p>\n<p><strong>COMO PROCEDER:<\/strong><\/p>\n<ol>\n<li>Preencher o Plano de Doc\u00eancia Orientada junto com seu orientador. A assinatura ser\u00e1 realizada de forma eletr\u00f4nica, ao incluir o documento no processo (Passo 3);<\/li>\n<li>No\u00a0<a href=\"https:\/\/portal.ufsm.br\/documentos\/mainMenu.html\" data-saferedirecturl=\"https:\/\/www.google.com\/url?q=https:\/\/portal.ufsm.br\/documentos\/mainMenu.html&amp;source=gmail&amp;ust=1692449509630000&amp;usg=AOvVaw27VNnHjArsbkIO7SoufeB4\">Portal de Documentos UFSM<\/a>\u00a0realizar o login (n\u00ba de matr\u00edcula e senha de aluno) e clicar em &#8220;Novo Processo&#8221;. Tipo Documental: Processo de doc\u00eancia orientada (134.31). Ap\u00f3s \u201csalvar\u201d processo, ir\u00e1 gerar um n\u00famero 23081&#8230;..\/2023-.. para posterior acompanhamento;<\/li>\n<li>Anexar ao processo o Plano de Doc\u00eancia Orientada preenchido, em formato PDF, e assinalar a op\u00e7\u00e3o para assinatura do documento;<\/li>\n<li>Tramitar para o orientador (servidor \u2013 nome do professor);<\/li>\n<li>O Orientador assina o Plano de Doc\u00eancia Orientada de forma eletr\u00f4nica e tramita para o professor respons\u00e1vel pela disciplina.\u00a0\n<ol>\n<li>Caso a disciplina seja ministrada pelo pr\u00f3prio orientador, tramitar direto para Unidade: &#8220;PROGRAMA DE P\u00d3S-GRADUA\u00c7\u00c3O EM ENGENHARIA EL\u00c9TRICA &#8211; 07.10.01.00.0.0&#8221;, pulando pra o Passo 7;<\/li>\n<\/ol>\n<\/li>\n<li>O Professor respons\u00e1vel assina o Plano de Doc\u00eancia Orientada de forma eletr\u00f4nica e tramita para Unidade: &#8220;PROGRAMA DE P\u00d3S-GRADUA\u00c7\u00c3O EM ENGENHARIA EL\u00c9TRICA &#8211; 07.10.01.00.0.0&#8221;.<\/li>\n<li>O Plano de Doc\u00eancia Orientada ser\u00e1 apreciado em Reuni\u00e3o do Colegiado do Programa. Sendo aprovado, ser\u00e1 realizada a matr\u00edcula em Doc\u00eancia Orientada pela Secretaria do PPGEE e o processo tramitado ao Departamento em que a disciplina trabalhada est\u00e1 vinculada;\u00a0<\/li>\n<li>O Departamento, aprovando o Plano de Trabalho, ir\u00e1 tramitar para a Caixa Postal UFSM do aluno. Ap\u00f3s esta etapa o discente poder\u00e1 iniciar as atividades propostas no Plano de Trabalho;<\/li>\n<li>O processo PEN da Doc\u00eancia Orientada permanece na Caixa Postal do aluno at\u00e9 o cumprimento da carga hor\u00e1ria. Ap\u00f3s a realiza\u00e7\u00e3o da doc\u00eancia orientada o aluno tramita para a Unidade: &#8220;PROGRAMA DE P\u00d3S-GRADUA\u00c7\u00c3O EM ENGENHARIA EL\u00c9TRICA &#8211; 07.10.01.00.0.0&#8221;.<\/li>\n<\/ol>\n<p>Obs.: O Plano de Doc\u00eancia deve ser assinado eletronicamente pelo aluno e orientador.<\/p>\n<p>Disciplinas:<\/p>\n<ul>\n<li>APG303 Doc\u00eancia Orientada I<\/li>\n<li>APG304 Doc\u00eancia Orientada II<\/li>\n<li>APG305 Doc\u00eancia Orientada III<\/li>\n<li>APG306 Doc\u00eancia Orientada IV\u00a0<\/li>\n<\/ul>\n","protected":false},"excerpt":{"rendered":"<p>Conforme Portaria CAPES N\u00b0 34 de 30\/05\/2006 Art. 22, o Est\u00e1gio de Doc\u00eancia s\u00f3 \u00e9 obrigat\u00f3rio para bolsistas do curso de Doutorado, sendo necess\u00e1rio totalizar no m\u00ednimo dois cr\u00e9ditos. Cada doc\u00eancia orientada equivale a um cr\u00e9dito (15 horas). Os discentes do curso de Mestrado poder\u00e3o se matricular em at\u00e9 duas doc\u00eancias orientadas e os discentes [&hellip;]<\/p>\n","protected":false},"author":115,"featured_media":0,"parent":0,"menu_order":0,"comment_status":"closed","ping_status":"closed","template":"","meta":{"footnotes":""},"categories":[],"tags":[],"class_list":["post-282","page","type-page","status-publish","hentry"],"acf":[],"_links":{"self":[{"href":"https:\/\/www.ufsm.br\/cursos\/pos-graduacao\/santa-maria\/ppgee\/wp-json\/wp\/v2\/pages\/282","targetHints":{"allow":["GET"]}}],"collection":[{"href":"https:\/\/www.ufsm.br\/cursos\/pos-graduacao\/santa-maria\/ppgee\/wp-json\/wp\/v2\/pages"}],"about":[{"href":"https:\/\/www.ufsm.br\/cursos\/pos-graduacao\/santa-maria\/ppgee\/wp-json\/wp\/v2\/types\/page"}],"author":[{"embeddable":true,"href":"https:\/\/www.ufsm.br\/cursos\/pos-graduacao\/santa-maria\/ppgee\/wp-json\/wp\/v2\/users\/115"}],"replies":[{"embeddable":true,"href":"https:\/\/www.ufsm.br\/cursos\/pos-graduacao\/santa-maria\/ppgee\/wp-json\/wp\/v2\/comments?post=282"}],"version-history":[{"count":0,"href":"https:\/\/www.ufsm.br\/cursos\/pos-graduacao\/santa-maria\/ppgee\/wp-json\/wp\/v2\/pages\/282\/revisions"}],"wp:attachment":[{"href":"https:\/\/www.ufsm.br\/cursos\/pos-graduacao\/santa-maria\/ppgee\/wp-json\/wp\/v2\/media?parent=282"}],"wp:term":[{"taxonomy":"category","embeddable":true,"href":"https:\/\/www.ufsm.br\/cursos\/pos-graduacao\/santa-maria\/ppgee\/wp-json\/wp\/v2\/categories?post=282"},{"taxonomy":"post_tag","embeddable":true,"href":"https:\/\/www.ufsm.br\/cursos\/pos-graduacao\/santa-maria\/ppgee\/wp-json\/wp\/v2\/tags?post=282"}],"curies":[{"name":"wp","href":"https:\/\/api.w.org\/{rel}","templated":true}]}}