{"id":307,"date":"2019-04-08T15:34:27","date_gmt":"2019-04-08T18:34:27","guid":{"rendered":"https:\/\/www.ufsm.br\/cursos\/pos-graduacao\/santa-maria\/ppgee\/?page_id=307"},"modified":"2024-08-15T14:23:57","modified_gmt":"2024-08-15T17:23:57","slug":"solicitacao-de-auxilio-financeiro-para-participacao-em-eventos","status":"publish","type":"page","link":"https:\/\/www.ufsm.br\/cursos\/pos-graduacao\/santa-maria\/ppgee\/solicitacao-de-auxilio-financeiro-para-participacao-em-eventos","title":{"rendered":"Solicita\u00e7\u00e3o de Aux\u00edlio Financeiro para Participa\u00e7\u00e3o em Eventos"},"content":{"rendered":"\t\t<div data-elementor-type=\"wp-post\" data-elementor-id=\"307\" class=\"elementor elementor-307\">\n\t\t\t\t\t\t<section class=\"elementor-section elementor-top-section elementor-element elementor-element-54a6f724 elementor-section-boxed elementor-section-height-default elementor-section-height-default\" data-id=\"54a6f724\" data-element_type=\"section\">\n\t\t\t\t\t\t<div class=\"elementor-container elementor-column-gap-default\">\n\t\t\t\t\t<div class=\"elementor-column elementor-col-100 elementor-top-column elementor-element elementor-element-1592936d\" data-id=\"1592936d\" data-element_type=\"column\">\n\t\t\t<div class=\"elementor-widget-wrap elementor-element-populated\">\n\t\t\t\t\t\t<div class=\"elementor-element elementor-element-39f39ae2 elementor-widget elementor-widget-text-editor\" data-id=\"39f39ae2\" data-element_type=\"widget\" data-widget_type=\"text-editor.default\">\n\t\t\t\t<div class=\"elementor-widget-container\">\n\t\t\t\t\t\t\t<p><!-- wp:tadv\/classic-paragraph --><\/p>\n<p><strong>Documenta\u00e7\u00e3o para solicita\u00e7\u00e3o (preferencialmente 20 dias antes do evento)<\/strong><strong>:<\/strong><\/p>\n<p>Para solicita\u00e7\u00e3o de aux\u00edlio para participa\u00e7\u00e3o em evento\/congresso, deve-se anexar os documentos abaixo em <strong>formato PDF<\/strong>&nbsp;e enviar para o e-mail&nbsp;<span id=\"cloak9ae891a0e98844820d9a887ececd643d\"><a href=\"mailto:financeiroppgee@gmail.com\">financeiroppgee@<\/a>ufsm.br<\/span>, com t\u00edtulo constando a sigla e ano do evento em que ir\u00e1 participar, al\u00e9m dos itens solicitados, conforme exemplo:&nbsp;<strong>Solicita\u00e7\u00e3o [CBA 2024] &#8211; Taxa de Inscri\u00e7\u00e3o\/Passagens A\u00e9reas\/Passagens Rodovi\u00e1rias\/Aux\u00edlio Di\u00e1rio<\/strong>.<\/p>\n<p>1. Formul\u00e1rio de Solicita\u00e7\u00e3o de Aux\u00edlio PROEX em Evento, preenchido e com as assinaturas do aluno e do orientador;<br>2.&nbsp;C\u00f3pia do artigo a ser publicado onde conste que o discente \u00e9 autor do trabalho, com coautoria de docente do PPGEE e agradecimento expl\u00edcito ao apoio recebido da CAPES\/PROEX, no idioma do trabalho, como segue: \u201cO presente trabalho foi realizado com apoio da Coordena\u00e7\u00e3o de Aperfei\u00e7oamento de Pessoal de N\u00edvel Superior &#8211; Brasil (CAPES\/PROEX) &#8211; C\u00f3digo de Financiamento 001&#8243;. Ou &#8220;This study was financed in part by the Coordena\u00e7\u00e3o de Aperfei\u00e7oamento de Pessoal de N\u00edvel Superior &#8211; Brasil (CAPES\/PROEX) &#8211; Finance Code 001&#8221;;<br>3. Documento comprobat\u00f3rio de aceita\u00e7\u00e3o oficial com a indica\u00e7\u00e3o da forma de apresenta\u00e7\u00e3o, presencial, virtual ou p\u00f4ster. Ex.: c\u00f3pia do e-mail recebido;<br>4. Folder ou equivalente que conste a descri\u00e7\u00e3o do evento, local, dura\u00e7\u00e3o e valores da taxa de inscri\u00e7\u00e3o. Ex.: print da tela do site oficial do evento.<br>5. Para eventos no exterior tamb\u00e9m apresentar Portaria de afastamento, com men\u00e7\u00e3o \u00e0 CAPES\/PROEX como fonte financiadora.<\/p>\n<p><strong>Documenta\u00e7\u00e3o para Presta\u00e7\u00e3o de Contas (at\u00e9 7 dias ap\u00f3s o evento)<\/strong><strong>:<\/strong><\/p>\n<p>Para presta\u00e7\u00e3o de contas deve-se anexar os documentos abaixo em&nbsp;<strong>formato PDF<\/strong>&nbsp;e enviar para o e-mail <span id=\"cloak7182bb14f7124fe72589c2172afb08f2\"><a href=\"mailto:financeiroppgee@gmail.com\">financeiroppgee@<\/a>ufsm.br<\/span>, com t\u00edtulo constando a sigla e ano do evento, al\u00e9m dos itens solicitados, conforme exemplo: <strong>Presta\u00e7\u00e3o [COBEP 2024] &#8211; Taxa de Inscri\u00e7\u00e3o\/Passagens A\u00e9reas\/Passagens Rodovi\u00e1rias\/Aux\u00edlio Di\u00e1rio<\/strong>.&nbsp;<\/p>\n<p>1.&nbsp;Taxa de inscri\u00e7\u00e3o: o pagamento \u00e9 realizado na forma de reembolso, mediante a apresenta\u00e7\u00e3o de nota fiscal ou recibo assinado pela organiza\u00e7\u00e3o do evento em nome de \u201c<strong>MARCO ANT\u00d4NIO DALLA COSTA &#8211; CAPES\/PROEX 1592\/2024, CPF: (informado em &#8220;Orienta\u00e7\u00f5es para solicita\u00e7\u00e3o de recurso&#8221;)<\/strong>\u201d, comprovante de pagamento e certificado de participa\u00e7\u00e3o no evento.<br>2.&nbsp;Passagens a\u00e9reas: ser\u00e3o adquiridas diretamente pela secretaria do PPGEE. Os cart\u00f5es de embarque devem ser enviados e entregues no prazo de uma semana ap\u00f3s o retorno. Taxas e\/ou multas com remarca\u00e7\u00e3o ou cancelamento de passagens n\u00e3o s\u00e3o cobertas pelo PROEX CAPES, sendo de responsabilidade daqueles que deram causa ao fato, devendo estornar os valores recebidos. No caso da n\u00e3o entrega do comprovante de participa\u00e7\u00e3o no evento e\/ou apresenta\u00e7\u00e3o do trabalho, os valores tamb\u00e9m dever\u00e3o ser devolvidos;<br>3.&nbsp;Passagens rodovi\u00e1rias: o pagamento \u00e9 realizado na forma de reembolso, mediante a apresenta\u00e7\u00e3o de comprovantes de passagens rodovi\u00e1rias, al\u00e9m do certificado de participa\u00e7\u00e3o no evento e assinatura do recibo de aux\u00edlio di\u00e1rio ou passagens;<br>4. Aux\u00edlio di\u00e1rio: inclui despesas com alimenta\u00e7\u00e3o, hospedagem e locomo\u00e7\u00e3o urbana, o pagamento \u00e9 realizado na forma de reembolso, mediante a apresenta\u00e7\u00e3o de notas fiscais em nome do docente ou discente. Todas as notas fiscais devem ser datadas e n\u00e3o devem conter rasuras. Al\u00e9m das notas fiscais, deve ser apresentado o certificado de participa\u00e7\u00e3o no evento e assinatura do recibo de aux\u00edlio di\u00e1rio ou passagens.<\/p>\n<p><!-- \/wp:tadv\/classic-paragraph --><\/p>\t\t\t\t\t\t<\/div>\n\t\t\t\t<\/div>\n\t\t\t\t\t<\/div>\n\t\t<\/div>\n\t\t\t\t\t<\/div>\n\t\t<\/section>\n\t\t\t\t<\/div>\n\t\t","protected":false},"excerpt":{"rendered":"<p>Documenta\u00e7\u00e3o para solicita\u00e7\u00e3o (preferencialmente 20 dias antes do evento): Para solicita\u00e7\u00e3o de aux\u00edlio para participa\u00e7\u00e3o em evento\/congresso, deve-se anexar os documentos abaixo em formato PDF&nbsp;e enviar para o e-mail&nbsp;financeiroppgee@ufsm.br, com t\u00edtulo constando a sigla e ano do evento em que ir\u00e1 participar, al\u00e9m dos itens solicitados, conforme exemplo:&nbsp;Solicita\u00e7\u00e3o [CBA 2024] &#8211; Taxa de Inscri\u00e7\u00e3o\/Passagens A\u00e9reas\/Passagens [&hellip;]<\/p>\n","protected":false},"author":115,"featured_media":0,"parent":0,"menu_order":0,"comment_status":"closed","ping_status":"closed","template":"","meta":{"footnotes":""},"categories":[],"tags":[],"class_list":["post-307","page","type-page","status-publish","hentry"],"acf":[],"_links":{"self":[{"href":"https:\/\/www.ufsm.br\/cursos\/pos-graduacao\/santa-maria\/ppgee\/wp-json\/wp\/v2\/pages\/307","targetHints":{"allow":["GET"]}}],"collection":[{"href":"https:\/\/www.ufsm.br\/cursos\/pos-graduacao\/santa-maria\/ppgee\/wp-json\/wp\/v2\/pages"}],"about":[{"href":"https:\/\/www.ufsm.br\/cursos\/pos-graduacao\/santa-maria\/ppgee\/wp-json\/wp\/v2\/types\/page"}],"author":[{"embeddable":true,"href":"https:\/\/www.ufsm.br\/cursos\/pos-graduacao\/santa-maria\/ppgee\/wp-json\/wp\/v2\/users\/115"}],"replies":[{"embeddable":true,"href":"https:\/\/www.ufsm.br\/cursos\/pos-graduacao\/santa-maria\/ppgee\/wp-json\/wp\/v2\/comments?post=307"}],"version-history":[{"count":0,"href":"https:\/\/www.ufsm.br\/cursos\/pos-graduacao\/santa-maria\/ppgee\/wp-json\/wp\/v2\/pages\/307\/revisions"}],"wp:attachment":[{"href":"https:\/\/www.ufsm.br\/cursos\/pos-graduacao\/santa-maria\/ppgee\/wp-json\/wp\/v2\/media?parent=307"}],"wp:term":[{"taxonomy":"category","embeddable":true,"href":"https:\/\/www.ufsm.br\/cursos\/pos-graduacao\/santa-maria\/ppgee\/wp-json\/wp\/v2\/categories?post=307"},{"taxonomy":"post_tag","embeddable":true,"href":"https:\/\/www.ufsm.br\/cursos\/pos-graduacao\/santa-maria\/ppgee\/wp-json\/wp\/v2\/tags?post=307"}],"curies":[{"name":"wp","href":"https:\/\/api.w.org\/{rel}","templated":true}]}}