{"id":176,"date":"2019-03-08T11:57:52","date_gmt":"2019-03-08T14:57:52","guid":{"rendered":"https:\/\/www.ufsm.br\/cursos\/pos-graduacao\/santa-maria\/ppgenf\/?page_id=176"},"modified":"2025-11-17T08:54:02","modified_gmt":"2025-11-17T11:54:02","slug":"area-de-concentracao","status":"publish","type":"page","link":"https:\/\/www.ufsm.br\/cursos\/pos-graduacao\/santa-maria\/ppgenf\/area-de-concentracao","title":{"rendered":"Objetivo, \u00c1rea de concentra\u00e7\u00e3o, Linha de Pesquisa, Grupos e N\u00facleos de Pesquisa"},"content":{"rendered":"\t\t<div data-elementor-type=\"wp-page\" data-elementor-id=\"176\" class=\"elementor elementor-176\">\n\t\t\t\t\t\t<section class=\"elementor-section elementor-top-section elementor-element elementor-element-1359cee3 elementor-section-boxed elementor-section-height-default elementor-section-height-default\" data-id=\"1359cee3\" data-element_type=\"section\">\n\t\t\t\t\t\t<div class=\"elementor-container elementor-column-gap-default\">\n\t\t\t\t\t<div class=\"elementor-column elementor-col-100 elementor-top-column elementor-element elementor-element-42a5e464\" data-id=\"42a5e464\" data-element_type=\"column\">\n\t\t\t<div class=\"elementor-widget-wrap elementor-element-populated\">\n\t\t\t\t\t\t<div class=\"elementor-element elementor-element-6f813db1 elementor-widget elementor-widget-text-editor\" data-id=\"6f813db1\" data-element_type=\"widget\" data-widget_type=\"text-editor.default\">\n\t\t\t\t<div class=\"elementor-widget-container\">\n\t\t\t\t\t\t\t<div>O Programa de P\u00f3s Gradua\u00e7\u00e3o em Enfermagem (PPGENF) est\u00e1 lotado no Centro de\u00a0 Ci\u00eancias da Sa\u00fade, Universidade Federal de Santa Maria Campus Sede em Camobi, cidade de Santa Maria no Estado do Rio Grande do Sul. Compreende os Cursos stricto sensu Acad\u00eamico na \u00c1rea de Enfermagem de Mestrado e Doutorado.\u00a0<\/div><div>\u00a0<\/div><div>O <strong>objetivo<\/strong>\u00a0\u00e9 qualificar enfermeiros e profissionais do campo da sa\u00fade capazes de produzir conhecimento cient\u00edfico com dom\u00ednio de concep\u00e7\u00f5es te\u00f3ricas, metodol\u00f3gicas e tecnol\u00f3gicas de cuidado, educa\u00e7\u00e3o, trabalho em enfermagem e sa\u00fade.\u00a0<\/div><div>\u00a0<\/div><div>A <strong>\u00c1rea de concentra\u00e7\u00e3o<\/strong> \u00e9 &#8220;Cuidado, Educa\u00e7\u00e3o e Trabalho em Enfermagem e Sa\u00fade&#8221; que compreende estudos sobre cuidado, educa\u00e7\u00e3o, trabalho e gest\u00e3o em enfermagem e em sa\u00fade, para a produ\u00e7\u00e3o de conhecimento, tecnologia e inova\u00e7\u00e3o, contribuindo com a constru\u00e7\u00e3o e consolida\u00e7\u00e3o de pol\u00edticas p\u00fablicas.<\/div><div>\u00a0<\/div><div>As <strong>Linhas de Pesquisa<\/strong> do PPGENF s\u00e3o: Cuidado e Educa\u00e7\u00e3o em Enfermagem e Sa\u00fade e Trabalho e Gest\u00e3o em Enfermagem e Sa\u00fade.<\/div><div>\u00a0<\/div><div>A Linha de Pesquisa Cuidado e Educa\u00e7\u00e3o em Enfermagem e Sa\u00fade, conhecida como Linha do Cuidado, congrega estudos sobre o cuidado e educa\u00e7\u00e3o \u00e0s pessoas e fam\u00edlias, nos diversos ciclos da vida, inseridos no contexto das pol\u00edticas p\u00fablicas.\u00a0 Os Grupos vinculados a esta Linha s\u00e3o:\u00a0<\/div><div>\u00a0<\/div><ul><li><em>Grupo de Estudos e Pesquisas em Enfermagem e Sa\u00fade (GEPES) &#8211; <\/em><a href=\"http:\/\/dgp.cnpq.br\/dgp\/espelhogrupo\/3856231939722325\">http:\/\/dgp.cnpq.br\/dgp\/espelhogrupo\/3856231939722325<\/a><\/li><\/ul><div>Trabalha com tem\u00e1ticas relacionadas a Educa\u00e7\u00e3o, Sa\u00fade e Enfermagem, pr\u00e1ticas de cuidado de enfermagem e sa\u00fade durante o processo de viver e morrer e tecnologias nos v\u00e1rios cen\u00e1rios de atua\u00e7\u00e3o em enfermagem. O GEPES \u00e9 coordenado pelas professoras Dra. Silvana Bastos Cogo.e Dra. Graciela Dutra Sehnem.<\/div><div>\u00a0<\/div><ul><li><em>Grupo de Pesquisa Cuidado \u00e0 Sa\u00fade das Pessoas, Fam\u00edlias e Sociedade (GP-PEFAS) &#8211; <a href=\"http:\/\/dgp.cnpq.br\/dgp\/espelhogrupo\/6113535756294274\">http:\/\/dgp.cnpq.br\/dgp\/espelhogrupo\/6113535756294274<\/a><\/em><\/li><\/ul><div>Trabalha com Produ\u00e7\u00e3o de Tecnologias Educativas na promo\u00e7\u00e3o da sa\u00fade em Seguran\u00e7a Alimentar e Nutricional e cuidado de crian\u00e7as pequenas, de Boas Pr\u00e1ticas na Aten\u00e7\u00e3o ao Parto e Nascimento, na aten\u00e7\u00e3o \u00e0s pessoas com HIV e s\u00edfilis e aten\u00e7\u00e3o \u00e0 sa\u00fade da mulher em situa\u00e7\u00e3o de viol\u00eancia. As tem\u00e1ticas s\u00e3o sustentadas pela Pr\u00e1tica Baseada em Evid\u00eancias e a execu\u00e7\u00e3o \u00e9 pautada no modelo conceitual da Tradu\u00e7\u00e3o do Conhecimento em A\u00e7\u00e3o. Integram o PEFAS as professoras pesquisadoras Dra Aline Cammarano Ribeiro e Dra Tassiane F. Langendorf e sua coordena\u00e7\u00e3o \u00e9 compartilhada pelas professoras Dra. Cristiane Cardoso de Paula e Dra. Stela Maris de Mello Padoin.<\/div><div>\u00a0<\/div><ul><li><em>Grupo de Pesquisa Cuidado em Sa\u00fade Mental e Forma\u00e7\u00e3o em Sa\u00fade (GPFORESM) &#8211; <\/em><a href=\"http:\/\/dgp.cnpq.br\/dgp\/espelhogrupo\/4146652731892790\">http:\/\/dgp.cnpq.br\/dgp\/espelhogrupo\/4146652731892790<\/a><\/li><\/ul><div>Sob lideran\u00e7a das professoras Dra. Daiana Foggiato de Siqueira e Dra. Cristiane Arnemann, conta com a colabora\u00e7\u00e3o da idealizadora do grupo Profa. Dra. Marlene Gomes Terra e atua nas linhas de pesquisa \u201cSa\u00fade Mental e Subst\u00e2ncias Psicoativas\u201d e \u201cEduca\u00e7\u00e3o e Forma\u00e7\u00e3o em Sa\u00fade\u201d. Integra estudantes da gradua\u00e7\u00e3o e p\u00f3s-gradua\u00e7\u00e3o, pesquisadores e trabalhadores dos servi\u00e7os de sa\u00fade.<\/div><div>\u00a0<\/div><ul><li><em>Sa\u00fade do neonato, crian\u00e7a, adolescente e fam\u00edlia (CRIANDO) &#8211; <\/em><a href=\"http:\/\/dgp.cnpq.br\/dgp\/espelhogrupo\/2657418269881739\">http:\/\/dgp.cnpq.br\/dgp\/espelhogrupo\/2657418269881739<\/a><\/li><\/ul><div>Trabalha com tem\u00e1ticas relacionadas ao cuidado \u00e0 crian\u00e7a, adolescente e suas fam\u00edlias no contexto da cronicidade; crian\u00e7as com necessidades especiais de sa\u00fade; pol\u00edticas e pr\u00e1ticas na sa\u00fade do neonato, crian\u00e7a, adolescente e suas fam\u00edlias. O CRIANDO \u00e9 coordenado pela professora Dra. Eliane Tatsch Neves e, tendo como colaboradores externos as professoras Dra. Neila Santini de Souza, Dra. Andressa de Silveira, Dra. Beatriz Tozzo e os professores Dr. Leonardo Bigolin e Dr. Rivaldo Farias.<\/div><div>\u00a0<\/div><ul><li><em>Grupo de Pesquisa Cuidado, Sa\u00fade e Enfermagem &#8211; <\/em><a href=\"http:\/\/dgp.cnpq.br\/dgp\/espelhogrupo\/2236759186714832\">http:\/\/dgp.cnpq.br\/dgp\/espelhogrupo\/2236759186714832<\/a><\/li><\/ul><div>\u00a0 \u00a0 \u00a0 \u00a0 \u00a0 O <strong>N\u00facleo de Estudos em Cuidado e Fam\u00edlia<\/strong>, integra o Grupo de Pesquisa Cuidado, Sa\u00fade e Enfermagem, dedica-se a estudos e pesquisas relacionadas a fam\u00edlia, cuidador familiar, experi\u00eancia de adoecimento por situa\u00e7\u00f5es cr\u00f4nicas, cuidados de enfermagem, estomias e tecnologias cuidativo-educacionais, desde 2015.. O NECFAM \u00e9 coordenado pela Profa Dra Nara Marilene Oliveira Girardon-Perlini e Dra. Naiana Oliveira dos Santos.\u00a0<\/div><div>\u00a0 \u00a0 \u00a0 \u00a0 \u00a0 O <strong>N\u00facleo de Ensino, Pesquisa e Extens\u00e3o Pr\u00e1ticas de Cuidado nos Cen\u00e1rios da Sa\u00fade<\/strong>, integra o Grupo de Pesquisa Cuidado, Sa\u00fade e Enfermagem, trabalha com as tem\u00e1ticas das Doen\u00e7as Cr\u00f4nicas N\u00e3o Transmiss\u00edveis; Doen\u00e7as Cr\u00f4nicas Transmiss\u00edveis; Pr\u00e1ticas Integrativas e Complementares em Sa\u00fade e Aten\u00e7\u00e3o Prim\u00e1ria \u00e0 Sa\u00fade. O PraCCeS \u00e9 coordenado pela Profa. Dra. Maria Denise Schimith e Profa. Dra. La\u00eds Mara Caetano da Silva.<\/div><div>\u00a0<span style=\"color: #000000;font-size: 1rem;font-weight: var( --e-global-typography-text-font-weight );text-align: var(--bs-body-text-align)\">\u00a0<\/span><\/div><div>\u00a0<\/div><div>A Linha de Pesquisa Trabalho e Gest\u00e3o em Enfermagem e Sa\u00fade, conhecida como Linha do Trabalho, compreende estudos que contemplem o trabalho e a gest\u00e3o em enfermagem e em sa\u00fade, sustentados em diferentes referenciais te\u00f3ricos e metodol\u00f3gicos, nos diversos cen\u00e1rios. Os Grupos vinculados a esta Linha s\u00e3o:<\/div><div>\u00a0<\/div><ul><li><em>Grupo Trabalho, \u00c9tica, Sa\u00fade e Seguran\u00e7a do Paciente &#8211; <a href=\"http:\/\/dgp.cnpq.br\/dgp\/espelhogrupo\/353030\">http:\/\/dgp.cnpq.br\/dgp\/espelhogrupo\/353030<\/a><\/em><\/li><\/ul><div>Atua com as tem\u00e1ticas relacionadas a diferentes agravos \u00e0 sa\u00fade do trabalhador e seguran\u00e7a do paciente, implica\u00e7\u00f5es \u00e9ticas ao trabalho na busca de evid\u00eancias que visem interven\u00e7\u00f5es\/estrat\u00e9gias para promo\u00e7\u00e3o de ambientes laborais saud\u00e1veis e pr\u00e1ticas seguras. O GTESSP \u00e9 coordenado pela l\u00edder Profa Dra Graziele de Lima Dalmolin e vice-l\u00edder Profa Dra Rafaela Andolhe. E conta com os professores colaboradores Profa Dra T\u00e2nia Solange Bosi de Souza Magnago (UFSM), Profa Dra Patr\u00edcia Bitencourt Toscani Greco (URI), Yuliett Mora Perez (Cuba) e Paula Andrea Cevallos Vasquez (Chile).<\/div><div>\u00a0<\/div><ul><li><em>Grupo de pesquisa Trabalho, Sa\u00fade, Educa\u00e7\u00e3o e Enfermagem &#8211;\u00a0 \u00a0 \u00a0 <a href=\"http:\/\/dgp.cnpq.br\/dgp\/espelhogrupo\/603326\">http:\/\/dgp.cnpq.br\/dgp\/espelhogrupo\/603326\u00a0\u00a0 \u00a0<\/a> \u00a0 \u00a0 \u00a0 \u00a0 \u00a0<\/em><\/li><\/ul><div>\u00a0 \u00a0 \u00a0 \u00a0 \u00a0 O subgrupo de Pesquisa em <strong>Sa\u00fade do Trabalhador Trabalho e Bem-Estar<\/strong> (GEST) atua com tem\u00e1ticas relacionadas ao sono, trabalho em turnos, ritmo circadiano, qualidade de vida e aspectos psicossociais do trabalho. O GEST \u00e9 coordenado pelas professoras Dra. Ros\u00e2ngela Marion da Silva e Dra. Carmem L\u00facia Colom\u00e9 Beck. Tendo como colaboradora a Profa. Dra. Alexa Pupiara F. Coelho Centenaro.<\/div><div>\u00a0 \u00a0 \u00a0 \u00a0 \u00a0 O subgrupo <strong>Grupo de Estudos em Trabalho, Enfermagem, Sa\u00fade, Seguran\u00e7a e Meio Ambiente<\/strong> integra o Grupo de Pesquisa Trabalho, Sa\u00fade, Educa\u00e7\u00e3o e Enfermagem (GETESSMA) atua com tem\u00e1ticas relacionadas ao trabalho em sa\u00fade e enfermagem, ambiente de trabalho, sa\u00fade do trabalhador, condi\u00e7\u00f5es de trabalho da enfermagem e transi\u00e7\u00e3o do cuidado. O GETESSMA \u00e9 coordenado pelas Professoras Dra Silviamar Camponogara e Dra Etiane de Oliveira Freitas.<\/div><div>\u00a0 \u00a0 \u00a0 \u00a0 \u00a0O subgrupo <strong>Gest\u00e3o e Aten\u00e7\u00e3o em Sa\u00fade e Enfermagem<\/strong> (GASENF) desenvolve pesquisas relacionados \u00e0 gest\u00e3o em sa\u00fade, melhoria da qualidade da assist\u00eancia, gerenciamento do cuidado e dos servi\u00e7os de sa\u00fade, buscando discutir estas concep\u00e7\u00f5es te\u00f3ricas e suas rela\u00e7\u00f5es com a sa\u00fade do trabalhador e a organiza\u00e7\u00e3o da rede integrada dos servi\u00e7os de sa\u00fade. O GASEnf \u00e9 coordenado pela Profa. Dra Suzinara Beatris Soares de Lima e conta com professores colaboradores Dr. Valdecir da Costa Zavarese, Dra. Vera Regina Real Garcia da UFSM, Dra. Tha\u00eds Dresch Eberhardt (UPF) e o Profe. Dr. Paulo Jorge Pereira Alves da (Universidade Cat\u00f3lica Portuguesa\/ Portugal.<\/div><div>\u00a0<\/div><ul><li><em>Grupo de Ensino, Pesquisa e Extens\u00e3o em Sa\u00fade Coletiva (GEPESC) &#8211; <\/em><a href=\"http:\/\/www.dgp.cnpq.br\/dgp\/espelhogrupo\/4520463066505471\">ttp:\/\/www.dgp.cnpq.br\/dgp\/espelhogrupo\/4520463066505471<\/a><\/li><\/ul><div>Atua com tem\u00e1ticas do campo da sa\u00fade coletiva nos diferentes espa\u00e7os de produ\u00e7\u00e3o de sa\u00fade por meio de atividades de ensino, pesquisa e extens\u00e3o. O GEPESC \u00e9 coordenado pela Profa Dra. Teresinha Heck Weiller e Profe Ma. Elisa Rucks Megier. Tendo como colaboradores externos os professores Dr. Guilherme Pinheiro (Polit\u00e9cnico\/UFSM). Adalvane Damasceno (UNISINOS), Dr. Pedro Palha (EERP\/USP), Dra. Jaqueline Ballestero (EERP\/USP) e Dra. Juliana Colom\u00e9 (UFN).<\/div><div>\u00a0<\/div><p><!-- \/wp:tadv\/classic-paragraph --><\/p>\t\t\t\t\t\t<\/div>\n\t\t\t\t<\/div>\n\t\t\t\t\t<\/div>\n\t\t<\/div>\n\t\t\t\t\t<\/div>\n\t\t<\/section>\n\t\t\t\t<\/div>\n\t\t","protected":false},"excerpt":{"rendered":"<p>O Programa de P\u00f3s Gradua\u00e7\u00e3o em Enfermagem (PPGENF) est\u00e1 lotado no Centro de\u00a0 Ci\u00eancias da Sa\u00fade, Universidade Federal de Santa Maria Campus Sede em Camobi, cidade de Santa Maria no Estado do Rio Grande do Sul. Compreende os Cursos stricto sensu Acad\u00eamico na \u00c1rea de Enfermagem de Mestrado e Doutorado.\u00a0\u00a0O objetivo\u00a0\u00e9 qualificar enfermeiros e profissionais [&hellip;]<\/p>\n","protected":false},"author":115,"featured_media":0,"parent":0,"menu_order":0,"comment_status":"closed","ping_status":"closed","template":"","meta":{"footnotes":""},"categories":[],"tags":[],"class_list":["post-176","page","type-page","status-publish","hentry"],"acf":[],"_links":{"self":[{"href":"https:\/\/www.ufsm.br\/cursos\/pos-graduacao\/santa-maria\/ppgenf\/wp-json\/wp\/v2\/pages\/176","targetHints":{"allow":["GET"]}}],"collection":[{"href":"https:\/\/www.ufsm.br\/cursos\/pos-graduacao\/santa-maria\/ppgenf\/wp-json\/wp\/v2\/pages"}],"about":[{"href":"https:\/\/www.ufsm.br\/cursos\/pos-graduacao\/santa-maria\/ppgenf\/wp-json\/wp\/v2\/types\/page"}],"author":[{"embeddable":true,"href":"https:\/\/www.ufsm.br\/cursos\/pos-graduacao\/santa-maria\/ppgenf\/wp-json\/wp\/v2\/users\/115"}],"replies":[{"embeddable":true,"href":"https:\/\/www.ufsm.br\/cursos\/pos-graduacao\/santa-maria\/ppgenf\/wp-json\/wp\/v2\/comments?post=176"}],"version-history":[{"count":0,"href":"https:\/\/www.ufsm.br\/cursos\/pos-graduacao\/santa-maria\/ppgenf\/wp-json\/wp\/v2\/pages\/176\/revisions"}],"wp:attachment":[{"href":"https:\/\/www.ufsm.br\/cursos\/pos-graduacao\/santa-maria\/ppgenf\/wp-json\/wp\/v2\/media?parent=176"}],"wp:term":[{"taxonomy":"category","embeddable":true,"href":"https:\/\/www.ufsm.br\/cursos\/pos-graduacao\/santa-maria\/ppgenf\/wp-json\/wp\/v2\/categories?post=176"},{"taxonomy":"post_tag","embeddable":true,"href":"https:\/\/www.ufsm.br\/cursos\/pos-graduacao\/santa-maria\/ppgenf\/wp-json\/wp\/v2\/tags?post=176"}],"curies":[{"name":"wp","href":"https:\/\/api.w.org\/{rel}","templated":true}]}}