{"id":2484,"date":"2024-10-07T10:00:40","date_gmt":"2024-10-07T13:00:40","guid":{"rendered":"https:\/\/www.ufsm.br\/cursos\/pos-graduacao\/santa-maria\/ppgenf\/?page_id=2484"},"modified":"2025-02-26T21:19:38","modified_gmt":"2025-02-27T00:19:38","slug":"disciplina-internacional","status":"publish","type":"page","link":"https:\/\/www.ufsm.br\/cursos\/pos-graduacao\/santa-maria\/ppgenf\/disciplina-internacional","title":{"rendered":"Disciplina Internacional"},"content":{"rendered":"\n<p>O PPGENF, em parceria com a Universidade Federal do Rio Grande do Sul e com a Universidad de Murcia &#8211; Espa\u00f1a, oferta a disciplina Pesquisas sobre a sa\u00fade das<br>mulheres na perspectiva de g\u00eanero: panorama Brasil &#8211; Espanha, com 15 h. Acessre o link em <a href=\"https:\/\/drive.google.com\/file\/d\/1SJhfxwyKtMX8DLJ-c-XBXrw-FrkNzyyi\/view?usp=sharing\">portugu\u00eas<\/a> e <a href=\"https:\/\/drive.google.com\/file\/d\/1l-UmV4WPSDsjmjXernL2lmCUkyV_rpAv\/view?usp=sharing\">espanhol,<\/a> conhe\u00e7a o PPGENF UFSM e veja mais informa\u00e7\u00f5es sobre a disciplina. <\/p>\n\n\n\n<p><\/p>\n","protected":false},"excerpt":{"rendered":"<p>O PPGENF, em parceria com a Universidade Federal do Rio Grande do Sul e com a Universidad de Murcia &#8211; Espa\u00f1a, oferta a disciplina Pesquisas sobre a sa\u00fade dasmulheres na perspectiva de g\u00eanero: panorama Brasil &#8211; Espanha, com 15 h. Acessre o link em portugu\u00eas e espanhol, conhe\u00e7a o PPGENF UFSM e veja mais informa\u00e7\u00f5es [&hellip;]<\/p>\n","protected":false},"author":6168,"featured_media":0,"parent":0,"menu_order":0,"comment_status":"closed","ping_status":"closed","template":"","meta":{"footnotes":""},"categories":[],"tags":[],"class_list":["post-2484","page","type-page","status-publish","hentry"],"acf":[],"_links":{"self":[{"href":"https:\/\/www.ufsm.br\/cursos\/pos-graduacao\/santa-maria\/ppgenf\/wp-json\/wp\/v2\/pages\/2484","targetHints":{"allow":["GET"]}}],"collection":[{"href":"https:\/\/www.ufsm.br\/cursos\/pos-graduacao\/santa-maria\/ppgenf\/wp-json\/wp\/v2\/pages"}],"about":[{"href":"https:\/\/www.ufsm.br\/cursos\/pos-graduacao\/santa-maria\/ppgenf\/wp-json\/wp\/v2\/types\/page"}],"author":[{"embeddable":true,"href":"https:\/\/www.ufsm.br\/cursos\/pos-graduacao\/santa-maria\/ppgenf\/wp-json\/wp\/v2\/users\/6168"}],"replies":[{"embeddable":true,"href":"https:\/\/www.ufsm.br\/cursos\/pos-graduacao\/santa-maria\/ppgenf\/wp-json\/wp\/v2\/comments?post=2484"}],"version-history":[{"count":0,"href":"https:\/\/www.ufsm.br\/cursos\/pos-graduacao\/santa-maria\/ppgenf\/wp-json\/wp\/v2\/pages\/2484\/revisions"}],"wp:attachment":[{"href":"https:\/\/www.ufsm.br\/cursos\/pos-graduacao\/santa-maria\/ppgenf\/wp-json\/wp\/v2\/media?parent=2484"}],"wp:term":[{"taxonomy":"category","embeddable":true,"href":"https:\/\/www.ufsm.br\/cursos\/pos-graduacao\/santa-maria\/ppgenf\/wp-json\/wp\/v2\/categories?post=2484"},{"taxonomy":"post_tag","embeddable":true,"href":"https:\/\/www.ufsm.br\/cursos\/pos-graduacao\/santa-maria\/ppgenf\/wp-json\/wp\/v2\/tags?post=2484"}],"curies":[{"name":"wp","href":"https:\/\/api.w.org\/{rel}","templated":true}]}}