{"id":1370,"date":"2022-06-08T09:01:14","date_gmt":"2022-06-08T12:01:14","guid":{"rendered":"https:\/\/www.ufsm.br\/cursos\/pos-graduacao\/santa-maria\/ppgep\/?page_id=1370"},"modified":"2026-03-16T17:57:33","modified_gmt":"2026-03-16T20:57:33","slug":"dispensa-ou-aproveitamento-de-disciplinas","status":"publish","type":"page","link":"https:\/\/www.ufsm.br\/cursos\/pos-graduacao\/santa-maria\/ppgep\/dispensa-ou-aproveitamento-de-disciplinas","title":{"rendered":"Dispensa\/Aproveitamento de disciplinas de P\u00f3s-Gradua\u00e7\u00e3o"},"content":{"rendered":"\n<p>Os(as) discentes dos cursos\/programas de p\u00f3s-gradua\u00e7\u00e3o da UFSM podem solicitar o aproveitamento ou a dispensa de disciplinas j\u00e1 cursadas na UFSM como aluno regular ou especial da UFSM e em outras Institui\u00e7\u00f5es de Ensino Superior (IES), de acordo com o Regimento Geral da P\u00f3s-Gradua\u00e7\u00e3o da UFSM e as normativas internas do curso.<\/p>\n<p>Limite de cr\u00e9ditos:<br \/>Mestrado at\u00e9 12 cr\u00e9ditos;<br \/>Doutorado at\u00e9 24 cr\u00e9ditos.<\/p>\n<p>O Processo Eletr\u00f4nico Nacional (PEN) deve ser aberto pelo discente de acordo com o tipo de solicita\u00e7\u00e3o que deseja realizar, devendo ser aberto o respectivo PEN de dispensa ou o de aproveitamento de disciplinas.<\/p>\n<p>A dispensa de disciplinas deve ser solicitada pelo(a) discente que quiser dispensar a(s) disciplina(s) do curso de p\u00f3s-gradua\u00e7\u00e3o da UFSM (que estiver matriculado como estudante regular) por disciplinas cursadas externamente ao curso na UFSM (com c\u00f3digos diferentes e\/ou em matr\u00edculas de cursos anteriores ao atual) e\/ou em outras IES.<\/p>\n<p>O aproveitamento de disciplinas deve ser solicitada pelo(a) discente que quiser aproveitar a(s) disciplina(s) cursada(s) e aprovada(s) em outro curso de p\u00f3s-gradua\u00e7\u00e3o da UFSM e\/ou em outras IES, n\u00e3o sendo substitui\u00e7\u00e3o a disciplinas do curso de p\u00f3s-gradua\u00e7\u00e3o da UFSM no qual esta matriculado como estudante regular atualmente, ou seja, que uma disciplina externa ao curso de p\u00f3s-gradua\u00e7\u00e3o seja aproveitada em seu plano de estudos.<\/p>\n<p>\u00c9 obrigat\u00f3rio que o discente abra o PEN com o tipo documental correto, de acordo com a necessidade, conforme explicado anteriormente.<\/p>\n<p>Antes de abrir o processo, caso ainda n\u00e3o tenha assinatura eletr\u00f4nica cadastrada no sistema \u00e9 obrigat\u00f3rio providenciar a assinatura do Termo de Concord\u00e2ncia Assinatura Eletr\u00f4nica Cadastrada no SIE, tutorial dispon\u00edvel <a href=\"https:\/\/www.ufsm.br\/app\/uploads\/sites\/416\/2020\/04\/Passo-a-passo-termo-assinatura-eletronica-PEN-SIE.pdf\" target=\"_blank\" rel=\"noopener\">aqui<\/a>.<\/p>\n<p>C\u00f3digo do curso de mestrado: 1059<br \/>C\u00f3digo do curso de doutorado: 1141<\/p>\n<p>Documentos:<br \/><a href=\"https:\/\/www.ufsm.br\/app\/uploads\/sites\/345\/2022\/02\/Requerimento_de_Dispensa_de_Disciplinas-NCAPG.docx\">Requerimento de dispensa de disciplinas;<\/a><br \/><a href=\"https:\/\/www.ufsm.br\/app\/uploads\/sites\/345\/2022\/02\/Requerimento_de_Aproveitamento_de_Disciplinas-NCAPG-Copia.docx\">Requerimento de aproveitamento de disciplinas.<\/a><\/p>\n<ol>\n<li>O PEN do processo de ajuste de matr\u00edcula deve ser aberto pelo(a) discente (em alguns casos pelo curso\/secretaria) no\u00a0<a href=\"https:\/\/portal.ufsm.br\/documentos\/index.html\">Portal Documentos da UFSM<\/a>.\n<ul>\n<li>Na tela de \u201cNovo Processo\u201d o primeiro campo a ser informado \u00e9 o de \u201cV\u00ednculo\u201d, que mostrar\u00e1 todos os tipos de v\u00ednculos que o(a) usu\u00e1rio(a) possui com a UFSM e cada\u00a0<strong>usu\u00e1rio deve selecionar o v\u00ednculo correto para a abertura do processo<\/strong>.<\/li>\n<li>Para\u00a0<strong>DISPENSA<\/strong>, deve ser aberto tipo documental\u00a0<strong>\u201cSolicita\u00e7\u00e3o de dispensa de disciplina de mestrado\/doutorado (134.23)\u201d<\/strong><\/li>\n<li>Para\u00a0<strong>APROVEITAMENTO<\/strong>, deve ser aberto tipo documental\u00a0<strong>\u201cSolicita\u00e7\u00e3o de aproveitamento de disciplina de mestrado\/doutorado (134.23)\u201d<\/strong><\/li>\n<li>Verificar as informa\u00e7\u00f5es constantes nos campos PROCED\u00caNCIA, INTERESSADO E AUTOR.<\/li>\n<li>Acrescentar na descri\u00e7\u00e3o a informa\u00e7\u00e3o espec\u00edfica sobre a solicita\u00e7\u00e3o desejada.<\/li>\n<li>Confira se os dados est\u00e3o corretos, o tipo documental e salve o processo.<\/li>\n<\/ul>\n<\/li>\n<li>O<strong>\u00a0TIPO DOCUMENTAL<\/strong>\u00a0deve ser informado de acordo com o procedimento necess\u00e1rio para cada discente.\n<ul>\n<li>Para\u00a0<strong>DISPENSA<\/strong>, deve ser aberto tipo documental\u00a0<strong>\u201cSolicita\u00e7\u00e3o de dispensa de disciplina de mestrado\/doutorado (134.23)\u201d<\/strong><\/li>\n<li>Para\u00a0<strong>APROVEITAMENTO<\/strong>, deve ser aberto tipo documental\u00a0<strong>\u201cSolicita\u00e7\u00e3o de aproveitamento de disciplina de mestrado\/doutorado (134.23)\u201d<\/strong><\/li>\n<\/ul>\n<\/li>\n<li>Confira se os dados est\u00e3o corretos, o tipo documental, a descri\u00e7\u00e3o do processo e salve o processo.\n<ul>\n<li>Verificar as informa\u00e7\u00f5es constantes nos campos PROCED\u00caNCIA, INTERESSADO E AUTOR.<\/li>\n<li>Acrescentar na descri\u00e7\u00e3o a informa\u00e7\u00e3o espec\u00edfica sobre a solicita\u00e7\u00e3o desejada.<\/li>\n<\/ul>\n<\/li>\n<li>Na pr\u00f3xima p\u00e1gina, deve ser inserido os seguintes documentos (em formato PDF leg\u00edvel):\n<ul>\n<li><strong>REQUERIMENTO DE DISPENSA OU DE APROVEITAMENTO DE DISCIPLINAS (obrigat\u00f3rio e de acordo com o tipo documental aberto)<\/strong>: usando o modelo disponibilizado online (ou o modelo anexo salvo em PDF) preenchido e assinado digitalmente no PEN.<\/li>\n<li><strong>COMPROVANTES<\/strong>\u00a0(hist\u00f3rico e\/ou ementa\/programa das disciplinas) e\/ou documentos que justifiquem a solicita\u00e7\u00e3o e em formato PDF leg\u00edvel.\n<ul>\n<li>Hist\u00f3rico escolar com a aprova\u00e7\u00e3o na disciplina externa;<\/li>\n<li>Ementa da disciplina;<\/li>\n<li>Programa da disciplina;<\/li>\n<\/ul>\n<\/li>\n<\/ul>\n<\/li>\n<li>Encaminhar o PEN para a Coordena\u00e7\u00e3o do Curso para an\u00e1lise.<\/li>\n<li>A secretaria do curso recebe e confere a documenta\u00e7\u00e3o, caso n\u00e3o esteja de acordo, retorna ao discente para corre\u00e7\u00e3o;<\/li>\n<li>O processo deve passar por an\u00e1lise para homologa\u00e7\u00e3o das solicita\u00e7\u00f5es,\u00a0conforme a Instru\u00e7\u00e3o Normativa N. 005\/2023.<\/li>\n<li>Ap\u00f3s an\u00e1lise e homologa\u00e7\u00e3o, a secretaria\/coordena\u00e7\u00e3o do curso tramitar\u00e1 o processo PEN ao N\u00facleo de Controle Acad\u00eamico da P\u00f3s-Gradua\u00e7\u00e3o \u2013 NCAPG\/CPG\/PRPGP (unidade 01.09.01.04.0.0) para a inclus\u00e3o no hist\u00f3rico escolar do acad\u00eamico(a).\n<ul>\n<li>O despacho ao NCAPG deve obedecer o disposto na Instru\u00e7\u00e3o Normativa N. 005\/2023 (aprova\u00e7\u00e3o em reuni\u00e3o de colegiado ou por ad referendum da coordena\u00e7\u00e3o).<\/li>\n<\/ul>\n<\/li>\n<li>Ap\u00f3s registro do NCAPG, o processo retornar\u00e1 ao curso para conhecimento e arquivo.<\/li>\n<\/ol>\n\n\n","protected":false},"excerpt":{"rendered":"<p>Os(as) discentes dos cursos\/programas de p\u00f3s-gradua\u00e7\u00e3o da UFSM podem solicitar o aproveitamento ou a dispensa de disciplinas j\u00e1 cursadas na UFSM como aluno regular ou especial da UFSM e em outras Institui\u00e7\u00f5es de Ensino Superior (IES), de acordo com o Regimento Geral da P\u00f3s-Gradua\u00e7\u00e3o da UFSM e as normativas internas do curso. Limite de cr\u00e9ditos:Mestrado [&hellip;]<\/p>\n","protected":false},"author":818,"featured_media":0,"parent":0,"menu_order":0,"comment_status":"closed","ping_status":"closed","template":"","meta":{"footnotes":""},"categories":[],"tags":[],"class_list":["post-1370","page","type-page","status-publish","hentry"],"acf":[],"_links":{"self":[{"href":"https:\/\/www.ufsm.br\/cursos\/pos-graduacao\/santa-maria\/ppgep\/wp-json\/wp\/v2\/pages\/1370","targetHints":{"allow":["GET"]}}],"collection":[{"href":"https:\/\/www.ufsm.br\/cursos\/pos-graduacao\/santa-maria\/ppgep\/wp-json\/wp\/v2\/pages"}],"about":[{"href":"https:\/\/www.ufsm.br\/cursos\/pos-graduacao\/santa-maria\/ppgep\/wp-json\/wp\/v2\/types\/page"}],"author":[{"embeddable":true,"href":"https:\/\/www.ufsm.br\/cursos\/pos-graduacao\/santa-maria\/ppgep\/wp-json\/wp\/v2\/users\/818"}],"replies":[{"embeddable":true,"href":"https:\/\/www.ufsm.br\/cursos\/pos-graduacao\/santa-maria\/ppgep\/wp-json\/wp\/v2\/comments?post=1370"}],"version-history":[{"count":0,"href":"https:\/\/www.ufsm.br\/cursos\/pos-graduacao\/santa-maria\/ppgep\/wp-json\/wp\/v2\/pages\/1370\/revisions"}],"wp:attachment":[{"href":"https:\/\/www.ufsm.br\/cursos\/pos-graduacao\/santa-maria\/ppgep\/wp-json\/wp\/v2\/media?parent=1370"}],"wp:term":[{"taxonomy":"category","embeddable":true,"href":"https:\/\/www.ufsm.br\/cursos\/pos-graduacao\/santa-maria\/ppgep\/wp-json\/wp\/v2\/categories?post=1370"},{"taxonomy":"post_tag","embeddable":true,"href":"https:\/\/www.ufsm.br\/cursos\/pos-graduacao\/santa-maria\/ppgep\/wp-json\/wp\/v2\/tags?post=1370"}],"curies":[{"name":"wp","href":"https:\/\/api.w.org\/{rel}","templated":true}]}}