{"id":160,"date":"2019-04-04T14:53:52","date_gmt":"2019-04-04T17:53:52","guid":{"rendered":"https:\/\/www.ufsm.br\/cursos\/pos-graduacao\/santa-maria\/ppgep\/?page_id=160"},"modified":"2021-04-28T00:19:23","modified_gmt":"2021-04-28T03:19:23","slug":"historico","status":"publish","type":"page","link":"https:\/\/www.ufsm.br\/cursos\/pos-graduacao\/santa-maria\/ppgep\/historico","title":{"rendered":"Hist\u00f3rico"},"content":{"rendered":"\n<div class=\"item-page\">\n<p>O hist\u00f3rico do <strong>Programa de P\u00f3s-Gradua\u00e7\u00e3o em Engenharia de Produ\u00e7\u00e3o (PPGEP) <\/strong>corresponde ao do Centro de Tecnologia, pois sempre houve ao longo do desenvolvimento deste, uma preocupa\u00e7\u00e3o constante dos seus v\u00e1rios departamentos, com a pesquisa cient\u00edfica e tecnol\u00f3gica nas \u00e1reas de conhecimento que lhes afetam.<\/p>\n<p>\u00c9 nesta linha de preocupa\u00e7\u00e3o constante com a pesquisa cient\u00edfica e tecnol\u00f3gica, que em 1972, surgiu o curso de p\u00f3s-gradua\u00e7\u00e3o que originaria o atual PPGEP, inicialmente concebido para atender a Engenharia Mec\u00e2nica. Em 1974, a UFSM, atrav\u00e9s do Centro de Tecnologia instalou o Curso de P\u00f3s-Gradua\u00e7\u00e3o em Engenharia Mec\u00e2nica, com duas op\u00e7\u00f5es de estudo e pesquisa, procurando manter-se sempre presente ao movimento de aperfei\u00e7oamento e constante atualiza\u00e7\u00e3o do ensino de engenharia, tendo como objetivo tamb\u00e9m o desenvolvimento econ\u00f4mico da regi\u00e3o geo-educacional da UFSM.<\/p>\n<p>No entanto, a estrutura do curso tal como se apresentava, n\u00e3o foi suficiente para a obten\u00e7\u00e3o de seu credenciamento pelo Conselho Federal de Educa\u00e7\u00e3o, optando-se ent\u00e3o pela reestrutura\u00e7\u00e3o do curr\u00edculo, e a diretriz escolhida foi a orienta\u00e7\u00e3o do curso para a Engenharia de Produ\u00e7\u00e3o, que procuraria focalizar o aspecto econ\u00f4mico dos sistemas de engenharia, os processos de fabrica\u00e7\u00e3o, t\u00e9cnicas de an\u00e1lise do trabalho, t\u00f3picos relacionados com planejamento e controle da produ\u00e7\u00e3o, e aplica\u00e7\u00e3o de m\u00e9todos matem\u00e1ticos na solu\u00e7\u00e3o de problemas de planejamento e administra\u00e7\u00e3o.<\/p>\n<p>Mas foi em 1976, que foi alterado o nome do Curso de P\u00f3s-Gradua\u00e7\u00e3o em Engenharia Mec\u00e2nica, op\u00e7\u00e3o Gerencia Industrial, para Curso de P\u00f3s-Gradua\u00e7\u00e3o em Engenharia de Produ\u00e7\u00e3o, com fortes liga\u00e7\u00f5es ao Departamento de Engenharia Industrial, hoje Departamento de Engenharia de Produ\u00e7\u00e3o e Sistemas. Em 1980 estavam definidas as duas principais \u00e1reas de estudo e pesquisa do Curso: Ger\u00eancia da Produ\u00e7\u00e3o e Pesquisa Operacional.<\/p>\n<p>Na d\u00e9cada de 1990, os Docentes do PPGEP realizaram a sua qualifica\u00e7\u00e3o de doutoramento. Nos \u00faltimos anos foi reorganizado o PPGEP com o fortalecimento da \u00c1rea de Concentra\u00e7\u00e3o Ger\u00eancia da Produ\u00e7\u00e3o e suas linhas de pesquisa, concentrando as diversas a\u00e7\u00f5es inovadoras, e um modelo de gest\u00e3o com transpar\u00eancia e crit\u00e9rios bem definidos, tanto para docentes, alunos e futuros mestrandos.<\/p>\n<p>O Programa de P\u00f3s-Gradua\u00e7\u00e3o em Engenharia de Produ\u00e7\u00e3o, (PPGEP\/UFSM), o qual compreende o Curso de Mestrado em Engenharia de Produ\u00e7\u00e3o, atuando na forma\u00e7\u00e3o de profissionais com perfil para a doc\u00eancia, a pesquisa e a gest\u00e3o. Comprometido com \u00e0s necessidades regionais oferecendo conhecimento das novas mudan\u00e7as tecnol\u00f3gicas e sociais, al\u00e9m de dar \u00eanfase no gerenciamento e avalia\u00e7\u00e3o de a\u00e7\u00f5es de desenvolvimento voltadas ao contexto regional. O PPGEP prop\u00f5e-se a atender, de forma equilibrada e com excel\u00eancia, ensino, pesquisa e extens\u00e3o no campo da Engenharia de Produ\u00e7\u00e3o, mais especificamente, na \u00e1rea de concentra\u00e7\u00e3o de Ger\u00eancia de Produ\u00e7\u00e3o. Essa \u00e1rea de concentra\u00e7\u00e3o engloba pesquisas centradas nos temas: M\u00e9todos Quantitativos para a Tomada de Decis\u00e3o, Intelig\u00eancia Organizacional, Gest\u00e3o Integrada e de Energia e Mobilidade<br \/>Sustent\u00e1vel, que constituem as linhas de pesquisa do Programa.<\/p>\n<p>Em 2010, houve uma reestrutura\u00e7\u00e3o no corpo de professores, em fun\u00e7\u00e3o dos crit\u00e9rios de credenciamento e descredenciamento. O perfil dos professores doutores do programa, formados em institui\u00e7\u00f5es de renome nacional e internacional, possuem projetos nas linhas de pesquisas citadas anteriormente. A Engenharia de Produ\u00e7\u00e3o da UFSM atua em dois n\u00edveis de ensino e pesquisa: gradua\u00e7\u00e3o e mestrado acad\u00eamico.<\/p>\n<p>Nos anos de 2013 a 2018 o Programa abrigou nove bolsistas pesquisador em est\u00e1gio p\u00f3s-doutoral, fazendo pesquisas na linha de pesquisa de Intelig\u00eancia Organizacional. O PPGEP atua fortemente na regi\u00e3o, com a\u00e7\u00f5es nas mais diversas c\u00e2maras industriais e institui\u00e7\u00f5es acad\u00eamicas, formando profissionais para pesquisa e doc\u00eancia e que participam nos diversos grupos de pesquisa e laborat\u00f3rios do programa. Os docentes tem sido chamados para contribuir em diversas inst\u00e2ncias da UFSM e em projetos de outros PPGs. A procura pelo programa, em n\u00edvel de ensino, pesquisa e extens\u00e3o, tem crescido ano ap\u00f3s ano, evidenciando a necessidade e a import\u00e2ncia para a regi\u00e3o de um n\u00facleo de estudos avan\u00e7ados em Engenharia de Produ\u00e7\u00e3o. Na avalia\u00e7\u00e3o quadrienal o Programa recebeu o conceito 4, demonstrando a melhora de qualidade nos crit\u00e9rios da avalia\u00e7\u00e3o. Foi submetida a Aplicativos de Propostas de Cursos Novos (APCN) para o doutorado em 2017 e aprovada em dezembro de 2018, com previs\u00e3o de in\u00edcio das atividades para 2019.<\/p>\n<p><strong>Curso de Doutorado<\/strong><\/p>\n<p>O Curso de P\u00f3s-Gradua\u00e7\u00e3o em Engenharia de Produ\u00e7\u00e3o, n\u00edvel Doutorado, iniciou seu funcionamento em 16 de janeiro de 2019.<\/p>\n<p>O processo seletivo de aluno regular de Doutorado ocorre semestralmente atrav\u00e9s de edital p\u00fablico, orientamos aos candidatos a leitura do \u00faltimo edital de sele\u00e7\u00e3o, dispon\u00edvel <a href=\"https:\/\/www.ufsm.br\/cursos\/pos-graduacao\/santa-maria\/ppgep\/aluno-regular-doutorado\/\">aqui<\/a>.<\/p>\n<\/div>\n","protected":false},"excerpt":{"rendered":"<p>O hist\u00f3rico do Programa de P\u00f3s-Gradua\u00e7\u00e3o em Engenharia de Produ\u00e7\u00e3o (PPGEP) corresponde ao do Centro de Tecnologia, pois sempre houve ao longo do desenvolvimento deste, uma preocupa\u00e7\u00e3o constante dos seus v\u00e1rios departamentos, com a pesquisa cient\u00edfica e tecnol\u00f3gica nas \u00e1reas de conhecimento que lhes afetam. \u00c9 nesta linha de preocupa\u00e7\u00e3o constante com a pesquisa cient\u00edfica [&hellip;]<\/p>\n","protected":false},"author":118,"featured_media":0,"parent":0,"menu_order":0,"comment_status":"closed","ping_status":"closed","template":"","meta":{"footnotes":""},"categories":[],"tags":[],"class_list":["post-160","page","type-page","status-publish","hentry"],"acf":[],"_links":{"self":[{"href":"https:\/\/www.ufsm.br\/cursos\/pos-graduacao\/santa-maria\/ppgep\/wp-json\/wp\/v2\/pages\/160","targetHints":{"allow":["GET"]}}],"collection":[{"href":"https:\/\/www.ufsm.br\/cursos\/pos-graduacao\/santa-maria\/ppgep\/wp-json\/wp\/v2\/pages"}],"about":[{"href":"https:\/\/www.ufsm.br\/cursos\/pos-graduacao\/santa-maria\/ppgep\/wp-json\/wp\/v2\/types\/page"}],"author":[{"embeddable":true,"href":"https:\/\/www.ufsm.br\/cursos\/pos-graduacao\/santa-maria\/ppgep\/wp-json\/wp\/v2\/users\/118"}],"replies":[{"embeddable":true,"href":"https:\/\/www.ufsm.br\/cursos\/pos-graduacao\/santa-maria\/ppgep\/wp-json\/wp\/v2\/comments?post=160"}],"version-history":[{"count":0,"href":"https:\/\/www.ufsm.br\/cursos\/pos-graduacao\/santa-maria\/ppgep\/wp-json\/wp\/v2\/pages\/160\/revisions"}],"wp:attachment":[{"href":"https:\/\/www.ufsm.br\/cursos\/pos-graduacao\/santa-maria\/ppgep\/wp-json\/wp\/v2\/media?parent=160"}],"wp:term":[{"taxonomy":"category","embeddable":true,"href":"https:\/\/www.ufsm.br\/cursos\/pos-graduacao\/santa-maria\/ppgep\/wp-json\/wp\/v2\/categories?post=160"},{"taxonomy":"post_tag","embeddable":true,"href":"https:\/\/www.ufsm.br\/cursos\/pos-graduacao\/santa-maria\/ppgep\/wp-json\/wp\/v2\/tags?post=160"}],"curies":[{"name":"wp","href":"https:\/\/api.w.org\/{rel}","templated":true}]}}