{"id":2456,"date":"2026-03-16T19:10:11","date_gmt":"2026-03-16T22:10:11","guid":{"rendered":"https:\/\/www.ufsm.br\/cursos\/pos-graduacao\/santa-maria\/ppgep\/?page_id=2456"},"modified":"2026-03-23T17:56:09","modified_gmt":"2026-03-23T20:56:09","slug":"prorrogacao-de-prazo-do-exame-de-qualificacao","status":"publish","type":"page","link":"https:\/\/www.ufsm.br\/cursos\/pos-graduacao\/santa-maria\/ppgep\/prorrogacao-de-prazo-do-exame-de-qualificacao","title":{"rendered":"Prorroga\u00e7\u00e3o de prazo do exame de qualifica\u00e7\u00e3o"},"content":{"rendered":"\n<p>Os(As) discentes dos cursos de p\u00f3s-gradua\u00e7\u00e3o da UFSM podem solicitar a prorroga\u00e7\u00e3o de prazo do exame de qualifica\u00e7\u00e3o, conforme as orienta\u00e7\u00f5es constante nesta p\u00e1gina e descritas abaixo.<\/p>\n<p>O\u00a0<strong>Processo de prorroga\u00e7\u00e3o de prazo do exame de qualifica\u00e7\u00e3o pode ser aberto pelo discente<\/strong>\u00a0no\u00a0<a href=\"https:\/\/portal.ufsm.br\/documentos\/index.html\">Portal Documentos da UFSM<\/a>.<\/p>\n<ul>\n<li>Menu Novo &gt; Processo&gt; seleciona o PEN com tipo documental <strong>\u201cProcesso de prorroga\u00e7\u00e3o de prazo do exame de qualifica\u00e7\u00e3o (134.323)\u201c<\/strong><\/li>\n<\/ul>\n<p>Utilizar o mesmo requerimento de prorroga\u00e7\u00e3o de prazo Stricto Sensu.<\/p>\n<p><b><u>Procedimento:<\/u>\u00a0<\/b>discente abre o PEN anexando o\u00a0<a href=\"https:\/\/www.ufsm.br\/app\/uploads\/sites\/345\/2018\/08\/Requerimento_Prorrogacao_Prazo_Defesa_Stricto-Sensu.docx\" target=\"_blank\" rel=\"noopener\">requerimento de prorroga\u00e7\u00e3o de prazo Stricto Sensu<\/a> e demais documentos em formato PDF leg\u00edvel, tramita para o(a) orientador(a) e este tramita ao Curso para an\u00e1lise do Colegiado. Se aprovado pelo Colegiado, anexa a ata da reuni\u00e3o e arquiva o processo, <strong>INFORMANDO no despacho o prazo homologado pelo colegiado com a data limite para a prorroga\u00e7\u00e3o<\/strong>.<\/p>\n<p><strong>Fluxo da abertura do PEN de prorroga\u00e7\u00e3o de prazo do exame de qualifica\u00e7\u00e3o de mestrado\/doutorado:<br \/><\/strong>Discente &gt; Orientador(a) &gt; Curso\/Colegiado &gt; Registro em ata&gt; Arquivamento.<\/p>\n","protected":false},"excerpt":{"rendered":"<p>Os(As) discentes dos cursos de p\u00f3s-gradua\u00e7\u00e3o da UFSM podem solicitar a prorroga\u00e7\u00e3o de prazo do exame de qualifica\u00e7\u00e3o, conforme as orienta\u00e7\u00f5es constante nesta p\u00e1gina e descritas abaixo. O\u00a0Processo de prorroga\u00e7\u00e3o de prazo do exame de qualifica\u00e7\u00e3o pode ser aberto pelo discente\u00a0no\u00a0Portal Documentos da UFSM. Menu Novo &gt; Processo&gt; seleciona o PEN com tipo documental \u201cProcesso [&hellip;]<\/p>\n","protected":false},"author":818,"featured_media":0,"parent":0,"menu_order":0,"comment_status":"closed","ping_status":"closed","template":"","meta":{"footnotes":""},"categories":[],"tags":[],"class_list":["post-2456","page","type-page","status-publish","hentry"],"acf":[],"_links":{"self":[{"href":"https:\/\/www.ufsm.br\/cursos\/pos-graduacao\/santa-maria\/ppgep\/wp-json\/wp\/v2\/pages\/2456","targetHints":{"allow":["GET"]}}],"collection":[{"href":"https:\/\/www.ufsm.br\/cursos\/pos-graduacao\/santa-maria\/ppgep\/wp-json\/wp\/v2\/pages"}],"about":[{"href":"https:\/\/www.ufsm.br\/cursos\/pos-graduacao\/santa-maria\/ppgep\/wp-json\/wp\/v2\/types\/page"}],"author":[{"embeddable":true,"href":"https:\/\/www.ufsm.br\/cursos\/pos-graduacao\/santa-maria\/ppgep\/wp-json\/wp\/v2\/users\/818"}],"replies":[{"embeddable":true,"href":"https:\/\/www.ufsm.br\/cursos\/pos-graduacao\/santa-maria\/ppgep\/wp-json\/wp\/v2\/comments?post=2456"}],"version-history":[{"count":0,"href":"https:\/\/www.ufsm.br\/cursos\/pos-graduacao\/santa-maria\/ppgep\/wp-json\/wp\/v2\/pages\/2456\/revisions"}],"wp:attachment":[{"href":"https:\/\/www.ufsm.br\/cursos\/pos-graduacao\/santa-maria\/ppgep\/wp-json\/wp\/v2\/media?parent=2456"}],"wp:term":[{"taxonomy":"category","embeddable":true,"href":"https:\/\/www.ufsm.br\/cursos\/pos-graduacao\/santa-maria\/ppgep\/wp-json\/wp\/v2\/categories?post=2456"},{"taxonomy":"post_tag","embeddable":true,"href":"https:\/\/www.ufsm.br\/cursos\/pos-graduacao\/santa-maria\/ppgep\/wp-json\/wp\/v2\/tags?post=2456"}],"curies":[{"name":"wp","href":"https:\/\/api.w.org\/{rel}","templated":true}]}}