{"id":2471,"date":"2026-03-16T23:31:40","date_gmt":"2026-03-17T02:31:40","guid":{"rendered":"https:\/\/www.ufsm.br\/cursos\/pos-graduacao\/santa-maria\/ppgep\/?page_id=2471"},"modified":"2026-03-17T00:09:51","modified_gmt":"2026-03-17T03:09:51","slug":"pagamento-de-taxa-de-publicacao-de-estudante","status":"publish","type":"page","link":"https:\/\/www.ufsm.br\/cursos\/pos-graduacao\/santa-maria\/ppgep\/pagamento-de-taxa-de-publicacao-de-estudante","title":{"rendered":"Pagamento de taxa de publica\u00e7\u00e3o de estudante"},"content":{"rendered":"\n<p>A solicita\u00e7\u00e3o de recursos financeiros oriundos do Programa de Apoio \u00e0s P\u00f3s-Gradua\u00e7\u00e3o (PROAP), da\u00a0<a class=\"H23r4e\" href=\"https:\/\/www.gov.br\/capes\/pt-br\/acesso-a-informacao\/acoes-e-programas\/bolsas\/bolsas-no-pais\/proap\" target=\"_blank\" rel=\"noopener\">CAPES<\/a>, para pagamento de taxa de publica\u00e7\u00e3o de estudante, ocorre por processo de pagamento de taxa de publica\u00e7\u00e3o de estudante, aberto pela secretaria do curso.<\/p>\n<p>O PROAP \u00a0financia atividades de mestrado e doutorado em institui\u00e7\u00f5es p\u00fablicas. Ele oferece recursos para custeio, como passagens, di\u00e1rias para eventos cient\u00edficos, materiais de consumo e servi\u00e7os de terceiros, visando a forma\u00e7\u00e3o qualificada e o desenvolvimento acad\u00eamico, regulamentado pela Portaria n.\u00ba 156\/2014.<span class=\"uJ19be notranslate\" data-wiz-uids=\"lnLCef_b,lnLCef_c\" data-sfc-cb=\"\"><span class=\"vKEkVd\" data-animation-atomic=\"\" data-wiz-attrbind=\"class=lnLCef_a\/TKHnVd\"><span aria-hidden=\"true\">\u00a0<\/span><\/span><\/span><\/p>\n<p><strong>DOCUMENTOS NECESS\u00c1RIOS PARA A AN\u00c1LISE DA SOLICITA\u00c7\u00c3O<\/strong><\/p>\n<ol>\n<li><a href=\"https:\/\/www.ufsm.br\/app\/uploads\/sites\/551\/2026\/03\/Requerimento-de-Pagamento-de-Taxa-de-Publicacao-2.doc\">Requerimento de pagamento de taxa de publica\u00e7\u00e3o<\/a> (preencher, n\u00e3o assinar, devolver o arquivo no mesmo formato .doc);<\/li>\n<li>Aceite de publica\u00e7\u00e3o;<\/li>\n<li>Proposta no valor da taxa de publica\u00e7\u00e3o do artigo;<\/li>\n<li>C\u00f3pia do artigo;<\/li>\n<li><a href=\"https:\/\/www.ufsm.br\/app\/uploads\/sites\/551\/2026\/03\/AUTORIZACAODESCONTOFOLHA-PROAP-1-2.doc\">Autoriza\u00e7\u00e3o de desconto em folha<\/a> (preencher, n\u00e3o assinar, devolver o arquivo no mesmo formato .doc);<\/li>\n<li>Convers\u00e3o feita no <a style=\"font-size: revert\" href=\"https:\/\/www.bcb.gov.br\/conversao\">s\u00edtio do Banco Central<\/a><span style=\"font-size: revert;color: initial\">, se for evento internacional.\u00a0<\/span><\/li>\n<\/ol>\n<p>Os documentos necess\u00e1rios para a solicita\u00e7\u00e3o devem ser enviados para o e-mail ppgep@ufsm.br, com o assunto &#8220;Solicita\u00e7\u00e3o de pagamento de taxa de publica\u00e7\u00e3o de estudante&#8221;.<\/p>\n<p>Prazo para solicita\u00e7\u00e3o: do final do m\u00eas de maio at\u00e9 in\u00edcio do m\u00eas de outubro do ano corrente.<\/p>\n<p><strong>O PEN de processo de pagamento de taxa de publica\u00e7\u00e3o de estudante tem o seguinte fluxo ap\u00f3s o recebimento da solicita\u00e7\u00e3o:<\/strong><br \/>Estudante &gt; Curso &gt; An\u00e1lise da solicita\u00e7\u00e3o pela Coordena\u00e7\u00e3o\/Colegiado&gt; Devolu\u00e7\u00e3o dos documentos com os ajustes de valores, para o estudante providenciar as assinaturas pelo SouGov &gt; abertura de processo de pagamento de taxa de publica\u00e7\u00e3o de estudante (Secretaria) &gt; Confer\u00eancia (PRPGP) &gt; Pagamento (DCF) &gt; Presta\u00e7\u00e3o de contas (Estudante).<\/p>\n<p>Prazo para pagamento da taxa de publica\u00e7\u00e3o: por ordem de processo e conforme a disponibilidade do fluxo de caixa liberado pelo Governo Federal para UFSM, previs\u00e3o at\u00e9 final do m\u00eas de novembro do ano corrente.<\/p>\n<p>Para fins de presta\u00e7\u00e3o de contas, posteriormente ao recebimento, ser\u00e1 necess\u00e1rio anexar a documenta\u00e7\u00e3o listada abaixo ao processo eletr\u00f4nico (os documentos dever\u00e3o estar no nome do estudante):<br \/>1. Recibo original no valor da <span class=\"il\">taxa<\/span>\u00a0de\u00a0<span class=\"il\">publica\u00e7\u00e3o<\/span> do artigo;<br \/>2. C\u00f3pia da fatura do cart\u00e3o de cr\u00e9dito se for <span class=\"il\">publica\u00e7\u00e3o<\/span>\u00a0internacional.<\/p>\n\n\n","protected":false},"excerpt":{"rendered":"<p>A solicita\u00e7\u00e3o de recursos financeiros oriundos do Programa de Apoio \u00e0s P\u00f3s-Gradua\u00e7\u00e3o (PROAP), da\u00a0CAPES, para pagamento de taxa de publica\u00e7\u00e3o de estudante, ocorre por processo de pagamento de taxa de publica\u00e7\u00e3o de estudante, aberto pela secretaria do curso. O PROAP \u00a0financia atividades de mestrado e doutorado em institui\u00e7\u00f5es p\u00fablicas. Ele oferece recursos para custeio, como [&hellip;]<\/p>\n","protected":false},"author":818,"featured_media":0,"parent":0,"menu_order":0,"comment_status":"closed","ping_status":"closed","template":"","meta":{"footnotes":""},"categories":[],"tags":[],"class_list":["post-2471","page","type-page","status-publish","hentry"],"acf":[],"_links":{"self":[{"href":"https:\/\/www.ufsm.br\/cursos\/pos-graduacao\/santa-maria\/ppgep\/wp-json\/wp\/v2\/pages\/2471","targetHints":{"allow":["GET"]}}],"collection":[{"href":"https:\/\/www.ufsm.br\/cursos\/pos-graduacao\/santa-maria\/ppgep\/wp-json\/wp\/v2\/pages"}],"about":[{"href":"https:\/\/www.ufsm.br\/cursos\/pos-graduacao\/santa-maria\/ppgep\/wp-json\/wp\/v2\/types\/page"}],"author":[{"embeddable":true,"href":"https:\/\/www.ufsm.br\/cursos\/pos-graduacao\/santa-maria\/ppgep\/wp-json\/wp\/v2\/users\/818"}],"replies":[{"embeddable":true,"href":"https:\/\/www.ufsm.br\/cursos\/pos-graduacao\/santa-maria\/ppgep\/wp-json\/wp\/v2\/comments?post=2471"}],"version-history":[{"count":0,"href":"https:\/\/www.ufsm.br\/cursos\/pos-graduacao\/santa-maria\/ppgep\/wp-json\/wp\/v2\/pages\/2471\/revisions"}],"wp:attachment":[{"href":"https:\/\/www.ufsm.br\/cursos\/pos-graduacao\/santa-maria\/ppgep\/wp-json\/wp\/v2\/media?parent=2471"}],"wp:term":[{"taxonomy":"category","embeddable":true,"href":"https:\/\/www.ufsm.br\/cursos\/pos-graduacao\/santa-maria\/ppgep\/wp-json\/wp\/v2\/categories?post=2471"},{"taxonomy":"post_tag","embeddable":true,"href":"https:\/\/www.ufsm.br\/cursos\/pos-graduacao\/santa-maria\/ppgep\/wp-json\/wp\/v2\/tags?post=2471"}],"curies":[{"name":"wp","href":"https:\/\/api.w.org\/{rel}","templated":true}]}}