{"id":2485,"date":"2026-03-17T00:38:51","date_gmt":"2026-03-17T03:38:51","guid":{"rendered":"https:\/\/www.ufsm.br\/cursos\/pos-graduacao\/santa-maria\/ppgep\/?page_id=2485"},"modified":"2026-03-17T16:08:56","modified_gmt":"2026-03-17T19:08:56","slug":"aluno-especial-2","status":"publish","type":"page","link":"https:\/\/www.ufsm.br\/cursos\/pos-graduacao\/santa-maria\/ppgep\/aluno-especial-2","title":{"rendered":"Estudante Especial I de P\u00f3s-Gradua\u00e7\u00e3o"},"content":{"rendered":"\n<p>A sele\u00e7\u00e3o para Estudante Especial I da P\u00f3s-Gradua\u00e7\u00e3o \u00e9 feita pelas Coordena\u00e7\u00f5es dos Cursos,<strong>\u00a0de acordo com os\u00a0<a href=\"https:\/\/www.ufsm.br\/pro-reitorias\/prpgp\/editais\/\">editais publicados na p\u00e1gina da PRPGP<\/a><\/strong>, o qual descreve as normas para inscri\u00e7\u00e3o, sele\u00e7\u00e3o e an\u00e1lise documental classificat\u00f3ria dos candidatos.<\/p>\n<p><strong>Normativa Legal de Estudante Especial da P\u00f3s-Gradua\u00e7\u00e3o:<\/strong>\u00a0Artigo 88 do\u00a0<a href=\"https:\/\/www.ufsm.br\/pro-reitorias\/proplan\/resolucao-ufsm-n-139-2023-anexo-i\">Regulamento Geral da P\u00f3s-Gradua\u00e7\u00e3o Stricto Sensu \u2013 RESOLU\u00c7\u00c3O UFSM N\u00b0 139\/2023 \u2013 ANEXO I<\/a>.<\/p>\n<p>As vagas destinadas a esses estudantes est\u00e3o condicionadas a disciplinas com saldo positivo de vagas, de acordo com o estipulado pelos cursos de p\u00f3s-gradua\u00e7\u00e3o para a quantidade de vaga em cada disciplina e com pelo menos um Estudante regular\/vinculado da UFSM matriculado. Por essa raz\u00e3o, a classifica\u00e7\u00e3o para Estudante Especial I PG ocorre no in\u00edcio do semestre letivo, j\u00e1 que \u00e9 necess\u00e1rio avaliar tamb\u00e9m as matr\u00edculas e as vagas ociosas em disciplinas.<\/p>\n<p><strong>OBSERVA\u00c7\u00d5ES:<\/strong><\/p>\n<ul>\n<li style=\"list-style-type: none\">\n<ul>\n<li>As\u00a0<strong>d\u00favidas referentes as disciplinas devem ser tiradas diretamente no e-mail ppgep@ufsm.br (secretaria do curso).<\/strong><\/li>\n<li>N\u00e3o h\u00e1 processo seletivo para a categoria de Estudante Especial em disciplinas de cursos EAD.<\/li>\n<li>Algumas disciplinas de um curso de p\u00f3s-gradua\u00e7\u00e3o presencial podem ser ofertadas em formato \u201ca dist\u00e2ncia\u201d e as informa\u00e7\u00f5es detalhadas sobre cada disciplina devem ser verificadas diretamente com o curso que oferta a disciplina desejada.<\/li>\n<li>Ser\u00e3o indeferidas as solicita\u00e7\u00f5es de matr\u00edcula como Estudante especial de estudantes com matr\u00edcula regular de um curso de P\u00f3s-Gradua\u00e7\u00e3o da UFSM, exceto candidatos(as) estudantes da UFSM que estiverem com o processo de defesa de trabalho final de curso aberto no sistema.<\/li>\n<li>Pesquisadores em p\u00f3s-doutorado na UFSM podem solicitar matr\u00edcula como Estudante especial na modalidade de portador de diploma, pois o v\u00ednculo de p\u00f3s-doutorado \u00e9 com o PPG da UFSM e n\u00e3o nos cursos Stricto e Lato sensu.<\/li>\n<\/ul>\n<\/li>\n<\/ul>\n<p><strong>VEJA A SEGUIR QUEM PODE SE CANDIDATAR:<\/strong><\/p>\n<ol>\n<li><strong>ESTUDANTES DE GRADUA\u00c7\u00c3O:<\/strong>\u00a0Discentes de gradua\u00e7\u00e3o de qualquer Institui\u00e7\u00e3o de Ensino Superior \u2013 IES que tenham cursado, no m\u00ednimo, 50% (cinquenta por cento) dos cr\u00e9ditos necess\u00e1rios \u00e0 conclus\u00e3o do seu curso;<\/li>\n<li><strong>ESTUDANTES DE P\u00d3S-GRADUA\u00c7\u00c3O EXTERNOS:<\/strong>\u00a0Discentes vinculados a programas de p\u00f3s-gradua\u00e7\u00e3o de outras IES nacionais ou estrangeiras;<\/li>\n<li><strong>PORTADORES DE DIPLOMA DE GRADUA\u00c7\u00c3O:<\/strong>\u00a0Portadores de diploma de curso superior obtido em Institui\u00e7\u00e3o de Ensino Superior reconhecida no Brasil ou no Exterior.<\/li>\n<li><strong>PARTICIPANTES DE PROJETOS DE EXTENS\u00c3O DA UFSM:<\/strong>\u00a0Participantes de projetos de extens\u00e3o devidamente registrados na UFSM, que sejam portadores(as) de diploma ou estudantes de gradua\u00e7\u00e3o da UFSM.\n<ul>\n<li>A matr\u00edcula nesta categoria dispensa participa\u00e7\u00e3o em processo seletivo espec\u00edfico e poder\u00e1 ser concedida exclusivamente em disciplinas de p\u00f3s-gradua\u00e7\u00e3o vinculadas ao projeto de extens\u00e3o do qual o participante fa\u00e7a parte, desde que o perfil de sua atua\u00e7\u00e3o no projeto seja compat\u00edvel com os objetivos e exig\u00eancias da disciplina e mediante aprova\u00e7\u00e3o do colegiado do Programa.<\/li>\n<\/ul>\n<\/li>\n<\/ol>\n<p>A crit\u00e9rio do programa de p\u00f3s-gradua\u00e7\u00e3o, considerando as disponibilidades institucionais, poder\u00e1 ser concedida a matr\u00edcula de Estudante Especial I em 1 (uma) ou mais disciplinas, de acordo com o n\u00famero de vagas destinadas a Estudante Especial I.<\/p>\n<p><strong>O PPGEP aceitar\u00e1 pedidos de matricula na categoria de Aluno Especial I, N\u00edvel Mestrado e Doutorado, de acordo com a disponibilidade de vagas da <a href=\"https:\/\/www.ufsm.br\/cursos\/pos-graduacao\/santa-maria\/ppgep\/disciplinas-ofertadas\" target=\"_blank\" rel=\"noopener\">oferta de disciplina do semestre corrente<\/a>.<\/strong><\/p>\n<p><strong>MATR\u00cdCULA NAS MODALIDADES DE ESTUDANTES DE P\u00d3S-GRADUA\u00c7\u00c3O STRICTO SENSU DE OUTRAS IES E PARTICIPANTES DE PROJETOS DE EXTENS\u00c3O<\/strong><\/p>\n<p>O Regulamento Geral da PG Stricto Sensu admite outras modalidades de ingresso para Estudante Especial I de PG.<\/p>\n<p>Estas modalidades est\u00e3o previstas no par\u00e1grafos 2\u00ba, 5\u00ba e 6\u00ba do Art. 88, Anexo I da Res. UFSM 139\/2023.<\/p>\n<ol>\n<li>Discentes de p\u00f3s-gradua\u00e7\u00e3o Stricto Sensu vinculados a outras IES nacionais ou estrangeiras\u00a0para preenchimento das vagas remanescentes destinadas a categoria Estudante Especial de PG em cada disciplina;\n<ul>\n<li>Ap\u00f3s o encerramento do edital p\u00fablico de sele\u00e7\u00e3o de estudante especial I, as vagas n\u00e3o preenchidas poder\u00e3o ser destinadas a esta modalidade, mediante solicita\u00e7\u00e3o de matr\u00edcula na coordena\u00e7\u00e3o do programa, desde que eles(as) atendam aos crit\u00e9rios inicialmente previstos no edital e que haja tempo h\u00e1bil para participa\u00e7\u00e3o em pelo menos 75% (setenta e cinco por cento) da carga hor\u00e1ria da disciplina.<\/li>\n<\/ul>\n<\/li>\n<li>Para participantes de projetos de extens\u00e3o devidamente registrados na UFSM, que sejam portadores(as) de diploma ou estudantes de gradua\u00e7\u00e3o da UFSM.\n<ul>\n<li>A matr\u00edcula nesta modalidade dispensa a participa\u00e7\u00e3o por edital e poder\u00e1 ser concedida exclusivamente em disciplinas de p\u00f3s-gradua\u00e7\u00e3o vinculadas ao projeto de extens\u00e3o do qual o(a) participante fa\u00e7a parte, desde que o perfil de sua atua\u00e7\u00e3o no projeto seja compat\u00edvel com os objetivos e exig\u00eancias da disciplina, e mediante aprova\u00e7\u00e3o do colegiado do Programa.<\/li>\n<\/ul>\n<\/li>\n<\/ol>\n<p>As solicita\u00e7\u00f5es de Estudante Especial desta modalidade podem ser feitas ap\u00f3s o fim do per\u00edodo de matr\u00edcula do edital diretamente na coordena\u00e7\u00e3o do curso que oferta a disciplina.<\/p>\n<p>Os(As)<strong> interessados(as) dever\u00e3o entrar em contato no e-mail ppgep@ufsm.br (secretaria)<\/strong>, podendo ser por e-mail, ap\u00f3s verificar a oferta de vagas como Estudante Especial disponibilizadas no Edital.<\/p>\n<p>A matr\u00edcula fica na depend\u00eancia da disponibilidade de vagas ap\u00f3s a matr\u00edcula dos discentes regulares do curso e de acordo com a oferta de vaga para estudante especial.<\/p>\n<p>Refor\u00e7amos ainda que o v\u00ednculo de discentes de PG de outras IES n\u00e3o s\u00e3o gerados apenas por Estudante Especial e podem tamb\u00e9m ser gerados via mobilidade acad\u00eamica, conforme consta na p\u00e1gina de servi\u00e7os da PRPGP sobre Mobilidade Acad\u00eamica e Interc\u00e2mbio de Estudantes de P\u00f3s-Gradua\u00e7\u00e3o dispon\u00edvel no link\u00a0<a href=\"https:\/\/www.ufsm.br\/pro-reitorias\/prpgp\/servicos\/mobilidade-academica-e-intercambio-de-alunos-de-pos-graduacao\">https:\/\/www.ufsm.br\/pro-reitorias\/prpgp\/servicos\/mobilidade-academica-e-intercambio-de-alunos-de-pos-graduacao<\/a><\/p>\n<ul>\n<li>A matr\u00edcula em disciplinas regulares tem fluxo cont\u00ednuo e pode ser realizada desde que seja poss\u00edvel a participa\u00e7\u00e3o efetiva com frequ\u00eancia.<\/li>\n<li>O v\u00ednculo por esta modalidade (mobilidade) permite que seja feita a matr\u00edcula de discentes externos para participa\u00e7\u00e3o em pesquisa em andamento ou uso de laborat\u00f3rios junto a um docente credenciado a um PPG.<\/li>\n<\/ul>\n<p><strong>ACESSO A BIBLIOTECA E RESTAURANTE UNIVERSIT\u00c1RIO<\/strong><\/p>\n<p>Os estudantes especiais n\u00e3o est\u00e3o habilitados a realizar o empr\u00e9stimo domiciliar nas<strong>\u00a0Bibliotecas da UFSM<\/strong>, conforme\u00a0<a href=\"https:\/\/portal.ufsm.br\/documentos\/publico\/documento.html?id=12793018\">Regulamento de Empr\u00e9stimo de Material Bibliogr\u00e1fico<\/a>, que diz que \u201co empr\u00e9stimo domiciliar s\u00f3 poder\u00e1 ser efetuado por membros do corpo discente regularmente matriculados em curso na Institui\u00e7\u00e3o\u201d e matr\u00edcula dos estudantes especiais \u00e9 vinculada \u00e0 disciplina e n\u00e3o ao curso.<\/p>\n<ul>\n<li>Maiores informa\u00e7\u00f5es no telefone (55) 3220-8651, e-mail atendimento.sib@ufsm.br e site\u00a0<a href=\"https:\/\/www.ufsm.br\/orgaos-suplementares\/biblioteca\/divisao-de-emprestimo\">https:\/\/www.ufsm.br\/orgaos-suplementares\/biblioteca\/divisao-de-emprestimo<\/a><\/li>\n<\/ul>\n<p>De acordo com a administra\u00e7\u00e3o do\u00a0<strong>Restaurante Universit\u00e1rio (RU\/UFSM)<\/strong>, Estudante\u00a0<span class=\"il\">Especial<\/span>\u00a0n\u00e3o tem direito\u00a0\u00e0s refei\u00e7\u00f5es no\u00a0<span class=\"il\">RU e m<\/span>aiores informa\u00e7\u00f5es podem ser obtidas no telefone (55) 3220-8405, e-mail secretaria.ru@ufsm.br e site\u00a0<a href=\"https:\/\/www.ufsm.br\/orgaos-suplementares\/ru\/\">https:\/\/www.ufsm.br\/orgaos-suplementares\/ru\/<\/a><\/p>\n<p><strong>Os editais s\u00e3o publicados na\u00a0<a href=\"https:\/\/www.ufsm.br\/pro-reitorias\/prpgp\/editais\/\">p\u00e1gina de editais da PRPGP no link https:\/\/www.ufsm.br\/pro-reitorias\/prpgp\/editais\/<\/a><\/strong><\/p>\n<p>\u00daltimos editais de abertura de inscri\u00e7\u00e3o \u00e0 Categoria de Aluno Especial I PG (link de atalho):<\/p>\n<ul>\n<li>\n<p><a href=\"https:\/\/www.ufsm.br\/pro-reitorias\/prpgp\/editais\/005-2026\" target=\"_blank\" rel=\"noopener\">Edital N. 005\/2026 &#8211; PRPGP\/UFSM<\/a> (para 1\u00ba semestre de 2026)<\/p>\n<\/li>\n<li>\n<p><a href=\"https:\/\/www.ufsm.br\/pro-reitorias\/prpgp\/editais\/026-2025\" target=\"_blank\" rel=\"noopener\">Edital N. 026\/2025 \u2013 PRPGP\/UFSM<\/a>\u00a0(para 2\u00ba semestre de 2025)<\/p>\n<\/li>\n<li>\n<p><a href=\"https:\/\/www.ufsm.br\/pro-reitorias\/prpgp\/editais\/007-2025\" target=\"_blank\" rel=\"noopener\">Edital N. 007\/2025 &#8211; PRPGP\/UFSM<\/a> (para 1\u00ba semestre de 2025)<\/p>\n<\/li>\n<li>\n<p><a href=\"https:\/\/www.ufsm.br\/pro-reitorias\/prpgp\/editais\/016-2024\" target=\"_blank\" rel=\"noopener\">Edital N. 016\/2024 &#8211; PRPGP\/UFSM<\/a> (para 2\u00ba semestre de 2024)<\/p>\n<\/li>\n<li>\n<p><a href=\"https:\/\/www.ufsm.br\/pro-reitorias\/prpgp\/editais\/003-2024\" target=\"_blank\" rel=\"noopener\">Edital N. 003\/2024 &#8211; PRPGP\/UFSM<\/a> (para 1\u00ba Semestre de 2024)<\/p>\n<\/li>\n<li>\n<p><a href=\"https:\/\/www.ufsm.br\/pro-reitorias\/prpgp\/editais\/027-2023\" target=\"_blank\" rel=\"noopener\">Edital N. 027\/2023 &#8211; PRPGP\/UFSM<\/a> (para 2\u00ba Semestre de 2023)<\/p>\n<\/li>\n<li>\n<p><a href=\"https:\/\/www.ufsm.br\/pro-reitorias\/prpgp\/editais\/007-2023\" target=\"_blank\" rel=\"noopener\">Edital N. 007\/2023 &#8211; PRPGP\/UFSM<\/a> (para 1\u00ba Semestre de 2023)<\/p>\n<\/li>\n<li>\n<p><a href=\"https:\/\/www.ufsm.br\/pro-reitorias\/prpgp\/editais\/031-2022\/\" target=\"_blank\" rel=\"noopener\">Edital N. 031\/2022 &#8211; PRPGP\/UFSM<\/a> (para 2\u00ba Semestre de 2022)\u00a0<\/p>\n<\/li>\n<li>\n<p><a href=\"https:\/\/www.ufsm.br\/app\/uploads\/sites\/345\/2022\/03\/EDIT_PRPGP_2022_008_Aluno-Especial.pdf\">Edital N. 008\/2022 &#8211; PRPGP\/UFSM<\/a> (para o 1\u00ba Semestre de 2022) &#8211; <a href=\"https:\/\/www.ufsm.br\/pro-reitorias\/prpgp\/editais\/008-2022\/\" target=\"_blank\" rel=\"noopener\">Lista com os nomes dos candidatos com solicita\u00e7\u00f5es de matr\u00edcula deferidas<\/a><\/p>\n<\/li>\n<li>\n<p><a href=\"https:\/\/www.ufsm.br\/app\/uploads\/sites\/345\/2021\/08\/EDIT_PRPGP_2021_022_Aluno-Especial_assinado.pdf\" target=\"_blank\" rel=\"noopener\">Edital N. 022\/2021 &#8211; DERCA (para 2\u00ba Semestre Letivo de 2021)<\/a> &#8211; <a href=\"https:\/\/www.ufsm.br\/pro-reitorias\/prpgp\/editais\/022-2021\/\" target=\"_blank\" rel=\"noopener\">Lista com os nomes dos candidatos com solicita\u00e7\u00f5es de matr\u00edcula deferidas<\/a><\/p>\n<\/li>\n<li>\n<p><a href=\"https:\/\/www.ufsm.br\/orgaos-executivos\/derca\/editais\/002-2021\/\" target=\"_blank\" rel=\"noopener\">Edital N. 01\/2021 &#8211; DERCA (para 1\u00ba Semestre Letivo de 2021) <\/a>&#8211; <a href=\"https:\/\/www.ufsm.br\/app\/uploads\/sites\/51\/2021\/03\/Listagem-solicitacoes-ALUNO-ESPECIAL-POS-GRADUACAO.pdf\" target=\"_blank\" rel=\"noopener\">Listagem de Candidatos com Solicita\u00e7\u00e3o de Matr\u00edcula<\/a><\/p>\n<\/li>\n<li>\n<p><a href=\"https:\/\/www.ufsm.br\/orgaos-executivos\/derca\/editais\/004-2020\/\" target=\"_blank\" rel=\"noopener noreferrer\">Edital N. 004\/2020 &#8211; DERCA (para 2\u00ba Semestre Letivo de 2020)<\/a> &#8211; <a href=\"https:\/\/www.ufsm.br\/app\/uploads\/sites\/51\/2020\/09\/Listagem-solicitacoes-ALUNO-ESPECIAL-POS-GRADUACAO-1.pdf\" target=\"_blank\" rel=\"noopener\">Listagem de Candidatos com Solicita\u00e7\u00e3o de Matr\u00edcula<\/a><\/p>\n<\/li>\n<li>\n<p><a href=\"https:\/\/www.ufsm.br\/orgaos-executivos\/derca\/editais\/002-2020\/\" target=\"_blank\" rel=\"noopener noreferrer\">Edital N. 002\/2020 &#8211; DERCA (para 1\u00ba Semestre Letivo de 2020)<\/a> &#8211; <a href=\"https:\/\/www.ufsm.br\/app\/uploads\/sites\/51\/2020\/01\/listagem-de-p%C3%B3s-gradua%C3%A7%C3%A3o-aluno-especial-retificada.pdf\" target=\"_blank\" rel=\"noopener noreferrer\">Listagem de Candidatos Aptos \u00e0 Matr\u00edcula na Categoria de Aluno Especial I de P\u00f3s-Gradua\u00e7\u00e3o Retificada<\/a>;\u00a0<\/p>\n<\/li>\n<li>\n<p><a href=\"https:\/\/www.ufsm.br\/orgaos-executivos\/derca\/editais\/005-2019\/\" target=\"_blank\" rel=\"noopener noreferrer\">Edital N.005\/2019 &#8211; DERCA (para o 2\u00ba Semestre Letivo de 2019)<\/a> &#8211; <a href=\"https:\/\/www.ufsm.br\/orgaos-executivos\/derca\/wp-content\/uploads\/sites\/51\/2019\/06\/Listagem-ALUNO-ESPECIAL-P%C3%93S-GRADUA%C3%87%C3%83O-DEFERIDO-Ap%C3%B3s-recurso.pdf\" target=\"_blank\" rel=\"noopener noreferrer\">Listagem de Solicita\u00e7\u00f5es Deferidas para Matr\u00edcula ap\u00f3s Recursos<\/a><\/p>\n<\/li>\n<li>\n<p><a href=\"https:\/\/www.ufsm.br\/orgaos-executivos\/derca\/wp-content\/uploads\/sites\/51\/2019\/01\/Edital-02.2019-DERCA-ALUNO-ESPECIAL-I-P%C3%93S-GRADUA%C3%87%C3%83O-1%C2%BA-2019.pdf\" target=\"_blank\" rel=\"noopener noreferrer\">Edital N.002\/2019 &#8211; DERCA (para o 1\u00ba Semestre Letivo de 2019)<\/a> &#8211; Listagem de Solicita\u00e7\u00f5es Deferidas para Matr\u00edcula (previs\u00e3o de publica\u00e7\u00e3o em 18\/03\/2019 pelo DERCA, conforme retifica\u00e7\u00e3o clique <a href=\"https:\/\/www.ufsm.br\/orgaos-executivos\/derca\/editais\/002-2019\/\" target=\"_blank\" rel=\"noopener noreferrer\">aqui<\/a>)<\/p>\n<\/li>\n<li>\n<p><a href=\"http:\/\/site.ufsm.br\/arquivos\/uploaded\/editais\/f011b160-8794-43f2-af9e-35467b24f9ee.pdf\" target=\"_blank\" rel=\"noopener noreferrer\">Edital N.004\/2018 &#8211; DERCA (para o 2\u00ba Semestre Letivo de 2018) <\/a>&#8211;<a href=\"http:\/\/site.ufsm.br\/arquivos\/uploaded\/editais\/d453da62-3863-4820-b938-ef65effe929a.pdf\" target=\"_blank\" rel=\"noopener noreferrer\">\u00a0<\/a><a href=\"https:\/\/www.ufsm.br\/wp-content\/uploads\/sites\/51\/2018\/06\/Listagem-de-solicita%C3%A7%C3%B5es-de-aluno-especial-I-deferidas-em-disciplianas-de-P%C3%B3s-Gradua%C3%A7%C3%A3o-para-o-2%C2%BA-semestre-de-2018.pdf\" target=\"_blank\" rel=\"noopener noreferrer\">Listagem de Solicita\u00e7\u00f5es Deferidas para Matr\u00edcula<\/a><\/p>\n<\/li>\n<li>\n<p><a href=\"http:\/\/site.ufsm.br\/arquivos\/uploaded\/editais\/d453da62-3863-4820-b938-ef65effe929a.pdf\" target=\"_blank\" rel=\"noopener noreferrer\">Edital N.002\/2018 &#8211; DERCA (para o 1\u00ba Semestre Letivo de 2018)\u00a0<\/a>&#8211;<a href=\"http:\/\/site.ufsm.br\/arquivos\/uploaded\/editais\/d453da62-3863-4820-b938-ef65effe929a.pdf\" target=\"_blank\" rel=\"noopener noreferrer\">\u00a0<\/a><a href=\"http:\/\/site.ufsm.br\/arquivos\/uploaded\/editais\/0fc0b16f-47a3-4bad-a776-93b36ddcdda8.pdf\" target=\"_blank\" rel=\"noopener noreferrer\">Listagem de Solicita\u00e7\u00f5es Deferidas para Matr\u00edcula<\/a><\/p>\n<\/li>\n<li>\n<p><a href=\"http:\/\/site.ufsm.br\/arquivos\/uploaded\/editais\/8cc57b3e-b984-4e7f-b8c4-51bbc4a4834c.pdf\" target=\"_blank\" rel=\"noopener noreferrer\">Edital N.004\/2017 &#8211; DERCA (para o 2\u00ba Semestre Letivo de 2017)\u00a0<\/a>&#8211;\u00a0<a href=\"http:\/\/site.ufsm.br\/arquivos\/uploaded\/editais\/98fbc024-2507-4f33-bde1-4df1f14b0b62.pdf\" target=\"_blank\" rel=\"noopener noreferrer\">Listagem de Solicita\u00e7\u00f5es Deferidas para Matr\u00edcula<\/a><a href=\"http:\/\/site.ufsm.br\/arquivos\/uploaded\/editais\/8cc57b3e-b984-4e7f-b8c4-51bbc4a4834c.pdf\" target=\"_blank\" rel=\"noopener noreferrer\">\u00a0<\/a><\/p>\n<\/li>\n<\/ul>\n<p>\u00a0<\/p>\n\n\n","protected":false},"excerpt":{"rendered":"<p>A sele\u00e7\u00e3o para Estudante Especial I da P\u00f3s-Gradua\u00e7\u00e3o \u00e9 feita pelas Coordena\u00e7\u00f5es dos Cursos,\u00a0de acordo com os\u00a0editais publicados na p\u00e1gina da PRPGP, o qual descreve as normas para inscri\u00e7\u00e3o, sele\u00e7\u00e3o e an\u00e1lise documental classificat\u00f3ria dos candidatos. Normativa Legal de Estudante Especial da P\u00f3s-Gradua\u00e7\u00e3o:\u00a0Artigo 88 do\u00a0Regulamento Geral da P\u00f3s-Gradua\u00e7\u00e3o Stricto Sensu \u2013 RESOLU\u00c7\u00c3O UFSM N\u00b0 139\/2023 [&hellip;]<\/p>\n","protected":false},"author":818,"featured_media":0,"parent":0,"menu_order":0,"comment_status":"closed","ping_status":"closed","template":"","meta":{"footnotes":""},"categories":[],"tags":[],"class_list":["post-2485","page","type-page","status-publish","hentry"],"acf":[],"_links":{"self":[{"href":"https:\/\/www.ufsm.br\/cursos\/pos-graduacao\/santa-maria\/ppgep\/wp-json\/wp\/v2\/pages\/2485","targetHints":{"allow":["GET"]}}],"collection":[{"href":"https:\/\/www.ufsm.br\/cursos\/pos-graduacao\/santa-maria\/ppgep\/wp-json\/wp\/v2\/pages"}],"about":[{"href":"https:\/\/www.ufsm.br\/cursos\/pos-graduacao\/santa-maria\/ppgep\/wp-json\/wp\/v2\/types\/page"}],"author":[{"embeddable":true,"href":"https:\/\/www.ufsm.br\/cursos\/pos-graduacao\/santa-maria\/ppgep\/wp-json\/wp\/v2\/users\/818"}],"replies":[{"embeddable":true,"href":"https:\/\/www.ufsm.br\/cursos\/pos-graduacao\/santa-maria\/ppgep\/wp-json\/wp\/v2\/comments?post=2485"}],"version-history":[{"count":0,"href":"https:\/\/www.ufsm.br\/cursos\/pos-graduacao\/santa-maria\/ppgep\/wp-json\/wp\/v2\/pages\/2485\/revisions"}],"wp:attachment":[{"href":"https:\/\/www.ufsm.br\/cursos\/pos-graduacao\/santa-maria\/ppgep\/wp-json\/wp\/v2\/media?parent=2485"}],"wp:term":[{"taxonomy":"category","embeddable":true,"href":"https:\/\/www.ufsm.br\/cursos\/pos-graduacao\/santa-maria\/ppgep\/wp-json\/wp\/v2\/categories?post=2485"},{"taxonomy":"post_tag","embeddable":true,"href":"https:\/\/www.ufsm.br\/cursos\/pos-graduacao\/santa-maria\/ppgep\/wp-json\/wp\/v2\/tags?post=2485"}],"curies":[{"name":"wp","href":"https:\/\/api.w.org\/{rel}","templated":true}]}}