{"id":624,"date":"2019-06-26T18:23:09","date_gmt":"2019-06-26T21:23:09","guid":{"rendered":"https:\/\/www.ufsm.br\/cursos\/pos-graduacao\/santa-maria\/ppgep\/?page_id=624"},"modified":"2022-03-22T10:14:20","modified_gmt":"2022-03-22T13:14:20","slug":"linhas-de-pesquisa","status":"publish","type":"page","link":"https:\/\/www.ufsm.br\/cursos\/pos-graduacao\/santa-maria\/ppgep\/linhas-de-pesquisa","title":{"rendered":"\u00c1rea de Concentra\u00e7\u00e3o e Linhas de Pesquisa"},"content":{"rendered":"\n<p>O Programa de P\u00f3s-Gradua\u00e7\u00e3o em Engenharia de Produ\u00e7\u00e3o da Universidade Federal de Santa Maria oferece os cursos em n\u00edvel de Mestrado e Doutorado, conferindo o t\u00edtulo, respectivamente, de Mestre em Engenharia de Produ\u00e7\u00e3o e Doutor em Engenharia de Produ\u00e7\u00e3o, na \u00e1rea de concentra\u00e7\u00e3o de GER\u00caNCIA DE PRODU\u00c7\u00c3O.<\/p>\n<p>O curso de Mestrado ter\u00e1 a dura\u00e7\u00e3o m\u00ednima de doze e m\u00e1xima de vinte e quatro meses (m\u00ednimo de 24 cr\u00e9ditos), e o curso de Doutorado, dura\u00e7\u00e3o m\u00ednima de vinte e quatro e m\u00e1xima de quarenta e oito meses (m\u00ednimo de 48 cr\u00e9ditos).<\/p>\n<p>O discente do PPGEP em n\u00edvel de Doutorado dever\u00e1 integralizar, no m\u00ednimo, quarenta e oito cr\u00e9ditos, dos quais doze correspondentes a disciplinas obrigat\u00f3rias, sendo no m\u00ednimo vinte e quatro cr\u00e9ditos obtidos no Programa. O discente do PPGEP em n\u00edvel de Mestrado dever\u00e1 integralizar, no m\u00ednimo, vinte e quatro cr\u00e9ditos, dos quais doze correspondentes a disciplinas obrigat\u00f3rias, sendo no m\u00ednimo doze cr\u00e9ditos obtidos no Programa.<\/p>\n<p>As disciplinas foram reestruturadas de acordo com as linhas de pesquisa, onde Engenharia Econ\u00f4mica, Estat\u00edstica Industrial, Pesquisa Operacional, Planejamento Industrial, Sistemas de Produ\u00e7\u00e3o e Produ\u00e7\u00e3o Cient\u00edfica e Intelectual, s\u00e3o comuns \u00e0s quatro linhas de pesquisa. As disciplinas Engenharia Econ\u00f4mica, Estat\u00edstica Industrial, Pesquisa Operacional, Planejamento Industrial e Sistemas de Produ\u00e7\u00e3o e Produ\u00e7\u00e3o s\u00e3o disciplinas obrigat\u00f3rias, o mestrando\/doutorando precisar\u00e1 cursar, no m\u00ednimo, 3 disciplinas obrigat\u00f3rias (12 cr\u00e9ditos).<\/p>\n<ul>\n<li>\n<p><a href=\"https:\/\/www.ufsm.br\/cursos\/pos-graduacao\/santa-maria\/ppgep\/metodos-quantitativos-para-a-tomada-de-decisao\/\">M\u00e9todos Quantitativos para a Tomada de Decis\u00e3o<\/a><\/p>\n<\/li>\n<li>\n<p><a href=\"https:\/\/www.ufsm.br\/cursos\/pos-graduacao\/santa-maria\/ppgep\/inteligencia-organizacional\/\">Intelig\u00eancia Organizacional<\/a><\/p>\n<\/li>\n<li>\n<p><a href=\"https:\/\/www.ufsm.br\/cursos\/pos-graduacao\/santa-maria\/ppgep\/gestao-integrada\/\">Gest\u00e3o Integrada e de Energia<\/a><\/p>\n<\/li>\n<li>\n<p><a href=\"https:\/\/www.ufsm.br\/cursos\/pos-graduacao\/santa-maria\/ppgep\/mobilidade-sustentavel\/\">Mobilidade Sustent\u00e1vel\u00a0<\/a><\/p>\n<\/li>\n<\/ul>\n","protected":false},"excerpt":{"rendered":"<p>O Programa de P\u00f3s-Gradua\u00e7\u00e3o em Engenharia de Produ\u00e7\u00e3o da Universidade Federal de Santa Maria oferece os cursos em n\u00edvel de Mestrado e Doutorado, conferindo o t\u00edtulo, respectivamente, de Mestre em Engenharia de Produ\u00e7\u00e3o e Doutor em Engenharia de Produ\u00e7\u00e3o, na \u00e1rea de concentra\u00e7\u00e3o de GER\u00caNCIA DE PRODU\u00c7\u00c3O. O curso de Mestrado ter\u00e1 a dura\u00e7\u00e3o m\u00ednima [&hellip;]<\/p>\n","protected":false},"author":870,"featured_media":0,"parent":0,"menu_order":0,"comment_status":"closed","ping_status":"closed","template":"","meta":{"footnotes":""},"categories":[],"tags":[],"class_list":["post-624","page","type-page","status-publish","hentry"],"acf":[],"_links":{"self":[{"href":"https:\/\/www.ufsm.br\/cursos\/pos-graduacao\/santa-maria\/ppgep\/wp-json\/wp\/v2\/pages\/624","targetHints":{"allow":["GET"]}}],"collection":[{"href":"https:\/\/www.ufsm.br\/cursos\/pos-graduacao\/santa-maria\/ppgep\/wp-json\/wp\/v2\/pages"}],"about":[{"href":"https:\/\/www.ufsm.br\/cursos\/pos-graduacao\/santa-maria\/ppgep\/wp-json\/wp\/v2\/types\/page"}],"author":[{"embeddable":true,"href":"https:\/\/www.ufsm.br\/cursos\/pos-graduacao\/santa-maria\/ppgep\/wp-json\/wp\/v2\/users\/870"}],"replies":[{"embeddable":true,"href":"https:\/\/www.ufsm.br\/cursos\/pos-graduacao\/santa-maria\/ppgep\/wp-json\/wp\/v2\/comments?post=624"}],"version-history":[{"count":0,"href":"https:\/\/www.ufsm.br\/cursos\/pos-graduacao\/santa-maria\/ppgep\/wp-json\/wp\/v2\/pages\/624\/revisions"}],"wp:attachment":[{"href":"https:\/\/www.ufsm.br\/cursos\/pos-graduacao\/santa-maria\/ppgep\/wp-json\/wp\/v2\/media?parent=624"}],"wp:term":[{"taxonomy":"category","embeddable":true,"href":"https:\/\/www.ufsm.br\/cursos\/pos-graduacao\/santa-maria\/ppgep\/wp-json\/wp\/v2\/categories?post=624"},{"taxonomy":"post_tag","embeddable":true,"href":"https:\/\/www.ufsm.br\/cursos\/pos-graduacao\/santa-maria\/ppgep\/wp-json\/wp\/v2\/tags?post=624"}],"curies":[{"name":"wp","href":"https:\/\/api.w.org\/{rel}","templated":true}]}}