{"id":999,"date":"2021-03-11T09:15:47","date_gmt":"2021-03-11T12:15:47","guid":{"rendered":"https:\/\/www.ufsm.br\/cursos\/pos-graduacao\/santa-maria\/ppgep\/?page_id=999"},"modified":"2022-03-04T09:07:23","modified_gmt":"2022-03-04T12:07:23","slug":"edital-n-05-2021-ppgep-de-acordo-com-o-edital-n-019-2020-da-capes","status":"publish","type":"page","link":"https:\/\/www.ufsm.br\/cursos\/pos-graduacao\/santa-maria\/ppgep\/edital-n-05-2021-ppgep-de-acordo-com-o-edital-n-019-2020-da-capes","title":{"rendered":"Edital N. 05\/2021\/PPGEP, de acordo com o Edital N.019\/2020 da CAPES"},"content":{"rendered":"\n<p>O Programa de P\u00f3s-Gradua\u00e7\u00e3o em Engenharia de Produ\u00e7\u00e3o da Universidade Federal de Santa Maria torna p\u00fablico o processo de sele\u00e7\u00e3o de candidatos(as) ao Programa Nacional de Doutorado Sandu\u00edche no Exterior (PDSE), Edital N. 05\/2021\/PPGEP, de acordo com o <a href=\"https:\/\/www.gov.br\/capes\/pt-br\/centrais-de-conteudo\/editais\/09102020_edital-19-pdse.pdf\">Edital N.019\/2020 da CAPES<\/a>.<\/p>\n<p>Ser\u00e1 concedida 01 (uma) bolsa de Doutorado Sandu\u00edche no Exterior com vig\u00eancia m\u00ednima de 04 (quatro) meses e m\u00e1ximo de 06 (seis) meses a um aluno de doutorado do PPGEP, de acordo com os requisitos descritos no edital.<\/p>\n<p>Esta sele\u00e7\u00e3o \u00e9 interna e contempla a um aluno de Doutorado do PPGEP.<\/p>\n<p><strong>As inscri\u00e7\u00f5es \u00e0 sele\u00e7\u00e3o interna acontecem de\u00a008\/03\/2021 a 10\/03\/2021 \u00e0s 23h59min.<\/strong>\u00a0<a href=\"https:\/\/www.ufsm.br\/app\/uploads\/sites\/551\/2021\/03\/Edital-N.-05-2021-PPGEP-CAPES.pdf\" target=\"_blank\" rel=\"noopener\">ACESSE O EDITAL AQUI!<\/a>\u00a0A leitura do edital interno n\u00e3o isenta a leitura do Edital N.19\/2020 da CAPES no link abaixo.<\/p>\n<p>Acesse\u00a0<a href=\"https:\/\/www.gov.br\/capes\/pt-br\/acesso-a-informacao\/acoes-e-programas\/bolsas\/bolsas-e-auxilios-internacionais\/encontre-aqui\/paises\/multinacional\/programa-de-doutorado-sanduiche-no-exterior-pdse\" target=\"_blank\" rel=\"noopener noreferrer\" data-saferedirecturl=\"https:\/\/www.google.com\/url?q=https:\/\/www.gov.br\/capes\/pt-br\/acesso-a-informacao\/acoes-e-programas\/bolsas\/bolsas-e-auxilios-internacionais\/encontre-aqui\/paises\/multinacional\/programa-de-doutorado-sanduiche-no-exterior-pdse&amp;source=gmail&amp;ust=1615331076736000&amp;usg=AFQjCNH0OGvqdwHg9GN6CNdPrXZ2bYDLvg\">AQUI<\/a>\u00a0a p\u00e1gina na CAPES \u2013 Programa de Doutorado Sandu\u00edche no Exterior e do Edital N. 19\/2020\/CAPES.<\/p>\n<ul>\n<li>\n<p><a href=\"https:\/\/www.ufsm.br\/app\/uploads\/sites\/551\/2021\/03\/Edital-N.-05-2021-PPGEP-CAPES_inscricoes.pdf\" target=\"_blank\" rel=\"noopener\">Rela\u00e7\u00e3o dos candidatos inscritos<\/a>; (11\/03\/2021)<\/p>\n<\/li>\n<li>\n<p><a href=\"https:\/\/www.ufsm.br\/app\/uploads\/sites\/551\/2021\/03\/Edital-N.-05-2021-PPGEP-CAPES_resultado.pdf\" target=\"_blank\" rel=\"noopener\">Resultado da sele\u00e7\u00e3o interna<\/a>; (11\/03\/2021)<\/p>\n<\/li>\n<li>CAPES divulga lista de alunos que estudar\u00e3o fora do Pa\u00eds, not\u00edcia dispon\u00edvel <a href=\"https:\/\/www.gov.br\/capes\/pt-br\/assuntos\/noticias\/capes-divulga-lista-de-alunos-que-estudarao-fora-do-pais\" target=\"_blank\" rel=\"noopener\">aqui<\/a>. Lista de alunos selecionados dispon\u00edvel <a href=\"https:\/\/www.gov.br\/capes\/pt-br\/centrais-de-conteudo\/documentos\/diretoria-de-relacoes-internacionais\/pdse\/Lista_Listagem_1439062_Lista_de_Inscricoes_Homologadas_PDSE___2020.pdf\" target=\"_blank\" rel=\"noopener\">aqui<\/a>; (30\/04\/2021)<\/li>\n<\/ul>\n","protected":false},"excerpt":{"rendered":"<p>O Programa de P\u00f3s-Gradua\u00e7\u00e3o em Engenharia de Produ\u00e7\u00e3o da Universidade Federal de Santa Maria torna p\u00fablico o processo de sele\u00e7\u00e3o de candidatos(as) ao Programa Nacional de Doutorado Sandu\u00edche no Exterior (PDSE), Edital N. 05\/2021\/PPGEP, de acordo com o Edital N.019\/2020 da CAPES. Ser\u00e1 concedida 01 (uma) bolsa de Doutorado Sandu\u00edche no Exterior com vig\u00eancia m\u00ednima [&hellip;]<\/p>\n","protected":false},"author":870,"featured_media":0,"parent":0,"menu_order":0,"comment_status":"closed","ping_status":"closed","template":"","meta":{"footnotes":""},"categories":[],"tags":[],"class_list":["post-999","page","type-page","status-publish","hentry"],"acf":[],"_links":{"self":[{"href":"https:\/\/www.ufsm.br\/cursos\/pos-graduacao\/santa-maria\/ppgep\/wp-json\/wp\/v2\/pages\/999","targetHints":{"allow":["GET"]}}],"collection":[{"href":"https:\/\/www.ufsm.br\/cursos\/pos-graduacao\/santa-maria\/ppgep\/wp-json\/wp\/v2\/pages"}],"about":[{"href":"https:\/\/www.ufsm.br\/cursos\/pos-graduacao\/santa-maria\/ppgep\/wp-json\/wp\/v2\/types\/page"}],"author":[{"embeddable":true,"href":"https:\/\/www.ufsm.br\/cursos\/pos-graduacao\/santa-maria\/ppgep\/wp-json\/wp\/v2\/users\/870"}],"replies":[{"embeddable":true,"href":"https:\/\/www.ufsm.br\/cursos\/pos-graduacao\/santa-maria\/ppgep\/wp-json\/wp\/v2\/comments?post=999"}],"version-history":[{"count":0,"href":"https:\/\/www.ufsm.br\/cursos\/pos-graduacao\/santa-maria\/ppgep\/wp-json\/wp\/v2\/pages\/999\/revisions"}],"wp:attachment":[{"href":"https:\/\/www.ufsm.br\/cursos\/pos-graduacao\/santa-maria\/ppgep\/wp-json\/wp\/v2\/media?parent=999"}],"wp:term":[{"taxonomy":"category","embeddable":true,"href":"https:\/\/www.ufsm.br\/cursos\/pos-graduacao\/santa-maria\/ppgep\/wp-json\/wp\/v2\/categories?post=999"},{"taxonomy":"post_tag","embeddable":true,"href":"https:\/\/www.ufsm.br\/cursos\/pos-graduacao\/santa-maria\/ppgep\/wp-json\/wp\/v2\/tags?post=999"}],"curies":[{"name":"wp","href":"https:\/\/api.w.org\/{rel}","templated":true}]}}