{"id":1339,"date":"2023-01-06T08:22:33","date_gmt":"2023-01-06T11:22:33","guid":{"rendered":"https:\/\/www.ufsm.br\/cursos\/pos-graduacao\/santa-maria\/ppgept\/?page_id=1339"},"modified":"2023-01-06T16:32:16","modified_gmt":"2023-01-06T19:32:16","slug":"turma-2020","status":"publish","type":"page","link":"https:\/\/www.ufsm.br\/cursos\/pos-graduacao\/santa-maria\/ppgept\/turma-2020","title":{"rendered":"Turma 2020"},"content":{"rendered":"\n\n<pre><strong>ADRIANA ZANKI CORDENONSI<br \/><\/strong><span id=\"LabelTag_S8mJkAFxf2mzAebD\" class=\"label\"><strong>T\u00edtulo da MDT:<\/strong>\u00a0<\/span><a href=\"https:\/\/repositorio.ufsm.br\/handle\/1\/26852\">Princ\u00edpios de design educacional e desenvolvimento de recursos educacionais para os cursos t\u00e9cnicos concomitantes EaD do IFRO<\/a><br \/><strong>Orientador: <\/strong>CLAUDIA SMANIOTTO BARIN<br \/><strong>Linha de Pesquisa<\/strong> - Inova\u00e7\u00e3o para Educa\u00e7\u00e3o Profissional e Tecnol\u00f3gica<br \/><strong>Comiss\u00e3o Examinadora<br \/><\/strong>CLAUDIA SMANIOTTO BARIN \u2013 orientadora<br \/>RICARDO MACHADO ELLENSOHN<br \/>VALDESON AMARO LIMA<br \/>LEILA MARIA ARA\u00daJO SANTOS<br \/><strong>Lattes:<\/strong><\/pre>\n<hr \/>\n<pre class=\"span6\"><strong>AN\u00c1LIA FERRAZ RODRIGUES<\/strong><br \/><strong><span id=\"LabelTag_S8mJkAFxf2mzAebD\" class=\"label\">T\u00edtulo da MDT: <\/span><\/strong><a href=\"https:\/\/repositorio.ufsm.br\/handle\/1\/27406\">Acesso de estudantes com defici\u00eancias na educa\u00e7\u00e3o profissional e tecnol\u00f3gica na fronteira oeste do Rio Grande do Sul\/RS<\/a><br \/><strong><span id=\"LabelTag_tuMAXIkuga87W8dp\" class=\"label\">Orientador: <\/span><\/strong>SABRINA FERNANDES DE CASTRO <br \/><strong><span id=\"LabelTag_ZYCg4Pa4iRBOJ7CR\" class=\"label\">Linha de Pesquisa<\/span><\/strong> - Pol\u00edticas e Gest\u00e3o em Educa\u00e7\u00e3o Profissional e Tecnol\u00f3gica <br \/><strong><span id=\"LabelTag_45gXBAtFSWW25Ksx\" class=\"label\">Comiss\u00e3o Examinadora<br \/><\/span><\/strong>SABRINA FERNANDES DE CASTRO <br \/>CARLA ARIELA RIOS VILARONGA<br \/>FABIANE VANESSA BREITENBACH <br \/>MARIGLEI SEVERO MARASCHIN <br \/><strong>Lattes:<br \/><\/strong><\/pre>\n<hr \/>\n<pre class=\"span6\"><strong>DANIELA TATSCH NEVES<\/strong><br \/><strong><span id=\"LabelTag_7bzxPXzypM5uxZhf\" class=\"label\">T\u00edtulo da MDT: <\/span><\/strong><a href=\"https:\/\/repositorio.ufsm.br\/handle\/1\/27278\">Percep\u00e7\u00f5es e a\u00e7\u00f5es docentes frente \u00e0s dificuldades de aprendizagem de estudantes na Educa\u00e7\u00e3o Profissional e Tecnol\u00f3gica<\/a> <br \/><span id=\"LabelTag_CvXU5VK4tMtDGlC1\" class=\"label\"><strong>Orientador<\/strong>: <\/span>SABRINA FERNANDES DE CASTRO<br \/><strong><span id=\"LabelTag_ZYCg4Pa4iRBOJ7CR\" class=\"label\">Linha de Pesquisa<\/span><\/strong> - Pol\u00edticas e Gest\u00e3o em Educa\u00e7\u00e3o Profissional e Tecnol\u00f3gica <br \/><strong><span id=\"LabelTag_45gXBAtFSWW25Ksx\" class=\"label\">Comiss\u00e3o Examinadora<br \/><\/span><\/strong>SABRINA FERNANDES DE CASTRO <br \/>ANDREIA VEDOIN <br \/>JULIANE RIBOLI CORREA <br \/>MARIGLEI SEVERO MARASCHIN <br \/><strong>Lattes:<\/strong> <\/pre>\n<hr \/>\n<pre class=\"span6\"><strong>EDSON LUIZ RAMOS <\/strong><br \/><strong><span id=\"LabelTag_ou8IjZcdgp9tuSmS\" class=\"label\">T\u00edtulo da MDT: <\/span><\/strong>Educa\u00e7\u00e3o em Direitos Humanos como inclus\u00e3o cidad\u00e3: a experi\u00eancia hist\u00f3rica do Instituto Federal do Paran\u00e1 campus Curitiba <br \/><strong><span id=\"LabelTag_2qs2VIdXC80prK16\" class=\"label\">Orientador: <\/span><\/strong>ASCISIO DOS REIS PEREIRA<br \/><strong><span id=\"LabelTag_vw2j7ag1JD5ePVMu\" class=\"label\">Linha de Pesquisa: <\/span><\/strong>Forma\u00e7\u00e3o Docente para Educa\u00e7\u00e3o Profissional e Tecnol\u00f3gica <br \/><strong><span id=\"LabelTag_45gXBAtFSWW25Ksx\" class=\"label\">Comiss\u00e3o Examinadora<\/span><\/strong><br \/>ASCISIO DOS REIS PEREIRA<br \/>FRANCISCO NILTON GOMES DE OLIVEIRA <br \/>ROSANGELA GON\u00c7ALVES DE OLIVEIRA <br \/>LEILA MARIA ARA\u00daJO SANTOS<br \/><strong>Lattes:<br \/><\/strong><\/pre>\n<hr \/>\n<div class=\"row\">\n<pre><strong>EVERTON RAFAEL DA ROSA BARCELOS<br \/><span id=\"LabelTag_YMn1vQKN8KwZHO4d\" class=\"label\">T\u00edtulo da MDT: <\/span><\/strong>UM ESTUDO SOBRE AS A\u00c7\u00d5ES DO GOVERNO DO ESTADO DO RS NA CAPACITA\u00c7\u00c3O PROFISSIONAL DOS DOCENTES DAS ESCOLAS PROFISSIONAIS DA 8\u00aa CRE NAS TICs <strong><br \/><span id=\"LabelTag_2qs2VIdXC80prK16\" class=\"label\">Orientador: <\/span><\/strong>ASCISIO DOS REIS PEREIRA<br \/><strong><span id=\"LabelTag_vw2j7ag1JD5ePVMu\" class=\"label\">Linha de Pesquisa: <\/span><\/strong>Forma\u00e7\u00e3o Docente para Educa\u00e7\u00e3o Profissional e Tecnol\u00f3gica <strong><br \/><span id=\"LabelTag_45gXBAtFSWW25Ksx\" class=\"label\">Comiss\u00e3o Examinadora<\/span><br \/><\/strong>ASCISIO DOS REIS PEREIRA<br \/>CLAUDIA SMANIOTTO BARIN-corientadora<br \/>ADRIANA MOREIRA DA ROCHA VEIGA<br \/>NARA SUZANA STAINR <br \/>LEILA MARIA ARA\u00daJO SANTOS <br \/><strong>Lattes:<br \/><\/strong><\/pre>\n<hr \/>\n<pre><strong>FABIANA ILHA RAIMUNDO<\/strong> <br \/><strong><span id=\"LabelTag_YMn1vQKN8KwZHO4d\" class=\"label\">T\u00edtulo da MDT: <\/span><\/strong><a href=\"https:\/\/repositorio.ufsm.br\/handle\/1\/27223\">Caminhos, possibilidades e perspectivas da EJA EPT na rede federal de ensino no estado do Rio Grande do Sul (RS)<\/a><br \/><strong><span id=\"LabelTag_4nBBec1sOGMNPkDm\" class=\"label\">Orientador: <\/span><\/strong>MARIGLEI SEVERO MARASCHIN<br \/><strong><span id=\"LabelTag_ZYCg4Pa4iRBOJ7CR\" class=\"label\">Linha de Pesquisa<\/span><\/strong> - Pol\u00edticas e Gest\u00e3o em Educa\u00e7\u00e3o Profissional e Tecnol\u00f3gica<br \/><strong><span id=\"LabelTag_45gXBAtFSWW25Ksx\" class=\"label\">Comiss\u00e3o Examinadora<\/span><\/strong><br \/>MARIGLEI SEVERO MARASCHIN <br \/>FRANCISCO NILTON GOMES DE OLIVEIRA<br \/>SIOMARA CRISTINA BROCH <br \/>CLAUDIO RODRIGUES DO NASCIMENTO <br \/><strong>Lattes:<\/strong> <\/pre>\n<hr \/>\n<pre><strong>FERNANDO MENEGATTI<\/strong> <br \/><strong><span id=\"LabelTag_YMn1vQKN8KwZHO4d\" class=\"label\">T\u00edtulo da MDT:<\/span> <\/strong>Desenvolvimento de um curso livre de L\u00edngua V\u00eaneta para capacita\u00e7\u00e3o profissional do setor de turismo e cultura de Bento Gon\u00e7alves e comunidade em geral<br \/><strong>Orientador: <\/strong>CLAUDIA SMANIOTTO BARIN<strong><br \/>Linha de Pesquisa<\/strong> - Inova\u00e7\u00e3o para Educa\u00e7\u00e3o Profissional e Tecnol\u00f3gica<br \/><strong>Comiss\u00e3o Examinadora<br \/><\/strong>CLAUDIA SMANIOTTO BARIN \u2013 orientadora<br \/>ALESSANDRO MOCELLIN <br \/>RICARDO MACHADO ELLENSOHN<br \/><strong>Lattes:<br \/><\/strong><\/pre>\n<hr \/>\n<pre><strong>FRANC\u00c9LI DALBERTO DE MORAES<\/strong> <br \/><strong><span id=\"LabelTag_j6MTSjPrURj9Y90J\" class=\"label\">T\u00edtulo da MDT: <\/span><\/strong>Uso de Jogos Digitais no Ensino de Matem\u00e1tica na Educa\u00e7\u00e3o Profissional e Tecnol\u00f3gica <br \/><strong>Orientador: <\/strong>RICARDO MACHADO ELLENSOHN<br \/><strong>Linha de Pesquisa<\/strong> - Inova\u00e7\u00e3o para Educa\u00e7\u00e3o Profissional e Tecnol\u00f3gica<br \/><strong>Comiss\u00e3o Examinadora<br \/><\/strong>RICARDO MACHADO ELLENSOHN<strong><br \/><\/strong>CLAUDIA SMANIOTTO BARIN \u2013 coorientadora<br \/>MARA ELIS\u00c2NGELA JAPPE GOI <br \/>ROGERIO CORREA TURCHETTI <br \/>VITALINO CESCA FILHO <br \/><strong>Lattes:<br \/><\/strong><\/pre>\n<hr \/>\n<pre class=\"span6\"><strong>FRANCIELI PEDROSO GOMES PADILHA<\/strong> <strong><br \/><span id=\"LabelTag_yuGibZoYSIH4B2Ub\" class=\"label\">T\u00edtulo da MDT: <\/span><\/strong>POL\u00cdTICAS DE A\u00c7\u00d5ES AFIRMATIVAS E DE PERMAN\u00caNCIA DOS ESTUDANTES COM DEFICI\u00caNCIA NOS CAMPI DO IFFAR <strong><br \/><span id=\"LabelTag_tuMAXIkuga87W8dp\" class=\"label\">Orientador: <\/span><\/strong>SABRINA FERNANDES DE CASTRO<strong><br \/><span id=\"LabelTag_ZYCg4Pa4iRBOJ7CR\" class=\"label\">Linha de Pesquisa<\/span> -<\/strong> Pol\u00edticas e Gest\u00e3o em Educa\u00e7\u00e3o Profissional e Tecnol\u00f3gica <strong><br \/><span id=\"LabelTag_45gXBAtFSWW25Ksx\" class=\"label\">Comiss\u00e3o Examinadora<br \/><\/span><\/strong>SABRINA FERNANDES DE CASTRO <br \/>MARIGLEI SEVERO MARASCHIN - coorientadora<strong><br \/><\/strong>SIOMARA CRISTINA BROCH LAGO <br \/>TANIAMARA VIZZOTO CHAVES <br \/><strong>Lattes:<br \/><\/strong><\/pre>\n<hr \/>\n<pre class=\"span6\"><strong>JAIME GABRIEL MENDON\u00c7A DE OLIVEIRA<\/strong> <br \/><strong><span id=\"LabelTag_tZru2a1VEetM97el\" class=\"label\">T\u00edtulo da MDT<\/span>: <\/strong><a href=\"https:\/\/repositorio.ufsm.br\/handle\/1\/27060\">A utiliza\u00e7\u00e3o do processo micro learning na educa\u00e7\u00e3o profissional e tecnol\u00f3gica<\/a><br \/><strong><span id=\"LabelTag_sNBkinLVWFlsVyeZ\" class=\"label\">Orientador: <\/span><\/strong>MARCELO FREITAS DA SILVA <br \/><strong>Linha de Pesquisa<\/strong> - Inova\u00e7\u00e3o para Educa\u00e7\u00e3o Profissional e Tecnol\u00f3gica<br \/><strong>Comiss\u00e3o Examinadora<\/strong><br \/>Marcelo Freitas da Silva<br \/>Leila Maria Ara\u00fajo Santos - coorientadora<br \/>Claudia Smaniotto Barin<br \/>Marissol melo Alves<br \/>Roseclea Duarte Medina<br \/><strong>Lattes:<br \/><\/strong><\/pre>\n<hr \/>\n<pre class=\"span6\"><strong>JAIRO MANZONI RODRIGUES<\/strong> <br \/><strong><span id=\"LabelTag_tZru2a1VEetM97el\" class=\"label\">T\u00edtulo da MDT<\/span>: <\/strong><a href=\"https:\/\/repositorio.ufsm.br\/handle\/1\/26851\">Forma\u00e7\u00e3o de professores da educa\u00e7\u00e3o profissional e tecnol\u00f3gica: a inclus\u00e3o de pessoas com defici\u00eancia<\/a><br \/><strong>Orientador: <\/strong>CLAUDIA SMANIOTTO BARIN<br \/><strong><span id=\"LabelTag_vw2j7ag1JD5ePVMu\" class=\"label\">Linha de Pesquisa: <\/span><\/strong>Forma\u00e7\u00e3o Docente para Educa\u00e7\u00e3o Profissional e Tecnol\u00f3gica<br \/><strong>Comiss\u00e3o Examinadora<br \/><\/strong>CLAUDIA SMANIOTTO BARIN <br \/>SABRINA FERNANDES DE CASTRO<br \/>VANTOIR ROBERTO BRANCHER<br \/>RICARDO MACHADO ELLENSOHN<br \/><strong>Lattes:<br \/><\/strong><\/pre>\n<pre class=\"span6\"><strong>LUCIANE M\u00dcLLER HEUSNER<\/strong> <br \/><strong><span id=\"LabelTag_UoZCsH6JyELP9etr\" class=\"label\">T\u00edtulo da MDT:<\/span><\/strong> A pr\u00e1tica docente e o uso das tecnologias digitais de informa\u00e7\u00e3o e comunica\u00e7\u00e3o nas aulas remotas da Educa\u00e7\u00e3o Profissional e Tecnol\u00f3gica<br \/><strong><span id=\"LabelTag_6JJJQvmS1ULxoh4S\" class=\"label\">Orientador: <\/span><\/strong>RICARDO MACHADO ELLENSOHN <br \/><strong><span id=\"LabelTag_vw2j7ag1JD5ePVMu\" class=\"label\">Linha de Pesquisa: <\/span><\/strong>Forma\u00e7\u00e3o Docente para Educa\u00e7\u00e3o Profissional e Tecnol\u00f3gica<br \/><strong>Comiss\u00e3o Examinadora<\/strong><br \/><span class=\"markedContent\"><span dir=\"ltr\" role=\"presentation\">Ricardo<\/span> <span dir=\"ltr\" role=\"presentation\">Machado<\/span> <span dir=\"ltr\" role=\"presentation\">Ellensohn<\/span><br role=\"presentation\" \/><span dir=\"ltr\" role=\"presentation\">Claudia Smaniotto Barin- coorientadora<br \/>Rog\u00e9rio Correa Turchetti<br \/>Aline Machado <\/span><span dir=\"ltr\" role=\"presentation\">Zancanaro<br \/><\/span><\/span><\/pre>\n<hr \/>\n<pre class=\"span6\"><span id=\"page10R_mcid9\" class=\"markedContent\"><\/span><strong>MAIKEL GUERRA BATHAGLINI<\/strong> <br \/><strong><span id=\"LabelTag_UoZCsH6JyELP9etr\" class=\"label\">T\u00edtulo da MDT:<\/span><\/strong> Sistema Integrado de Gest\u00e3o: Uma Proposta de Moderniza\u00e7\u00e3o no Processo de Solicita\u00e7\u00e3o, Aquisi\u00e7\u00e3o e Controle de Bens M\u00f3veis do Col\u00e9gio T\u00e9cnico Industrial de Santa Maria\u00a0<br \/><strong><span id=\"LabelTag_sNBkinLVWFlsVyeZ\" class=\"label\">Orientador: <\/span><\/strong>MARCELO FREITAS DA SILVA <br \/><strong>Linha de Pesquisa<\/strong> - Inova\u00e7\u00e3o para Educa\u00e7\u00e3o Profissional e Tecnol\u00f3gica<br \/><strong>Comiss\u00e3o Examinadora<\/strong><br \/>Marcelo Freitas da Silva<br \/>Leila Maria Ara\u00fajo Santos - coorientadora<br \/>Felipe Becker Nunes<br \/>Luciano Caldeira Vilanova<br \/>Rog\u00e9rio Correa Turchetti<br \/><strong>Lattes:<\/strong> <\/pre>\n<hr \/>\n<pre class=\"span6\"><strong>MARCELA MARTINS NUNES<\/strong> <br \/><strong><span id=\"LabelTag_JnVz2unI5I0gwopK\" class=\"label\">T\u00edtulo da MDT: <\/span><\/strong>Estrat\u00e9gias metodol\u00f3gicas para o atendimento de estudantes do espectro autista em tempos de pandemia na Educa\u00e7\u00e3o Profissional e Tecnol\u00f3gica<br \/><strong><span id=\"LabelTag_6JJJQvmS1ULxoh4S\" class=\"label\">Orientador: <\/span><\/strong>RICARDO MACHADO ELLENSOHN <br \/><strong>Linha de Pesquisa<\/strong> - Inova\u00e7\u00e3o para Educa\u00e7\u00e3o Profissional e Tecnol\u00f3gica<br \/><strong>Comiss\u00e3o Examinadora<\/strong><br \/><span class=\"markedContent\"><span dir=\"ltr\" role=\"presentation\">Ricardo<\/span> <span dir=\"ltr\" role=\"presentation\">Machado<\/span> <span dir=\"ltr\" role=\"presentation\">Ellensohn<\/span><br role=\"presentation\" \/><span dir=\"ltr\" role=\"presentation\">Claudia Smaniotto Barin- coorientadora<br \/><\/span>Sabrina Fernandes de Castro<br \/>Sandra Elisabet Bazana Nonenmacher<\/span><br \/><strong>Lattes:<\/strong> <\/pre>\n<hr \/>\n<pre class=\"span6\">MARELIZA FAGUNDES DE ARAUJO DUARTE <br \/><strong><span id=\"LabelTag_JnVz2unI5I0gwopK\" class=\"label\">T\u00edtulo da MDT: <\/span><\/strong><a href=\"https:\/\/repositorio.ufsm.br\/handle\/1\/27235\">Pol\u00edtica de educa\u00e7\u00e3o profissional nos governos do Rio Grande do Sul: que tijolos a (des)constroem?<\/a><br \/><strong><span id=\"LabelTag_4nBBec1sOGMNPkDm\" class=\"label\">Orientador: <\/span><\/strong>MARIGLEI SEVERO MARASCHIN<br \/><strong><span id=\"LabelTag_ZYCg4Pa4iRBOJ7CR\" class=\"label\">Linha de Pesquisa<\/span><\/strong> - Pol\u00edticas e Gest\u00e3o em Educa\u00e7\u00e3o Profissional e Tecnol\u00f3gica<br \/><strong><span id=\"LabelTag_45gXBAtFSWW25Ksx\" class=\"label\">Comiss\u00e3o Examinadora<\/span><\/strong><br \/>MARIGLEI SEVERO MARASCHIN <br \/>FABIO AZAMBUJA MAR\u00c7AL<br \/>LILIANA SOARES FERREIRA<br \/>NEILA PEDROTTI DRABACH<br \/><strong>Lattes:<br \/><\/strong><\/pre>\n<hr \/>\n<pre class=\"span6\"><strong>MARIA TEREZA SILVA ALVES<br \/><span id=\"LabelTag_JnVz2unI5I0gwopK\" class=\"label\">T\u00edtulo da MDT:<\/span><\/strong> <span id=\"page6R_mcid20\" class=\"markedContent\"><span dir=\"ltr\" role=\"presentation\">A R<\/span><span dir=\"ltr\" role=\"presentation\">ESIST\u00caNCIA E<\/span> <span dir=\"ltr\" role=\"presentation\">A SOBREVIV\u00caNCIA<\/span> <span dir=\"ltr\" role=\"presentation\">DAS PROFESSORAS N<\/span><span dir=\"ltr\" role=\"presentation\">A <\/span><span dir=\"ltr\" role=\"presentation\">REDE P\u00daBLICA ESTADUA<\/span><span dir=\"ltr\" role=\"presentation\">L<\/span> <span dir=\"ltr\" role=\"presentation\">DE SANTA MARIA<br \/><\/span><\/span><strong><span id=\"LabelTag_2qs2VIdXC80prK16\" class=\"label\">Orientador: <\/span><\/strong>ASCISIO DOS REIS PEREIRA<br \/><strong><span id=\"LabelTag_vw2j7ag1JD5ePVMu\" class=\"label\">Linha de Pesquisa: <\/span><\/strong>Forma\u00e7\u00e3o Docente para Educa\u00e7\u00e3o Profissional e Tecnol\u00f3gica <br \/><strong><span id=\"LabelTag_45gXBAtFSWW25Ksx\" class=\"label\">Comiss\u00e3o Examinadora<\/span><\/strong><br \/>ASCISIO DOS REIS PEREIRA<br \/>MARCIA ELIANE LEINDCKER DA PAIX\u00c3O - Coorientadora<br \/>FRANCISCO NILTON GOMES DE OLIVEIRA <br \/>MARCIA ALVES DA SILVA<br \/>LEILA MARIA ARA\u00daJO SANTOS<br \/><strong>Lattes:<br \/><\/strong><\/pre>\n<hr \/>\n<pre class=\"span6\"><strong>RAFAEL ECKE BISOGNO <\/strong><br \/><strong><span id=\"LabelTag_fkjPks6MHjW2XbW7\" class=\"label\">T\u00edtulo da MDT: <\/span><\/strong>INCLUS\u00c3O NO ENSINO EM M\u00daSICA PARA PESSOAS COM DEFICI\u00caNCIA<br \/><strong><span id=\"LabelTag_sNBkinLVWFlsVyeZ\" class=\"label\">Orientador: <\/span><\/strong>ROG\u00c9RIO CORREA TURCHETTI<br \/><strong>Linha de Pesquisa<\/strong> - Inova\u00e7\u00e3o para Educa\u00e7\u00e3o Profissional e Tecnol\u00f3gica<br \/><strong>Comiss\u00e3o Examinadora<br \/><\/strong>Rog\u00e9rio Correa Turchetti<br \/>Leila Maria Ara\u00fajo Santos - coorientadora)<br \/>Eduardo Guedes Pacheco<br \/>M\u00f4nica Corr\u00eaa de Borba Barboza<br \/>Roseclea Duarte Medina<br \/><strong>Lattes:<\/strong><\/pre>\n<hr \/>\n<pre class=\"span6\"><strong>ROBERTO FERNANDES DE MELLO<br \/>T\u00edtulo MDT: <\/strong>O uso de jogos como mediador da pr\u00e1tica docente para cursos de contabilidade na EPT <br \/><strong><span id=\"LabelTag_6JJJQvmS1ULxoh4S\" class=\"label\">Orientador: <\/span><\/strong>RICARDO MACHADO ELLENSOHN <br \/><strong>Linha de Pesquisa<\/strong> - Inova\u00e7\u00e3o para Educa\u00e7\u00e3o Profissional e Tecnol\u00f3gica<br \/><strong>Comiss\u00e3o Examinadora<\/strong><br \/><span class=\"markedContent\"><span dir=\"ltr\" role=\"presentation\">Ricardo<\/span> <span dir=\"ltr\" role=\"presentation\">Machado<\/span> <span dir=\"ltr\" role=\"presentation\">Ellensohn<\/span><br role=\"presentation\" \/><span dir=\"ltr\" role=\"presentation\">Claudia Smaniotto Barin- coorientadora<\/span><\/span><br \/>Leila Maria Ara\u00fajo Santos<br \/>Luciana Paim Pieniz<br \/><strong>Lattes:<\/strong><\/pre>\n<hr \/>\n<pre class=\"span6\"><strong>YASMINE ESPINDOLA P\u00d4RTO<\/strong> <br \/><strong>T\u00edtulo MDT:<\/strong> <span class=\"fontstyle0\">O TRABALHO DAS PROFESSORAS DE EDUCA\u00c7\u00c3O ESPECIAL NA POL\u00cdTICA DE EDUCA\u00c7\u00c3O PROFISSIONAL E TECNOL\u00d3GICA<\/span> <br \/><strong><span id=\"LabelTag_4nBBec1sOGMNPkDm\" class=\"label\">Orientador: <\/span><\/strong>MARIGLEI SEVERO MARASCHIN<br \/><strong><span id=\"LabelTag_ZYCg4Pa4iRBOJ7CR\" class=\"label\">Linha de Pesquisa<\/span><\/strong> - Pol\u00edticas e Gest\u00e3o em Educa\u00e7\u00e3o Profissional e Tecnol\u00f3gica<br \/><strong><span id=\"LabelTag_45gXBAtFSWW25Ksx\" class=\"label\">Comiss\u00e3o Examinadora<\/span><\/strong><br \/>MARIGLEI SEVERO MARASCHIN <br \/>SABRINA FERNANDES DE CASTRO<br \/>ANA SARA CASTAMAN<br \/>MELINA DE AZEVEDO MELLO<br \/><strong>Lattes:<\/strong><\/pre>\n<hr \/>\n<pre class=\"span6\"><br \/><br \/><\/pre>\n<\/div>","protected":false},"excerpt":{"rendered":"<p>ADRIANA ZANKI CORDENONSIT\u00edtulo da MDT:\u00a0Princ\u00edpios de design educacional e desenvolvimento de recursos educacionais para os cursos t\u00e9cnicos concomitantes EaD do IFROOrientador: CLAUDIA SMANIOTTO BARINLinha de Pesquisa &#8211; Inova\u00e7\u00e3o para Educa\u00e7\u00e3o Profissional e Tecnol\u00f3gicaComiss\u00e3o ExaminadoraCLAUDIA SMANIOTTO BARIN \u2013 orientadoraRICARDO MACHADO ELLENSOHNVALDESON AMARO LIMALEILA MARIA ARA\u00daJO SANTOSLattes: AN\u00c1LIA FERRAZ RODRIGUEST\u00edtulo da MDT: Acesso de estudantes com defici\u00eancias [&hellip;]<\/p>\n","protected":false},"author":852,"featured_media":0,"parent":0,"menu_order":0,"comment_status":"closed","ping_status":"closed","template":"","meta":{"footnotes":""},"categories":[],"tags":[],"class_list":["post-1339","page","type-page","status-publish","hentry"],"acf":[],"_links":{"self":[{"href":"https:\/\/www.ufsm.br\/cursos\/pos-graduacao\/santa-maria\/ppgept\/wp-json\/wp\/v2\/pages\/1339","targetHints":{"allow":["GET"]}}],"collection":[{"href":"https:\/\/www.ufsm.br\/cursos\/pos-graduacao\/santa-maria\/ppgept\/wp-json\/wp\/v2\/pages"}],"about":[{"href":"https:\/\/www.ufsm.br\/cursos\/pos-graduacao\/santa-maria\/ppgept\/wp-json\/wp\/v2\/types\/page"}],"author":[{"embeddable":true,"href":"https:\/\/www.ufsm.br\/cursos\/pos-graduacao\/santa-maria\/ppgept\/wp-json\/wp\/v2\/users\/852"}],"replies":[{"embeddable":true,"href":"https:\/\/www.ufsm.br\/cursos\/pos-graduacao\/santa-maria\/ppgept\/wp-json\/wp\/v2\/comments?post=1339"}],"version-history":[{"count":0,"href":"https:\/\/www.ufsm.br\/cursos\/pos-graduacao\/santa-maria\/ppgept\/wp-json\/wp\/v2\/pages\/1339\/revisions"}],"wp:attachment":[{"href":"https:\/\/www.ufsm.br\/cursos\/pos-graduacao\/santa-maria\/ppgept\/wp-json\/wp\/v2\/media?parent=1339"}],"wp:term":[{"taxonomy":"category","embeddable":true,"href":"https:\/\/www.ufsm.br\/cursos\/pos-graduacao\/santa-maria\/ppgept\/wp-json\/wp\/v2\/categories?post=1339"},{"taxonomy":"post_tag","embeddable":true,"href":"https:\/\/www.ufsm.br\/cursos\/pos-graduacao\/santa-maria\/ppgept\/wp-json\/wp\/v2\/tags?post=1339"}],"curies":[{"name":"wp","href":"https:\/\/api.w.org\/{rel}","templated":true}]}}