{"id":1341,"date":"2023-01-06T08:39:42","date_gmt":"2023-01-06T11:39:42","guid":{"rendered":"https:\/\/www.ufsm.br\/cursos\/pos-graduacao\/santa-maria\/ppgept\/?page_id=1341"},"modified":"2023-04-03T15:23:07","modified_gmt":"2023-04-03T18:23:07","slug":"turma-2022","status":"publish","type":"page","link":"https:\/\/www.ufsm.br\/cursos\/pos-graduacao\/santa-maria\/ppgept\/turma-2022","title":{"rendered":"Turma 2022"},"content":{"rendered":"\n<p>\u00a0<\/p>\n<p><strong>CARLOS BENETTI<\/strong><\/p>\n<p><strong>Orientadora: <\/strong>Angela Isabel dos Santos Dullius<\/p>\n<p><strong>Linha de Pesquisa: <\/strong>Inova\u00e7\u00e3o para Educa\u00e7\u00e3o Profissional e Tecnol\u00f3gica<\/p>\n<hr \/>\n<p><strong>GIULIANO LANES DE ALMEIDA<\/strong><\/p>\n<p><strong>Orientador: <\/strong>Walter priesnitz Filho<\/p>\n<p><strong>Linha de Pesquisa: <\/strong>Inova\u00e7\u00e3o para Educa\u00e7\u00e3o Profissional e Tecnol\u00f3gica<\/p>\n<hr \/>\n<p><strong>LUANE NUNES TRINDADE<\/strong><\/p>\n<p><strong>Orientadora: <\/strong>Claudia Smaniotto Barin<\/p>\n<p><strong>Linha de Pesquisa: <\/strong>Forma\u00e7\u00e3o Docente para Educa\u00e7\u00e3o Profissional e Tecnol\u00f3gica<\/p>\n<hr \/>\n<p><strong>MARCO CEZARI OLIVEIRA PADILHA<\/strong><\/p>\n<p><strong>Orientador: <\/strong>Ricardo Machado Ellensohn<\/p>\n<p><strong>Linha de Pesquisa:<\/strong> Inova\u00e7\u00e3o para Educa\u00e7\u00e3o Profissional e Tecnol\u00f3gica<\/p>\n<hr \/>\n<p><strong>MARIELE DE FREITAS FAVERO<\/strong><\/p>\n<p><strong>Orientador: <\/strong>Rog\u00e9rio Correa Turchetti<\/p>\n<p><strong>Linha de Pesquisa:<\/strong> Inova\u00e7\u00e3o para Educa\u00e7\u00e3o Profissional e Tecnol\u00f3gica<\/p>\n<hr \/>\n<p><strong>RENATA HASSLER LOPES<\/strong><\/p>\n<p><strong>Orientador: <\/strong>Rog\u00e9rio Correa Turchetti<\/p>\n<p><strong>Linha de Pesquisa:<\/strong> Inova\u00e7\u00e3o para Educa\u00e7\u00e3o Profissional e Tecnol\u00f3gica<\/p>\n<hr \/>\n<p><strong>RENATA QUEVEDO VIERO<\/strong><\/p>\n<p><strong>Orientadora: <\/strong>Melina de Azevedo Mello<\/p>\n<p><strong>Linha de Pesquisa: <\/strong>Forma\u00e7\u00e3o Docente para Educa\u00e7\u00e3o Profissional e Tecnol\u00f3gica<\/p>\n<hr \/>\n<p><strong>RITA DE CASSIA BRASIL DE AQUINO<\/strong><\/p>\n<p><strong>Orientadora: <\/strong>Sabrina Fernandes de Castro<\/p>\n<p><strong>Linha de Pesquisa: <\/strong>Forma\u00e7\u00e3o Docente para Educa\u00e7\u00e3o Profissional e Tecnol\u00f3gica<\/p>\n<hr \/>\n<p><strong>TIAGO DE MEDEIROS PRESTES<\/strong><\/p>\n<p><strong>Orientador: <\/strong><strong>Alejandro Lezcano Schwarzkopf<\/strong><\/p>\n<p><strong>Linha de Pesquisa: <\/strong>Pol\u00edticas e Gest\u00e3o em Educa\u00e7\u00e3o Profissional e Tecnol\u00f3gica<\/p>\n<hr \/>\n<p>\u00a0<\/p>\n","protected":false},"excerpt":{"rendered":"<p>\u00a0 CARLOS BENETTI Orientadora: Angela Isabel dos Santos Dullius Linha de Pesquisa: Inova\u00e7\u00e3o para Educa\u00e7\u00e3o Profissional e Tecnol\u00f3gica GIULIANO LANES DE ALMEIDA Orientador: Walter priesnitz Filho Linha de Pesquisa: Inova\u00e7\u00e3o para Educa\u00e7\u00e3o Profissional e Tecnol\u00f3gica LUANE NUNES TRINDADE Orientadora: Claudia Smaniotto Barin Linha de Pesquisa: Forma\u00e7\u00e3o Docente para Educa\u00e7\u00e3o Profissional e Tecnol\u00f3gica MARCO CEZARI OLIVEIRA [&hellip;]<\/p>\n","protected":false},"author":852,"featured_media":0,"parent":0,"menu_order":0,"comment_status":"closed","ping_status":"closed","template":"","meta":{"footnotes":""},"categories":[],"tags":[],"class_list":["post-1341","page","type-page","status-publish","hentry"],"acf":[],"_links":{"self":[{"href":"https:\/\/www.ufsm.br\/cursos\/pos-graduacao\/santa-maria\/ppgept\/wp-json\/wp\/v2\/pages\/1341","targetHints":{"allow":["GET"]}}],"collection":[{"href":"https:\/\/www.ufsm.br\/cursos\/pos-graduacao\/santa-maria\/ppgept\/wp-json\/wp\/v2\/pages"}],"about":[{"href":"https:\/\/www.ufsm.br\/cursos\/pos-graduacao\/santa-maria\/ppgept\/wp-json\/wp\/v2\/types\/page"}],"author":[{"embeddable":true,"href":"https:\/\/www.ufsm.br\/cursos\/pos-graduacao\/santa-maria\/ppgept\/wp-json\/wp\/v2\/users\/852"}],"replies":[{"embeddable":true,"href":"https:\/\/www.ufsm.br\/cursos\/pos-graduacao\/santa-maria\/ppgept\/wp-json\/wp\/v2\/comments?post=1341"}],"version-history":[{"count":0,"href":"https:\/\/www.ufsm.br\/cursos\/pos-graduacao\/santa-maria\/ppgept\/wp-json\/wp\/v2\/pages\/1341\/revisions"}],"wp:attachment":[{"href":"https:\/\/www.ufsm.br\/cursos\/pos-graduacao\/santa-maria\/ppgept\/wp-json\/wp\/v2\/media?parent=1341"}],"wp:term":[{"taxonomy":"category","embeddable":true,"href":"https:\/\/www.ufsm.br\/cursos\/pos-graduacao\/santa-maria\/ppgept\/wp-json\/wp\/v2\/categories?post=1341"},{"taxonomy":"post_tag","embeddable":true,"href":"https:\/\/www.ufsm.br\/cursos\/pos-graduacao\/santa-maria\/ppgept\/wp-json\/wp\/v2\/tags?post=1341"}],"curies":[{"name":"wp","href":"https:\/\/api.w.org\/{rel}","templated":true}]}}