{"id":450,"date":"2019-04-05T11:34:42","date_gmt":"2019-04-05T14:34:42","guid":{"rendered":"https:\/\/www.ufsm.br\/cursos\/pos-graduacao\/santa-maria\/ppgept\/?page_id=450"},"modified":"2023-01-05T10:14:04","modified_gmt":"2023-01-05T13:14:04","slug":"turma-2018","status":"publish","type":"page","link":"https:\/\/www.ufsm.br\/cursos\/pos-graduacao\/santa-maria\/ppgept\/turma-2018","title":{"rendered":"Turma 2018"},"content":{"rendered":"\t\t<div data-elementor-type=\"wp-post\" data-elementor-id=\"450\" class=\"elementor elementor-450\">\n\t\t\t\t\t\t<section class=\"elementor-section elementor-top-section elementor-element elementor-element-36a1d772 elementor-section-boxed elementor-section-height-default elementor-section-height-default\" data-id=\"36a1d772\" data-element_type=\"section\">\n\t\t\t\t\t\t<div class=\"elementor-container elementor-column-gap-default\">\n\t\t\t\t\t<div class=\"elementor-column elementor-col-100 elementor-top-column elementor-element elementor-element-68952bf1\" data-id=\"68952bf1\" data-element_type=\"column\">\n\t\t\t<div class=\"elementor-widget-wrap elementor-element-populated\">\n\t\t\t\t\t\t<div class=\"elementor-element elementor-element-438d968b elementor-widget elementor-widget-text-editor\" data-id=\"438d968b\" data-element_type=\"widget\" data-widget_type=\"text-editor.default\">\n\t\t\t\t<div class=\"elementor-widget-container\">\n\t\t\t\t\t\t\t<h5><span style=\"font-size: 12pt;font-family: georgia, palatino, serif\"><strong>Ad\u00e3o Antonio Pillar Damasceno<\/strong><\/span><\/h5><p><span style=\"font-family: georgia, palatino, serif\"><strong>Pesquisa: <a href=\"https:\/\/sucupira.capes.gov.br\/sucupira\/public\/consultas\/coleta\/trabalhoConclusao\/viewTrabalhoConclusao.jsf?popup=true&amp;id_trabalho=11652069\">TRABALHO, TECNOLOGIA E EDUCA\u00c7\u00c3O DO CAMPO: AS EXPERI\u00caNCIAS PEDAG\u00d3GICAS DO CURSO NORMAL DE N\u00cdVEL M\u00c9DIO (MAGIST\u00c9RIO) DO IEJC<\/a><\/strong><\/span><\/p><p><span style=\"font-size: 12pt;font-family: georgia, palatino, serif\"><strong>Orientador:<\/strong>\u00a0 <a href=\"http:\/\/lattes.cnpq.br\/1635475892372110\">Roselene Moreira Gomes Pommer<\/a><\/span><\/p><p><span style=\"font-size: 12pt;font-family: georgia, palatino, serif\"><strong>Linha de Pesquisa: <\/strong>Forma\u00e7\u00e3o Docente para a\u00a0Educa\u00e7\u00e3o Profissional e\u00a0Tecnol\u00f3gica<\/span><\/p><p><span style=\"font-family: georgia, palatino, serif\"><a href=\"http:\/\/lattes.cnpq.br\/0840448326190782\">http:\/\/lattes.cnpq.br\/0840448326190782<\/a><\/span><\/p><h5><span style=\"font-size: 12pt;font-family: georgia, palatino, serif\"><strong>Ana Maria da Luz Schollmeier<\/strong><\/span><\/h5><p><span style=\"font-family: georgia, palatino, serif\"><strong>Pesquisa: \u00a0\u00a0<\/strong><\/span><a href=\"https:\/\/sucupira.capes.gov.br\/sucupira\/public\/consultas\/coleta\/trabalhoConclusao\/viewTrabalhoConclusao.jsf?popup=true&amp;id_trabalho=10324429\"><span style=\"font-family: georgia, palatino, serif\"><em>PR\u00c1TICAS PEDAG\u00d3GICAS NA INTEGRA\u00c7\u00c3O ENTRE EDUCA\u00c7\u00c3O B\u00c1SICA E A EDUCA\u00c7\u00c3O PROFISSIONAL E TECNOL\u00d3GICA: A EXPERIMENTA\u00c7\u00c3O NO ENSINO DE QU\u00cdMICA<\/em><\/span><\/a><\/p><p><strong><span style=\"font-family: georgia, palatino, serif\">Orientador: <\/span><\/strong><span style=\"font-family: georgia, palatino, serif\"><a href=\"http:\/\/lattes.cnpq.br\/0832298305352059\">Claudia Smaniotto Barin<\/a> <\/span><\/p><p><span style=\"font-size: 12pt;font-family: georgia, palatino, serif\"><strong>Linha de Pesquisa: <\/strong>Forma\u00e7\u00e3o Docente para a\u00a0Educa\u00e7\u00e3o Profissional e\u00a0Tecnol\u00f3gica<\/span><\/p><p><span style=\"font-family: georgia, palatino, serif\"><a href=\"http:\/\/lattes.cnpq.br\/7946857595145805\">http:\/\/lattes.cnpq.br\/7946857595145805<\/a><\/span><\/p><h5><span style=\"font-size: 12pt;font-family: georgia, palatino, serif\"><strong>Edisson Anzolin Filho<\/strong><\/span><\/h5><p><span style=\"font-family: georgia, palatino, serif\"><strong>Pesquisa: <\/strong><\/span><br \/><a href=\"https:\/\/sucupira.capes.gov.br\/sucupira\/public\/consultas\/coleta\/trabalhoConclusao\/viewTrabalhoConclusao.jsf?popup=true&amp;id_trabalho=11652112\"><span style=\"font-family: georgia, palatino, serif\"><em>FORMA\u00c7\u00c3O DOCENTE: INVESTIGANDO POSSIBILIDADES E DESAFIOS DE UMA DISCIPLINA EAD<\/em><\/span><\/a><\/p><p><strong><span style=\"font-family: georgia, palatino, serif\">Orientador: <\/span><\/strong><span style=\"font-family: georgia, palatino, serif\"><a href=\"http:\/\/lattes.cnpq.br\/0832298305352059\">Claudia Smaniotto Barin<\/a> <\/span><\/p><p><span style=\"font-size: 12pt;font-family: georgia, palatino, serif\"><strong>Linha de Pesquisa: <\/strong>Forma\u00e7\u00e3o Docente para a\u00a0Educa\u00e7\u00e3o Profissional e\u00a0Tecnol\u00f3gica<\/span><\/p><p><span style=\"font-family: georgia, palatino, serif\"><a href=\"http:\/\/lattes.cnpq.br\/4604577618250564\">http:\/\/lattes.cnpq.br\/4604577618250564<\/a><\/span><\/p><h5><span style=\"font-size: 12pt;font-family: georgia, palatino, serif\"><strong>Gabrielle Assun\u00e7\u00e3o Minuzi<\/strong><\/span><\/h5><p><span style=\"font-family: georgia, palatino, serif\"><strong>Pesquisa:\u00a0 <\/strong><\/span><a href=\"https:\/\/sucupira.capes.gov.br\/sucupira\/public\/consultas\/coleta\/trabalhoConclusao\/viewTrabalhoConclusao.jsf?popup=true&amp;id_trabalho=11267346\"><em>PARA O QUE FORMAMOS? CONSIDERA\u00c7\u00d5ES S\u00d3CIO ALIMENTARES DO CURSO SUPERIOR DE TECNOLOGIA EM GASTRONOMIA DA UNISC<\/em><\/a><\/p><p><span style=\"font-size: 12pt;font-family: georgia, palatino, serif\"><span style=\"font-family: georgia, palatino, serif\"><strong>Orientador:<\/strong>\u00a0 <\/span><\/span><span style=\"font-size: 12pt;font-family: georgia, palatino, serif\"><a href=\"http:\/\/lattes.cnpq.br\/1635475892372110\">Roselene Moreira Gomes Pommer<\/a> <\/span><\/p><p><span style=\"font-size: 12pt;font-family: georgia, palatino, serif\"><strong>Linha de Pesquisa:<\/strong>\u00a0 Forma\u00e7\u00e3o Docente para a Educa\u00e7\u00e3o Profissional e Tecnol\u00f3gica<\/span><\/p><p><span style=\"font-family: georgia, palatino, serif\"><a href=\"http:\/\/lattes.cnpq.br\/9235032762022355\">http:\/\/lattes.cnpq.br\/9235032762022355<\/a><\/span><\/p><h5><span style=\"font-size: 12pt;font-family: georgia, palatino, serif\"><strong>Josiane Bertoldo Piovesan<\/strong><\/span><\/h5><p><span style=\"font-family: georgia, palatino, serif\"><strong>Pesquisa:\u00a0 <\/strong><\/span><a href=\"https:\/\/sucupira.capes.gov.br\/sucupira\/public\/consultas\/coleta\/trabalhoConclusao\/viewTrabalhoConclusao.jsf?popup=true&amp;id_trabalho=10303003\"><span style=\"font-family: georgia, palatino, serif\"><em>PERCURSO FORMATIVO DE DOCENTES ATUANTES EM UM CURSO T\u00c9CNICO: TECITURAS E CAMINHOS PERCORRIDOS NO DESENVOLVIMENTO PROFISSIONAL DO PROFESSOR T\u00c9CNICO<\/em><\/span><\/a><\/p><p><strong><span style=\"font-family: georgia, palatino, serif\"> Orientador:\u00a0 <\/span><\/strong><span style=\"font-family: georgia, palatino, serif\"><a href=\"http:\/\/lattes.cnpq.br\/8810489697768335\">Francisco Nilton Gomes de Oliveira<\/a><\/span><\/p><p><span style=\"font-size: 12pt;font-family: georgia, palatino, serif\"><strong>Linha de Pesquisa: <\/strong>Forma\u00e7\u00e3o Docente para a\u00a0Educa\u00e7\u00e3o Profissional e\u00a0Tecnol\u00f3gica<\/span><\/p><p><span style=\"font-family: georgia, palatino, serif\"><a href=\"http:\/\/lattes.cnpq.br\/1804165168906177\">http:\/\/lattes.cnpq.br\/1804165168906177<\/a><\/span><\/p><h5><span style=\"font-size: 12pt;font-family: georgia, palatino, serif\"><strong>Juliane Vanessa Rippel Silveira<\/strong><\/span><\/h5><p><span style=\"font-family: georgia, palatino, serif\"><strong>Pesquisa:\u00a0 \u00a0 <\/strong><\/span><span style=\"font-family: georgia, palatino, serif\"><em>ADULTOS MADUROS NA EDUCA\u00c7\u00c3O PROFISSIONAL E TECNOL\u00d3GICA (EPT): UM ESTUDO \u00c0 LUZ DA DIVERSIDADE GERACIONAL<\/em><\/span><\/p><p><span style=\"font-family: georgia, palatino, serif\"><strong>Orientador:<\/strong>\u00a0<\/span><span style=\"font-family: georgia, palatino, serif\"><a href=\"http:\/\/lattes.cnpq.br\/0427736982554233\">Leila Maria Ara\u00fajo Santos<\/a> <\/span><\/p><p><span style=\"font-size: 12pt;font-family: georgia, palatino, serif\"><strong>Linha de Pesquisa: <\/strong>Inova\u00e7\u00e3o para Educa\u00e7\u00e3o Profissional e Tecnol\u00f3gica<\/span><\/p><p><span style=\"font-family: georgia, palatino, serif\"><a href=\"http:\/\/lattes.cnpq.br\/9802681937614152\">http:\/\/lattes.cnpq.br\/9802681937614152<\/a><\/span><\/p><h5><span style=\"font-size: 12pt;font-family: georgia, palatino, serif\"><strong>Luana Lopes<\/strong><\/span><\/h5><p><span style=\"font-family: georgia, palatino, serif\"><strong>Pesquisa:\u00a0 <\/strong><\/span><span style=\"font-family: georgia, palatino, serif\"><em>AS PR\u00c1TICAS PEDAG\u00d3GICAS E A CATEGORIA TRABALHO NOS PRIMEIROS CURSOS OFERTADOS PELO COL\u00c9GIO T\u00c9CNICO INDUSTRIAL DE SANTA MARIA (CTISM)<\/em><\/span><\/p><p><span style=\"font-family: georgia, palatino, serif\"><strong>Orientador:<\/strong> <\/span><span style=\"font-family: georgia, palatino, serif\"><a href=\"http:\/\/lattes.cnpq.br\/1635475892372110\">Roselene Moreira Gomes Pommer<\/a> <\/span><\/p><p><span style=\"font-size: 12pt;font-family: georgia, palatino, serif\"><strong>Linha de Pesquisa: <\/strong>Forma\u00e7\u00e3o Docente para a\u00a0Educa\u00e7\u00e3o Profissional e\u00a0Tecnol\u00f3gica<\/span><\/p><p><span style=\"font-family: georgia, palatino, serif\"><a href=\"http:\/\/lattes.cnpq.br\/1240033595352158\">http:\/\/lattes.cnpq.br\/1240033595352158<\/a><\/span><\/p><h5><span style=\"font-size: 12pt;font-family: georgia, palatino, serif\"><strong>Lubia Telma Garcia Wustrow Souza<\/strong><\/span><\/h5><p><span style=\"font-family: georgia, palatino, serif\"><strong>Pesquisa:\u00a0 <\/strong><\/span><a href=\"https:\/\/sucupira.capes.gov.br\/sucupira\/public\/consultas\/coleta\/trabalhoConclusao\/viewTrabalhoConclusao.jsf?popup=true&amp;id_trabalho=11267344\"><em><span style=\"font-family: georgia, palatino, serif\">DESENVOLVIMENTO DE MATERIAL DID\u00c1TICO DIGITAL PARA APOIO AO ENSINO DE ALUNOS MADUROS NO PROEJA\/CTISM<\/span><\/em><\/a><\/p><p><span style=\"font-family: georgia, palatino, serif\"><strong> Orientador<\/strong>:\u00a0 <\/span><span style=\"font-family: georgia, palatino, serif\"><a href=\"http:\/\/lattes.cnpq.br\/0427736982554233\">Leila Maria Araujo Santos<\/a><\/span><\/p><p><span style=\"font-size: 12pt;font-family: georgia, palatino, serif\"><strong>Linha de Pesquisa: <\/strong>Inova\u00e7\u00e3o para Educa\u00e7\u00e3o Profissional e Tecnol\u00f3gica<\/span><\/p><p><span style=\"font-family: georgia, palatino, serif\"><a href=\"http:\/\/lattes.cnpq.br\/7725682878110008\">http:\/\/lattes.cnpq.br\/7725682878110008<\/a><\/span><\/p><h5><span style=\"font-size: 12pt;font-family: georgia, palatino, serif\"><strong>Maria J\u00falia Callegaro Valente<\/strong><\/span><\/h5><p><span style=\"font-family: georgia, palatino, serif\"><strong>Pesquisa: <\/strong><\/span><a href=\"https:\/\/sucupira.capes.gov.br\/sucupira\/public\/consultas\/coleta\/trabalhoConclusao\/viewTrabalhoConclusao.jsf?popup=true&amp;id_trabalho=11267367\"><em><span style=\"font-family: georgia, palatino, serif\">A ATUALIDADE DA EDUCA\u00c7\u00c3O EM DIREITOS HUMANOS PARA FORMA\u00c7\u00c3O CIDAD\u00c3 NA EDUCA\u00c7\u00c3O PROFISSIONAL E TECNOL\u00d3GICA<\/span><\/em><\/a><\/p><p><span style=\"font-family: georgia, palatino, serif\"><strong> Orientador:<\/strong>\u00a0<\/span><span style=\"font-family: georgia, palatino, serif\"><a href=\"http:\/\/lattes.cnpq.br\/9916588298312326\">Ascisio dos Reis Pereira<\/a><\/span><\/p><p><span style=\"font-size: 12pt;font-family: georgia, palatino, serif\"><strong>Linha de Pesquisa: <\/strong>Forma\u00e7\u00e3o Docente para a\u00a0Educa\u00e7\u00e3o Profissional e\u00a0Tecnol\u00f3gica<\/span><\/p><p><span style=\"font-family: georgia, palatino, serif\"><a href=\"http:\/\/lattes.cnpq.br\/8672364656988561\">http:\/\/lattes.cnpq.br\/8672364656988561<\/a><\/span><\/p><h5><span style=\"font-size: 12pt;font-family: georgia, palatino, serif\"><strong>Martina Bernabeth Isnardo Gusm\u00e3o<\/strong><\/span><\/h5><p><span style=\"font-family: georgia, palatino, serif\"><strong>Pesquisa:\u00a0 <\/strong><\/span><a href=\"https:\/\/sucupira.capes.gov.br\/sucupira\/public\/consultas\/coleta\/trabalhoConclusao\/viewTrabalhoConclusao.jsf?popup=true&amp;id_trabalho=11267285\"><span style=\"font-family: georgia, palatino, serif\"><em>POL\u00cdTICA E TRABALHO PEDAG\u00d3GICO NA EJA EPT: OLHARES SOBRE O CURSO T\u00c9CNICO EM COZINHA DO INSTITUTO FEDERAL FARROUPILHA CAMPUS DE S\u00c3O BORJA \u2013 RS<\/em><\/span><\/a><\/p><p><span style=\"font-family: georgia, palatino, serif\"><strong>Orientador:<\/strong>\u00a0<\/span><span style=\"font-family: georgia, palatino, serif\"><a href=\"http:\/\/lattes.cnpq.br\/4397982308559255\">Mariglei Severo Maraschin<\/a><\/span><\/p><p><span style=\"font-size: 12pt;font-family: georgia, palatino, serif\"><strong>Linha de Pesquisa:<\/strong> Pol\u00edticas e\u00a0Gest\u00e3o em Educa\u00e7\u00e3o Profissional e\u00a0Tecnol\u00f3gica<\/span><\/p><p><span style=\"font-family: georgia, palatino, serif\"><a href=\"http:\/\/lattes.cnpq.br\/2387115670011802\">http:\/\/lattes.cnpq.br\/2387115670011802<\/a><\/span><\/p><h5><span style=\"font-size: 12pt;font-family: georgia, palatino, serif\"><strong>Nirvan Hofstadler Peixoto<\/strong><\/span><\/h5><p><span style=\"font-family: georgia, palatino, serif\"><strong>Pesquisa:\u00a0 <\/strong><\/span><a href=\"https:\/\/sucupira.capes.gov.br\/sucupira\/public\/consultas\/coleta\/trabalhoConclusao\/viewTrabalhoConclusao.jsf?popup=true&amp;id_trabalho=11267223\"><span style=\"font-family: georgia, palatino, serif\"><em>EPT NA EDUCA\u00c7\u00c3O DE ADULTOS VELHOS<\/em><\/span><\/a><\/p><p><span style=\"font-family: georgia, palatino, serif\"><strong>Orientador:<\/strong>\u00a0<\/span><span style=\"font-family: georgia, palatino, serif\"><a href=\"http:\/\/lattes.cnpq.br\/0427736982554233\">Leila Maria Ara\u00fajo Santos<\/a> <\/span><\/p><p><span style=\"font-size: 12pt;font-family: georgia, palatino, serif\"><strong>Linha de Pesquisa: <\/strong>Inova\u00e7\u00e3o para Educa\u00e7\u00e3o Profissional e Tecnol\u00f3gica<\/span><\/p><p><span style=\"font-family: georgia, palatino, serif\">http:\/\/lattes.cnpq.br\/0031988452638678<\/span><\/p><h5><span style=\"font-size: 12pt;font-family: georgia, palatino, serif\"><strong>Paula Joseane Rocha Gon\u00e7alves<\/strong><\/span><\/h5><p><span style=\"font-family: georgia, palatino, serif\"><strong>Pesquisa:\u00a0 <\/strong><\/span><a href=\"https:\/\/sucupira.capes.gov.br\/sucupira\/public\/consultas\/coleta\/trabalhoConclusao\/viewTrabalhoConclusao.jsf?popup=true&amp;id_trabalho=11269891\"><em><span style=\"font-family: georgia, palatino, serif\">SABERES DOCENTES E TRAJETOS FORMATIVOS DE PROFESSORES DE L\u00cdNGUA PORTUGUESA DA EPT<\/span><\/em><\/a><\/p><p><strong><span style=\"font-family: georgia, palatino, serif\">Orientador:\u00a0 <\/span><\/strong><span style=\"font-family: georgia, palatino, serif\"><a href=\"http:\/\/lattes.cnpq.br\/3260077562370842\">Vantoir Roberto Brancher<\/a><\/span><\/p><p><span style=\"font-size: 12pt;font-family: georgia, palatino, serif\"><strong>Linha de Pesquisa: <\/strong>Forma\u00e7\u00e3o Docente para a\u00a0Educa\u00e7\u00e3o Profissional e\u00a0Tecnol\u00f3gica<\/span><\/p><p><span style=\"font-family: georgia, palatino, serif\"><a href=\"http:\/\/lattes.cnpq.br\/0817287430954758\">http:\/\/lattes.cnpq.br\/0817287430954758<\/a><\/span><\/p><h5><span style=\"font-size: 12pt;font-family: georgia, palatino, serif\"><strong>Renata Nasinhaka Tex de Vasconcellos<\/strong><\/span><\/h5><p><span style=\"font-family: georgia, palatino, serif\"><strong>Pesquisa:\u00a0 <\/strong><\/span><a href=\"https:\/\/sucupira.capes.gov.br\/sucupira\/public\/consultas\/coleta\/trabalhoConclusao\/viewTrabalhoConclusao.jsf?popup=true&amp;id_trabalho=11269840\"><span style=\"font-family: georgia, palatino, serif\"><em>EXIST\u00caNCIA E PERMAN\u00caNCIA: UM ESTUDO DAS MULHERES NA EDUCA\u00c7\u00c3O PROFISSIONAL E TECNOL\u00d3GICA<\/em><\/span><\/a><\/p><p><span style=\"font-family: georgia, palatino, serif\"><strong>Orientador:<\/strong>\u00a0 <\/span><span style=\"font-family: georgia, palatino, serif\"><a href=\"http:\/\/lattes.cnpq.br\/9916588298312326\">Ascisio dos Reis Pereira<\/a><\/span><\/p><p><span style=\"font-size: 12pt;font-family: georgia, palatino, serif\"><strong>Linha de Pesquisa: <\/strong>Forma\u00e7\u00e3o Docente para a\u00a0Educa\u00e7\u00e3o Profissional e\u00a0Tecnol\u00f3gica<\/span><\/p><p><span style=\"font-family: georgia, palatino, serif\"><a href=\"http:\/\/lattes.cnpq.br\/5283802060041940\">http:\/\/lattes.cnpq.br\/5283802060041940<\/a><\/span><\/p><h5><span style=\"font-size: 12pt;font-family: georgia, palatino, serif\"><strong>Silvia de Siqueira<\/strong><\/span><\/h5><p><span style=\"font-family: georgia, palatino, serif\"><strong>Pesquisa:\u00a0 <\/strong><\/span><a href=\"https:\/\/sucupira.capes.gov.br\/sucupira\/public\/consultas\/coleta\/trabalhoConclusao\/viewTrabalhoConclusao.jsf?popup=true&amp;id_trabalho=10600397\"><span style=\"font-family: georgia, palatino, serif\"><em>INTEGRA\u00c7\u00c3O CURRICULAR E TRABALHO PEDAG\u00d3GICO: UMA AN\u00c1LISE COM BASE NOS DISCURSOS DE PROFESSORES DO ENSINO M\u00c9DIO DO IFFAR CAMPUS J\u00daLIO DE CASTILHOS<\/em><\/span><\/a><\/p><p><strong><span style=\"font-family: georgia, palatino, serif\">Orientador: <\/span><\/strong><span style=\"font-family: georgia, palatino, serif\"><a href=\"http:\/\/lattes.cnpq.br\/4007512293061299\">Liliana Soares Ferreira<\/a><\/span><\/p><p><span style=\"font-size: 12pt;font-family: georgia, palatino, serif\"><strong>Linha de Pesquisa:<\/strong> Pol\u00edticas e\u00a0Gest\u00e3o em Educa\u00e7\u00e3o Profissional e\u00a0Tecnol\u00f3gica<\/span><\/p><p><span style=\"font-family: georgia, palatino, serif\"><a href=\"http:\/\/lattes.cnpq.br\/3871592150100965\">http:\/\/lattes.cnpq.br\/3871592150100965<\/a><\/span><\/p><h5><span style=\"font-size: 12pt;font-family: georgia, palatino, serif\"><strong>Thais Docki da Silva<\/strong><\/span><\/h5><p><span style=\"font-family: georgia, palatino, serif\"><strong>Pesquisa:\u00a0 <\/strong><\/span><a href=\"https:\/\/sucupira.capes.gov.br\/sucupira\/public\/consultas\/coleta\/trabalhoConclusao\/viewTrabalhoConclusao.jsf?popup=true&amp;id_trabalho=10600553\"><span style=\"font-family: georgia, palatino, serif\"><em>MULHERES NA EDUCA\u00c7\u00c3O PROFISSIONAL: MOVIMENTOS DOS CURSOS SUBSEQUENTES DO COL\u00c9GIO T\u00c9CNICO INDUSTRIAL DE SANTA MARIA<\/em><\/span><\/a><\/p><p><strong><span style=\"font-family: georgia, palatino, serif\">Orientador:\u00a0<\/span><\/strong><span style=\"font-family: georgia, palatino, serif\"><a href=\"http:\/\/lattes.cnpq.br\/4397982308559255\">Mariglei Severo Maraschin<\/a> <\/span><\/p><p><span style=\"font-size: 12pt;font-family: georgia, palatino, serif\"><strong>Linha de Pesquisa:<\/strong> Pol\u00edticas e\u00a0Gest\u00e3o em Educa\u00e7\u00e3o Profissional e\u00a0Tecnol\u00f3gica<\/span><\/p><h5><span style=\"font-size: 12pt;font-family: georgia, palatino, serif\"><strong>Tiago Saidelles<\/strong><\/span><\/h5><p><span style=\"font-family: georgia, palatino, serif\"><strong>Pesquisa:\u00a0 <\/strong><\/span><a href=\"https:\/\/sucupira.capes.gov.br\/sucupira\/public\/consultas\/coleta\/trabalhoConclusao\/viewTrabalhoConclusao.jsf?popup=true&amp;id_trabalho=10300969\"><span style=\"font-family: georgia, palatino, serif\"><em>IMPLEMENTA\u00c7\u00c3O DE UM REPOSIT\u00d3RIO DIGITAL PARA PODCAST<\/em><\/span><\/a><\/p><p><strong><span style=\"font-family: georgia, palatino, serif\">Orientador: <\/span><\/strong><span style=\"font-family: georgia, palatino, serif\"><a href=\"http:\/\/lattes.cnpq.br\/0427736982554233\">Leila Maria Ara\u00fajo Santo<\/a><\/span><\/p><p><span style=\"font-size: 12pt;font-family: georgia, palatino, serif\"><strong>Linha de Pesquisa: <\/strong>Inova\u00e7\u00e3o para Educa\u00e7\u00e3o Profissional e Tecnol\u00f3gica<\/span><\/p><p><span style=\"font-family: georgia, palatino, serif\"><a href=\"http:\/\/lattes.cnpq.br\/7866020130445097\">http:\/\/lattes.cnpq.br\/7866020130445097<\/a><\/span><\/p><h5><span style=\"font-size: 12pt;font-family: georgia, palatino, serif\"><strong>Wagner de Moura Oliveira<\/strong><\/span><\/h5><p><span style=\"font-family: georgia, palatino, serif\"><strong>Pesquisa:\u00a0 <\/strong><\/span><a href=\"https:\/\/sucupira.capes.gov.br\/sucupira\/public\/consultas\/coleta\/trabalhoConclusao\/viewTrabalhoConclusao.jsf?popup=true&amp;id_trabalho=11267331\"><span style=\"font-family: georgia, palatino, serif\"><em>AUTO (FORMA\u00c7\u00c3O) E SABERES DE DOCENTES DE CURSOS T\u00c9CNICOS PROFISSIONALIZANTES DE N\u00cdVEL M\u00c9DIO<\/em><\/span><\/a><\/p><p><span style=\"font-family: georgia, palatino, serif\"><strong>Orientador:<\/strong>\u00a0 <\/span><span style=\"font-family: georgia, palatino, serif\"><a href=\"http:\/\/lattes.cnpq.br\/8810489697768335\">Francisco Nilton Gomes de Oliveira<\/a> <\/span><\/p><p><span style=\"font-size: 12pt;font-family: arial, helvetica, sans-serif\"><strong>Linha de Pesquisa: \u00a0<\/strong>Forma\u00e7\u00e3o Docente para a\u00a0Educa\u00e7\u00e3o Profissional e\u00a0Tecnol\u00f3gica<\/span><\/p><p><a href=\"http:\/\/lattes.cnpq.br\/3809894962561440\">http:\/\/lattes.cnpq.br\/3809894962561440<\/a><\/p>\t\t\t\t\t\t<\/div>\n\t\t\t\t<\/div>\n\t\t\t\t\t<\/div>\n\t\t<\/div>\n\t\t\t\t\t<\/div>\n\t\t<\/section>\n\t\t\t\t<\/div>\n\t\t","protected":false},"excerpt":{"rendered":"<p>Ad\u00e3o Antonio Pillar Damasceno Pesquisa: TRABALHO, TECNOLOGIA E EDUCA\u00c7\u00c3O DO CAMPO: AS EXPERI\u00caNCIAS PEDAG\u00d3GICAS DO CURSO NORMAL DE N\u00cdVEL M\u00c9DIO (MAGIST\u00c9RIO) DO IEJC Orientador:\u00a0 Roselene Moreira Gomes Pommer Linha de Pesquisa: Forma\u00e7\u00e3o Docente para a\u00a0Educa\u00e7\u00e3o Profissional e\u00a0Tecnol\u00f3gica http:\/\/lattes.cnpq.br\/0840448326190782 Ana Maria da Luz Schollmeier Pesquisa: \u00a0\u00a0PR\u00c1TICAS PEDAG\u00d3GICAS NA INTEGRA\u00c7\u00c3O ENTRE EDUCA\u00c7\u00c3O B\u00c1SICA E A EDUCA\u00c7\u00c3O PROFISSIONAL [&hellip;]<\/p>\n","protected":false},"author":115,"featured_media":0,"parent":0,"menu_order":0,"comment_status":"closed","ping_status":"closed","template":"","meta":{"footnotes":""},"categories":[],"tags":[],"class_list":["post-450","page","type-page","status-publish","hentry"],"acf":[],"_links":{"self":[{"href":"https:\/\/www.ufsm.br\/cursos\/pos-graduacao\/santa-maria\/ppgept\/wp-json\/wp\/v2\/pages\/450","targetHints":{"allow":["GET"]}}],"collection":[{"href":"https:\/\/www.ufsm.br\/cursos\/pos-graduacao\/santa-maria\/ppgept\/wp-json\/wp\/v2\/pages"}],"about":[{"href":"https:\/\/www.ufsm.br\/cursos\/pos-graduacao\/santa-maria\/ppgept\/wp-json\/wp\/v2\/types\/page"}],"author":[{"embeddable":true,"href":"https:\/\/www.ufsm.br\/cursos\/pos-graduacao\/santa-maria\/ppgept\/wp-json\/wp\/v2\/users\/115"}],"replies":[{"embeddable":true,"href":"https:\/\/www.ufsm.br\/cursos\/pos-graduacao\/santa-maria\/ppgept\/wp-json\/wp\/v2\/comments?post=450"}],"version-history":[{"count":0,"href":"https:\/\/www.ufsm.br\/cursos\/pos-graduacao\/santa-maria\/ppgept\/wp-json\/wp\/v2\/pages\/450\/revisions"}],"wp:attachment":[{"href":"https:\/\/www.ufsm.br\/cursos\/pos-graduacao\/santa-maria\/ppgept\/wp-json\/wp\/v2\/media?parent=450"}],"wp:term":[{"taxonomy":"category","embeddable":true,"href":"https:\/\/www.ufsm.br\/cursos\/pos-graduacao\/santa-maria\/ppgept\/wp-json\/wp\/v2\/categories?post=450"},{"taxonomy":"post_tag","embeddable":true,"href":"https:\/\/www.ufsm.br\/cursos\/pos-graduacao\/santa-maria\/ppgept\/wp-json\/wp\/v2\/tags?post=450"}],"curies":[{"name":"wp","href":"https:\/\/api.w.org\/{rel}","templated":true}]}}