{"id":1188,"date":"2025-03-12T10:31:41","date_gmt":"2025-03-12T13:31:41","guid":{"rendered":"https:\/\/www.ufsm.br\/cursos\/pos-graduacao\/santa-maria\/ppgeq\/?page_id=1188"},"modified":"2025-03-12T10:54:13","modified_gmt":"2025-03-12T13:54:13","slug":"planejamento-estrategico-do-ppgeq","status":"publish","type":"page","link":"https:\/\/www.ufsm.br\/cursos\/pos-graduacao\/santa-maria\/ppgeq\/planejamento-estrategico-do-ppgeq","title":{"rendered":"Planejamento Estrat\u00e9gico do PPGEQ"},"content":{"rendered":"\t\t<div data-elementor-type=\"wp-page\" data-elementor-id=\"1188\" class=\"elementor elementor-1188\">\n\t\t\t\t\t\t<section class=\"elementor-section elementor-top-section elementor-element elementor-element-0013c0b elementor-section-boxed elementor-section-height-default elementor-section-height-default\" data-id=\"0013c0b\" data-element_type=\"section\">\n\t\t\t\t\t\t<div class=\"elementor-container elementor-column-gap-default\">\n\t\t\t\t\t<div class=\"elementor-column elementor-col-100 elementor-top-column elementor-element elementor-element-a27ccd8\" data-id=\"a27ccd8\" data-element_type=\"column\">\n\t\t\t<div class=\"elementor-widget-wrap elementor-element-populated\">\n\t\t\t\t\t\t<div class=\"elementor-element elementor-element-40131ce elementor-widget elementor-widget-text-editor\" data-id=\"40131ce\" data-element_type=\"widget\" data-widget_type=\"text-editor.default\">\n\t\t\t\t<div class=\"elementor-widget-container\">\n\t\t\t\t\t\t\t<p>O\u00a0<strong>Planejamento Estrat\u00e9gico<\/strong>\u00a0\u00e9 uma ferramenta essencial de gest\u00e3o que estabelece um plano para o direcionamento do PPGEQ em um per\u00edodo determinado. Nele est\u00e3o definidas, com clareza, as diretrizes de atua\u00e7\u00e3o, os objetivos a serem atingidos e as estrat\u00e9gias para alcan\u00e7\u00e1-los. Sua elabora\u00e7\u00e3o e an\u00e1lise consideram o contexto pol\u00edtico-institucional vigente, visando maior efetividade dos resultados e efici\u00eancia na gest\u00e3o dos recursos dispon\u00edveis. Pode ser compreendido como um processo sist\u00eamico que indica os meios para alcan\u00e7ar os objetivos organizacionais, caracterizando-se pela cria\u00e7\u00e3o de alternativas e pela tomada de decis\u00f5es estrat\u00e9gicas sobre o posicionamento do PPGEQ (o que \u00e9, o que faz e onde pretende chegar).<\/p><p>O\u00a0<strong>Planejamento Estrat\u00e9gico do PPGEQ<\/strong>\u00a0\u00a0\u00e9 resultado de um diagn\u00f3stico aprofundado e do compromisso de toda a comunidade acad\u00eamica envolvida, assegurando a relev\u00e2ncia das diretrizes tra\u00e7adas e impulsionando o PPGEQ na forma\u00e7\u00e3o de recursos humanos qualificados, na produ\u00e7\u00e3o de conhecimento cient\u00edfico e tecnol\u00f3gico, e na promo\u00e7\u00e3o da inova\u00e7\u00e3o, com foco em sustentabilidade, inclus\u00e3o e equidade.<\/p>\t\t\t\t\t\t<\/div>\n\t\t\t\t<\/div>\n\t\t\t\t\t<\/div>\n\t\t<\/div>\n\t\t\t\t\t<\/div>\n\t\t<\/section>\n\t\t\t\t<section class=\"elementor-section elementor-top-section elementor-element elementor-element-57fddea elementor-section-boxed elementor-section-height-default elementor-section-height-default\" data-id=\"57fddea\" data-element_type=\"section\">\n\t\t\t\t\t\t<div class=\"elementor-container elementor-column-gap-default\">\n\t\t\t\t\t<div class=\"elementor-column elementor-col-100 elementor-top-column elementor-element elementor-element-da04bf8\" data-id=\"da04bf8\" data-element_type=\"column\">\n\t\t\t<div class=\"elementor-widget-wrap elementor-element-populated\">\n\t\t\t\t\t\t<div class=\"elementor-element elementor-element-d1957a9 elementor-widget elementor-widget-button\" data-id=\"d1957a9\" data-element_type=\"widget\" data-widget_type=\"button.default\">\n\t\t\t\t<div class=\"elementor-widget-container\">\n\t\t\t\t\t\t\t<div class=\"elementor-button-wrapper\">\n\t\t\t\t\t<a class=\"elementor-button elementor-button-link elementor-size-sm\" href=\"https:\/\/www.ufsm.br\/app\/uploads\/sites\/536\/2025\/03\/Planejamento-Estrategico-PPGEQ-UFSM.pdf\">\n\t\t\t\t\t\t<span class=\"elementor-button-content-wrapper\">\n\t\t\t\t\t\t\t\t\t<span class=\"elementor-button-text\">1\u00aa Fase (2023 - 2025)<\/span>\n\t\t\t\t\t<\/span>\n\t\t\t\t\t<\/a>\n\t\t\t\t<\/div>\n\t\t\t\t\t\t<\/div>\n\t\t\t\t<\/div>\n\t\t\t\t\t<\/div>\n\t\t<\/div>\n\t\t\t\t\t<\/div>\n\t\t<\/section>\n\t\t\t\t<\/div>\n\t\t","protected":false},"excerpt":{"rendered":"<p>O\u00a0Planejamento Estrat\u00e9gico\u00a0\u00e9 uma ferramenta essencial de gest\u00e3o que estabelece um plano para o direcionamento do PPGEQ em um per\u00edodo determinado. Nele est\u00e3o definidas, com clareza, as diretrizes de atua\u00e7\u00e3o, os objetivos a serem atingidos e as estrat\u00e9gias para alcan\u00e7\u00e1-los. Sua elabora\u00e7\u00e3o e an\u00e1lise consideram o contexto pol\u00edtico-institucional vigente, visando maior efetividade dos resultados e efici\u00eancia [&hellip;]<\/p>\n","protected":false},"author":673,"featured_media":0,"parent":0,"menu_order":0,"comment_status":"closed","ping_status":"closed","template":"","meta":{"footnotes":""},"categories":[],"tags":[],"class_list":["post-1188","page","type-page","status-publish","hentry"],"acf":[],"_links":{"self":[{"href":"https:\/\/www.ufsm.br\/cursos\/pos-graduacao\/santa-maria\/ppgeq\/wp-json\/wp\/v2\/pages\/1188","targetHints":{"allow":["GET"]}}],"collection":[{"href":"https:\/\/www.ufsm.br\/cursos\/pos-graduacao\/santa-maria\/ppgeq\/wp-json\/wp\/v2\/pages"}],"about":[{"href":"https:\/\/www.ufsm.br\/cursos\/pos-graduacao\/santa-maria\/ppgeq\/wp-json\/wp\/v2\/types\/page"}],"author":[{"embeddable":true,"href":"https:\/\/www.ufsm.br\/cursos\/pos-graduacao\/santa-maria\/ppgeq\/wp-json\/wp\/v2\/users\/673"}],"replies":[{"embeddable":true,"href":"https:\/\/www.ufsm.br\/cursos\/pos-graduacao\/santa-maria\/ppgeq\/wp-json\/wp\/v2\/comments?post=1188"}],"version-history":[{"count":0,"href":"https:\/\/www.ufsm.br\/cursos\/pos-graduacao\/santa-maria\/ppgeq\/wp-json\/wp\/v2\/pages\/1188\/revisions"}],"wp:attachment":[{"href":"https:\/\/www.ufsm.br\/cursos\/pos-graduacao\/santa-maria\/ppgeq\/wp-json\/wp\/v2\/media?parent=1188"}],"wp:term":[{"taxonomy":"category","embeddable":true,"href":"https:\/\/www.ufsm.br\/cursos\/pos-graduacao\/santa-maria\/ppgeq\/wp-json\/wp\/v2\/categories?post=1188"},{"taxonomy":"post_tag","embeddable":true,"href":"https:\/\/www.ufsm.br\/cursos\/pos-graduacao\/santa-maria\/ppgeq\/wp-json\/wp\/v2\/tags?post=1188"}],"curies":[{"name":"wp","href":"https:\/\/api.w.org\/{rel}","templated":true}]}}