{"id":609,"date":"2019-10-08T11:00:11","date_gmt":"2019-10-08T14:00:11","guid":{"rendered":"https:\/\/www.ufsm.br\/cursos\/pos-graduacao\/santa-maria\/ppgeq\/?page_id=609"},"modified":"2025-05-07T10:28:40","modified_gmt":"2025-05-07T13:28:40","slug":"aproveitamento-e-dispensa-de-disciplinas","status":"publish","type":"page","link":"https:\/\/www.ufsm.br\/cursos\/pos-graduacao\/santa-maria\/ppgeq\/aproveitamento-e-dispensa-de-disciplinas","title":{"rendered":"Aproveitamento e Dispensa de Disciplinas"},"content":{"rendered":"\t\t<div data-elementor-type=\"wp-page\" data-elementor-id=\"609\" class=\"elementor elementor-609\">\n\t\t\t\t\t\t<section class=\"elementor-section elementor-top-section elementor-element elementor-element-1d447d8 elementor-section-boxed elementor-section-height-default elementor-section-height-default\" data-id=\"1d447d8\" data-element_type=\"section\">\n\t\t\t\t\t\t<div class=\"elementor-container elementor-column-gap-default\">\n\t\t\t\t\t<div class=\"elementor-column elementor-col-100 elementor-top-column elementor-element elementor-element-ffd7b2e\" data-id=\"ffd7b2e\" data-element_type=\"column\">\n\t\t\t<div class=\"elementor-widget-wrap elementor-element-populated\">\n\t\t\t\t\t\t<div class=\"elementor-element elementor-element-476e2298 elementor-widget elementor-widget-text-editor\" data-id=\"476e2298\" data-element_type=\"widget\" data-widget_type=\"text-editor.default\">\n\t\t\t\t<div class=\"elementor-widget-container\">\n\t\t\t\t\t\t\t<p class=\"ds-markdown-paragraph\">Alunos de mestrado e doutorado podem solicitar o\u00a0<strong>aproveitamento de cr\u00e9ditos<\/strong>\u00a0ou\u00a0<strong>dispensa de disciplinas<\/strong>\u00a0j\u00e1 cursadas na UFSM ou em outras institui\u00e7\u00f5es de ensino superior.<\/p>\n<p><span style=\"font-size: 14pt\"><strong>Base Legal<\/strong><\/span><\/p>\n<p class=\"ds-markdown-paragraph\">Conforme o\u00a0<strong>Art. 53<\/strong>\u00a0do\u00a0<em>Regimento Geral da P\u00f3s-Gradua\u00e7\u00e3o Stricto Sensu e Lato Sensu da UFSM<\/em>:<\/p>\n<blockquote>\n<p class=\"ds-markdown-paragraph\"><em>&#8220;Poder\u00e1 ser solicitado aproveitamento de cr\u00e9ditos obtidos em disciplinas ou atividades de cursos de p\u00f3s-gradua\u00e7\u00e3o de outras institui\u00e7\u00f5es ao colegiado do programa, respeitando o regulamento de cada programa.&#8221;<\/em><\/p>\n<\/blockquote>\n<p><span style=\"font-size: 14pt\"><strong>Como Solicitar<\/strong><\/span><\/p>\n<p class=\"ds-markdown-paragraph\">Para requerer dispensa ou aproveitamento de disciplinas, o aluno deve:<\/p>\n<ol start=\"1\">\n<li>\n<p class=\"ds-markdown-paragraph\"><strong>Abrir um processo eletr\u00f4nico via\u00a0<a href=\"https:\/\/www.ufsm.br\/pro-reitorias\/prpgp\/servicos\/dispensa-aproveitamento-de-disciplinas-de-pos-graduacao\" target=\"_blank\" rel=\"noopener noreferrer\">PEN-SIE<\/a><\/strong>\u00a0(<a href=\"https:\/\/www.ufsm.br\/pro-reitorias\/prpgp\/servicos\/dispensa-aproveitamento-de-disciplinas-de-pos-graduacao\" target=\"_blank\" rel=\"noopener\">Passo a passo para abertura de processo<\/a>);<\/p>\n<\/li>\n<li>\n<p class=\"ds-markdown-paragraph\"><strong>Anexar os seguintes documentos<\/strong>:<\/p>\n<ul>\n<li>\n<p class=\"ds-markdown-paragraph\"><a href=\"https:\/\/www.ufsm.br\/app\/uploads\/sites\/536\/2023\/03\/Requerimento_de_Dispensa_ou_Aproveitamento_de_Disciplinas-NCAPG.docx\" target=\"_blank\" rel=\"noopener noreferrer\">Formul\u00e1rio de Requerimento de Dispensa\/Aproveitamento<\/a>;<\/p>\n<\/li>\n<li>\n<p class=\"ds-markdown-paragraph\">Hist\u00f3rico escolar com as disciplinas a serem aproveitadas (com conceito de aprova\u00e7\u00e3o);<\/p>\n<\/li>\n<li>\n<p class=\"ds-markdown-paragraph\"><strong>Para disciplinas externas \u00e0 UFSM<\/strong>: Ementa e programa detalhado da disciplina.<\/p>\n<\/li>\n<\/ul>\n<\/li>\n<\/ol>\n<p><span style=\"font-size: 14pt\"><strong>Fluxo de An\u00e1lise<\/strong><\/span><\/p>\n<ul>\n<li>\n<p class=\"ds-markdown-paragraph\">As solicita\u00e7\u00f5es s\u00e3o\u00a0<strong>avaliadas pelo Colegiado do PPGEQ<\/strong>;<\/p>\n<\/li>\n<li>\n<p class=\"ds-markdown-paragraph\">Ap\u00f3s aprova\u00e7\u00e3o, s\u00e3o encaminhadas ao\u00a0<strong>Controle Acad\u00eamico de P\u00f3s-Gradua\u00e7\u00e3o<\/strong>\u00a0para registro no hist\u00f3rico escolar.<\/p>\n<\/li>\n<\/ul>\n<p><strong>Documentos Necess\u00e1rios<\/strong><\/p>\n<ul>\n<li>\n<p class=\"ds-markdown-paragraph\"><a href=\"https:\/\/www.ufsm.br\/app\/uploads\/sites\/536\/2023\/03\/Requerimento_de_Dispensa_ou_Aproveitamento_de_Disciplinas-NCAPG.docx\" target=\"_blank\" rel=\"noopener noreferrer\">Formul\u00e1rio de Requerimento<\/a><\/p>\n<\/li>\n<li>\n<p class=\"ds-markdown-paragraph\"><a href=\"https:\/\/link_da_ementa\/\" target=\"_blank\" rel=\"noopener noreferrer\">Modelo de Ementa<\/a>\u00a0(para disciplinas externas)<\/p>\n<\/li>\n<\/ul>\n<p class=\"ds-markdown-paragraph\"><strong>Observa\u00e7\u00e3o:<\/strong>\u00a0O aproveitamento est\u00e1 sujeito \u00e0 an\u00e1lise de compatibilidade entre as ementas e as normas do programa.<\/p>\t\t\t\t\t\t<\/div>\n\t\t\t\t<\/div>\n\t\t\t\t\t<\/div>\n\t\t<\/div>\n\t\t\t\t\t<\/div>\n\t\t<\/section>\n\t\t\t\t<\/div>\n\t\t","protected":false},"excerpt":{"rendered":"<p>Alunos de mestrado e doutorado podem solicitar o\u00a0aproveitamento de cr\u00e9ditos\u00a0ou\u00a0dispensa de disciplinas\u00a0j\u00e1 cursadas na UFSM ou em outras institui\u00e7\u00f5es de ensino superior. Base Legal Conforme o\u00a0Art. 53\u00a0do\u00a0Regimento Geral da P\u00f3s-Gradua\u00e7\u00e3o Stricto Sensu e Lato Sensu da UFSM: &#8220;Poder\u00e1 ser solicitado aproveitamento de cr\u00e9ditos obtidos em disciplinas ou atividades de cursos de p\u00f3s-gradua\u00e7\u00e3o de outras institui\u00e7\u00f5es [&hellip;]<\/p>\n","protected":false},"author":673,"featured_media":0,"parent":0,"menu_order":0,"comment_status":"closed","ping_status":"closed","template":"","meta":{"footnotes":""},"categories":[],"tags":[],"class_list":["post-609","page","type-page","status-publish","hentry"],"acf":[],"_links":{"self":[{"href":"https:\/\/www.ufsm.br\/cursos\/pos-graduacao\/santa-maria\/ppgeq\/wp-json\/wp\/v2\/pages\/609","targetHints":{"allow":["GET"]}}],"collection":[{"href":"https:\/\/www.ufsm.br\/cursos\/pos-graduacao\/santa-maria\/ppgeq\/wp-json\/wp\/v2\/pages"}],"about":[{"href":"https:\/\/www.ufsm.br\/cursos\/pos-graduacao\/santa-maria\/ppgeq\/wp-json\/wp\/v2\/types\/page"}],"author":[{"embeddable":true,"href":"https:\/\/www.ufsm.br\/cursos\/pos-graduacao\/santa-maria\/ppgeq\/wp-json\/wp\/v2\/users\/673"}],"replies":[{"embeddable":true,"href":"https:\/\/www.ufsm.br\/cursos\/pos-graduacao\/santa-maria\/ppgeq\/wp-json\/wp\/v2\/comments?post=609"}],"version-history":[{"count":0,"href":"https:\/\/www.ufsm.br\/cursos\/pos-graduacao\/santa-maria\/ppgeq\/wp-json\/wp\/v2\/pages\/609\/revisions"}],"wp:attachment":[{"href":"https:\/\/www.ufsm.br\/cursos\/pos-graduacao\/santa-maria\/ppgeq\/wp-json\/wp\/v2\/media?parent=609"}],"wp:term":[{"taxonomy":"category","embeddable":true,"href":"https:\/\/www.ufsm.br\/cursos\/pos-graduacao\/santa-maria\/ppgeq\/wp-json\/wp\/v2\/categories?post=609"},{"taxonomy":"post_tag","embeddable":true,"href":"https:\/\/www.ufsm.br\/cursos\/pos-graduacao\/santa-maria\/ppgeq\/wp-json\/wp\/v2\/tags?post=609"}],"curies":[{"name":"wp","href":"https:\/\/api.w.org\/{rel}","templated":true}]}}