{"id":836,"date":"2021-10-28T08:16:26","date_gmt":"2021-10-28T11:16:26","guid":{"rendered":"https:\/\/www.ufsm.br\/cursos\/pos-graduacao\/santa-maria\/ppgeronto\/?page_id=836"},"modified":"2021-10-28T10:12:41","modified_gmt":"2021-10-28T13:12:41","slug":"palavra-do-presidente-do-1-sippgg","status":"publish","type":"page","link":"https:\/\/www.ufsm.br\/cursos\/pos-graduacao\/santa-maria\/ppgeronto\/palavra-do-presidente-do-1-sippgg","title":{"rendered":"PALAVRA DO PRESIDENTE DO 1\u00b0 SIPPGG"},"content":{"rendered":"\n<p><img fetchpriority=\"high\" decoding=\"async\" class=\"wp-image-837 alignleft\" src=\"https:\/\/www.ufsm.br\/app\/uploads\/sites\/516\/2021\/10\/foto-luiz-300x200.jpeg\" alt=\"\" width=\"342\" height=\"228\" srcset=\"https:\/\/www.ufsm.br\/app\/uploads\/sites\/516\/2021\/10\/foto-luiz-300x200.jpeg 300w, https:\/\/www.ufsm.br\/app\/uploads\/sites\/516\/2021\/10\/foto-luiz-1024x682.jpeg 1024w, https:\/\/www.ufsm.br\/app\/uploads\/sites\/516\/2021\/10\/foto-luiz-768x512.jpeg 768w, https:\/\/www.ufsm.br\/app\/uploads\/sites\/516\/2021\/10\/foto-luiz-272x182.jpeg 272w, https:\/\/www.ufsm.br\/app\/uploads\/sites\/516\/2021\/10\/foto-luiz.jpeg 1280w\" sizes=\"(max-width: 342px) 100vw, 342px\" \/>A \u00e1rea de estudo chamada Gerontologia vem crescendo no Brasil, no entanto n\u00e3o na mesma velocidade em que a popula\u00e7\u00e3o nacional vem envelhecendo. Nesse sentido, o Centro de Educa\u00e7\u00e3o F\u00edsica e Desportos (CEFD) da Universidade Federal de Santa Maria \u00e9, da mesma forma que em tantos momentos da hist\u00f3ria, pioneiro. Em 2014 foram criados os dois primeiros Programa de P\u00f3s-Gradua\u00e7\u00e3o em Gerontologia de universidades federais do pa\u00eds e, o nosso mestrado na \u00e1rea foi um dos precursores a ser credenciado.<br \/>Com toda certeza, esse ineditismo passa pela dedica\u00e7\u00e3o de professores que deram o \u201cpontap\u00e9 inicial\u201d na constru\u00e7\u00e3o e elabora\u00e7\u00e3o do nosso PPGeronto e, o avan\u00e7o e qualifica\u00e7\u00e3o por outros tantos docentes, t\u00e9cnica admistrativa e discentes que vieram a somar e desenvolver o curso. Nessa perspectiva, as rela\u00e7\u00f5es com o mundo se apresentam como potente mecanismo de atualiza\u00e7\u00e3o profissional e desenvolvimento da \u00e1rea de estudo.<br \/>Neste caminho, apresentamos o I Simp\u00f3sio Internacional do PPGeronto, organizado pelo Programa de P\u00f3s-Gradua\u00e7\u00e3o em Gerontologia da Universidade Federal de Santa Maria. O referido evento prop\u00f5e aproximar os estudiosos de diferentes \u00e1reas que comp\u00f5em a multidisciplinaridade da gerontologia no Brasil e no mundo e, assim, ampliar a qualidade do ensino, pesquisa e extens\u00e3o no envelhecimento.<br \/>Queremos crer, que ao final desse evento, estaremos todos ansiosos para sua segunda edi\u00e7\u00e3o, sedentos por conhecimentos e, contemplados por muitas d\u00favidas, desta forma, inquietos por novas pesquisas. Viva a ci\u00eancia, s\u00e9ria, de qualidade, que salva vidas e amplia a qualidade e tempo das pessoas.<\/p>\n<p>Do exposto, acreditamos que os profissionais da sa\u00fade encontrar\u00e3o um amplo espa\u00e7o para discuss\u00e3o, intera\u00e7\u00e3o e aquisi\u00e7\u00e3o de novos conhecimentos.<br \/>Minha equipe e eu esperamos voc\u00ea no 1\u00b0 SIPPGG 2022!<\/p>\n<p>Dr. Luiz Fernando Cuozzo Lemos e equipe<br \/>Presidente do 1\u00b0 SIPPGG<\/p>\n","protected":false},"excerpt":{"rendered":"<p>A \u00e1rea de estudo chamada Gerontologia vem crescendo no Brasil, no entanto n\u00e3o na mesma velocidade em que a popula\u00e7\u00e3o nacional vem envelhecendo. Nesse sentido, o Centro de Educa\u00e7\u00e3o F\u00edsica e Desportos (CEFD) da Universidade Federal de Santa Maria \u00e9, da mesma forma que em tantos momentos da hist\u00f3ria, pioneiro. Em 2014 foram criados os [&hellip;]<\/p>\n","protected":false},"author":738,"featured_media":0,"parent":0,"menu_order":0,"comment_status":"closed","ping_status":"closed","template":"","meta":{"footnotes":""},"categories":[24],"tags":[],"class_list":["post-836","page","type-page","status-publish","hentry","category-eventos"],"acf":[],"_links":{"self":[{"href":"https:\/\/www.ufsm.br\/cursos\/pos-graduacao\/santa-maria\/ppgeronto\/wp-json\/wp\/v2\/pages\/836","targetHints":{"allow":["GET"]}}],"collection":[{"href":"https:\/\/www.ufsm.br\/cursos\/pos-graduacao\/santa-maria\/ppgeronto\/wp-json\/wp\/v2\/pages"}],"about":[{"href":"https:\/\/www.ufsm.br\/cursos\/pos-graduacao\/santa-maria\/ppgeronto\/wp-json\/wp\/v2\/types\/page"}],"author":[{"embeddable":true,"href":"https:\/\/www.ufsm.br\/cursos\/pos-graduacao\/santa-maria\/ppgeronto\/wp-json\/wp\/v2\/users\/738"}],"replies":[{"embeddable":true,"href":"https:\/\/www.ufsm.br\/cursos\/pos-graduacao\/santa-maria\/ppgeronto\/wp-json\/wp\/v2\/comments?post=836"}],"version-history":[{"count":0,"href":"https:\/\/www.ufsm.br\/cursos\/pos-graduacao\/santa-maria\/ppgeronto\/wp-json\/wp\/v2\/pages\/836\/revisions"}],"wp:attachment":[{"href":"https:\/\/www.ufsm.br\/cursos\/pos-graduacao\/santa-maria\/ppgeronto\/wp-json\/wp\/v2\/media?parent=836"}],"wp:term":[{"taxonomy":"category","embeddable":true,"href":"https:\/\/www.ufsm.br\/cursos\/pos-graduacao\/santa-maria\/ppgeronto\/wp-json\/wp\/v2\/categories?post=836"},{"taxonomy":"post_tag","embeddable":true,"href":"https:\/\/www.ufsm.br\/cursos\/pos-graduacao\/santa-maria\/ppgeronto\/wp-json\/wp\/v2\/tags?post=836"}],"curies":[{"name":"wp","href":"https:\/\/api.w.org\/{rel}","templated":true}]}}

<p><img fetchpriority="high" decoding="async" class="wp-image-837 alignleft" src="https://www.ufsm.br/app/uploads/sites/516/2021/10/foto-luiz-300x200.jpeg" alt="" width="342" height="228" srcset="https://www.ufsm.br/app/uploads/sites/516/2021/10/foto-luiz-300x200.jpeg 300w, https://www.ufsm.br/app/uploads/sites/516/2021/10/foto-luiz-1024x682.jpeg 1024w, https://www.ufsm.br/app/uploads/sites/516/2021/10/foto-luiz-768x512.jpeg 768w, https://www.ufsm.br/app/uploads/sites/516/2021/10/foto-luiz-272x182.jpeg 272w, https://www.ufsm.br/app/uploads/sites/516/2021/10/foto-luiz.jpeg 1280w" sizes="(max-width: 342px) 100vw, 342px" />A área de estudo chamada Gerontologia vem crescendo no Brasil, no entanto não na mesma velocidade em que a população nacional vem envelhecendo. Nesse sentido, o Centro de Educação Física e Desportos (CEFD) da Universidade Federal de Santa Maria é, da mesma forma que em tantos momentos da história, pioneiro. Em 2014 foram criados os dois primeiros Programa de Pós-Graduação em Gerontologia de universidades federais do país e, o nosso mestrado na área foi um dos precursores a ser credenciado.<br />Com toda certeza, esse ineditismo passa pela dedicação de professores que deram o “pontapé inicial” na construção e elaboração do nosso PPGeronto e, o avanço e qualificação por outros tantos docentes, técnica admistrativa e discentes que vieram a somar e desenvolver o curso. Nessa perspectiva, as relações com o mundo se apresentam como potente mecanismo de atualização profissional e desenvolvimento da área de estudo.<br />Neste caminho, apresentamos o I Simpósio Internacional do PPGeronto, organizado pelo Programa de Pós-Graduação em Gerontologia da Universidade Federal de Santa Maria. O referido evento propõe aproximar os estudiosos de diferentes áreas que compõem a multidisciplinaridade da gerontologia no Brasil e no mundo e, assim, ampliar a qualidade do ensino, pesquisa e extensão no envelhecimento.<br />Queremos crer, que ao final desse evento, estaremos todos ansiosos para sua segunda edição, sedentos por conhecimentos e, contemplados por muitas dúvidas, desta forma, inquietos por novas pesquisas. Viva a ciência, séria, de qualidade, que salva vidas e amplia a qualidade e tempo das pessoas.</p>
<p>Do exposto, acreditamos que os profissionais da saúde encontrarão um amplo espaço para discussão, interação e aquisição de novos conhecimentos.<br />Minha equipe e eu esperamos você no 1° SIPPGG 2022!</p>
<p>Dr. Luiz Fernando Cuozzo Lemos e equipe<br />Presidente do 1° SIPPGG</p>

<p>A área de estudo chamada Gerontologia vem crescendo no Brasil, no entanto não na mesma velocidade em que a população nacional vem envelhecendo. Nesse sentido, o Centro de Educação Física e Desportos (CEFD) da Universidade Federal de Santa Maria é, da mesma forma que em tantos momentos da história, pioneiro. Em 2014 foram criados os [&hellip;]</p>
