{"id":2013,"date":"2021-12-14T09:38:46","date_gmt":"2021-12-14T12:38:46","guid":{"rendered":"https:\/\/www.ufsm.br\/cursos\/pos-graduacao\/santa-maria\/ppgexr\/?page_id=2013"},"modified":"2024-11-18T10:50:35","modified_gmt":"2024-11-18T13:50:35","slug":"prestacao-de-contas-de-diarias-passagens-e-ou-inscricao-em-eventos-no-pais-em-real","status":"publish","type":"page","link":"https:\/\/www.ufsm.br\/cursos\/pos-graduacao\/santa-maria\/ppgexr\/prestacao-de-contas-de-diarias-passagens-e-ou-inscricao-em-eventos-no-pais-em-real","title":{"rendered":"Presta\u00e7\u00e3o de  Contas de Di\u00e1rias\/Passagens e\/ou Inscri\u00e7\u00e3o em Eventos no Pa\u00eds"},"content":{"rendered":"\t\t<div data-elementor-type=\"wp-page\" data-elementor-id=\"2013\" class=\"elementor elementor-2013\">\n\t\t\t\t\t\t<section class=\"elementor-section elementor-top-section elementor-element elementor-element-8873c36 elementor-section-boxed elementor-section-height-default elementor-section-height-default\" data-id=\"8873c36\" data-element_type=\"section\">\n\t\t\t\t\t\t<div class=\"elementor-container elementor-column-gap-default\">\n\t\t\t\t\t<div class=\"elementor-column elementor-col-100 elementor-top-column elementor-element elementor-element-0d2dcc7\" data-id=\"0d2dcc7\" data-element_type=\"column\">\n\t\t\t<div class=\"elementor-widget-wrap elementor-element-populated\">\n\t\t\t\t\t\t<div class=\"elementor-element elementor-element-84f8ec0 elementor-widget elementor-widget-text-editor\" data-id=\"84f8ec0\" data-element_type=\"widget\" data-widget_type=\"text-editor.default\">\n\t\t\t\t<div class=\"elementor-widget-container\">\n\t\t\t\t\t\t\t<p>O docente\/discente dever\u00e1 enviar para o e-mail da SIPG &#8211; Financeiro (financeiro.sipg.ccr@ufsm.br) em at\u00e9 <strong>cinco dias corridos<\/strong> do \u00faltimo dia da viagem os seguintes documentos em formato pdf:<\/p><ul style=\"list-style-type: disc\"><li><strong>uma<\/strong> nota\/cupom fiscal <strong>para cada dia de viagem<\/strong> (lanche, almo\u00e7o, jantar, hotel, etc.) \u2013 tem que constar o CNPJ do estabelecimento (<strong>n\u00e3o ser\u00e3o aceitos recibos<\/strong>).<\/li><li><strong>Cuidado<\/strong>, a numera\u00e7\u00e3o das notas\/cupons fiscais \u2013 n\u00e3o ser\u00e3o aceitas notas\/cupons fiscais com numera\u00e7\u00e3o seguida (exemplo: 1542, 1543 e 1544). N\u00e3o \u00e9 necess\u00e1rio conter o CPF do solicitante;<\/li><li>viagem com<strong> ve\u00edculo pr\u00f3prio<\/strong>, uma nota\/cupom fiscal de combust\u00edvel no per\u00edodo solicitado \u2013 tem que constar o CNPJ do estabelecimento (n\u00e3o ser\u00e3o aceitos recibos). N\u00e3o \u00e9 necess\u00e1rio conter o CPF do solicitante;<\/li><li>viagem realizada de <strong>\u00f4nibus e\/ou avi\u00e3o<\/strong>, enviar os canhotos rodovi\u00e1rios e ou a\u00e9reos de ida e volta;<\/li><li><strong>Certificado de participa\u00e7\u00e3o no evento<\/strong>; e<\/li><li><strong>Certificado de apresenta\u00e7\u00e3o de trabalho<\/strong> (se for o caso).<\/li><li>Relat\u00f3rio de viagem.<\/li><\/ul><p>Os documentos dever\u00e3o estar leg\u00edveis, para que a Pr\u00f3-Reitoria de P\u00f3s-Gradua\u00e7\u00e3o e Pesquisa possa fazer a confer\u00eancia.<\/p><p>O n\u00e3o envio da documenta\u00e7\u00e3o necess\u00e1ria para presta\u00e7\u00e3o de contas acarretar\u00e1 na <strong>devolu\u00e7\u00e3o dos valores recebidos via GRU. <\/strong><\/p><p><strong>D\u00favidas, contatar a SIPG-Financeiro.<\/strong><\/p><h1 style=\"margin-top: 0cm;text-align: center\"><strong><span style=\"letter-spacing: 0.75pt;font-size: 12pt\">Presta\u00e7\u00e3o de contas de pagamento de taxa de inscri\u00e7\u00e3o em eventos (em reais)<\/span><\/strong><\/h1><p>A presta\u00e7\u00e3o de contas de pagamento de taxa de inscri\u00e7\u00e3o em eventos acontecer\u00e1 via Processo Eletr\u00f4nico Nacional.<\/p><p>Ap\u00f3s o pagamento da taxa de inscri\u00e7\u00e3o, a Coordena\u00e7\u00e3o de An\u00e1lise Cont\u00e1bil tramitar\u00e1 o processo para a\u00a0<a href=\"https:\/\/portal.ufsm.br\/caixapostal\/index.html\">Caixa Postal<\/a>\u00a0do (a) docente\/discente.<\/p><p>Ao acessar a\u00a0<a href=\"https:\/\/portal.ufsm.br\/caixapostal\/index.html\">Caixa Postal<\/a>, o (a) docente\/discente dever\u00e1 clicar no n\u00famero do processo correspondente a solicita\u00e7\u00e3o de pagamento da taxa de inscri\u00e7\u00e3o e abrir.<\/p>\t\t\t\t\t\t<\/div>\n\t\t\t\t<\/div>\n\t\t\t\t\t<\/div>\n\t\t<\/div>\n\t\t\t\t\t<\/div>\n\t\t<\/section>\n\t\t\t\t<section class=\"elementor-section elementor-top-section elementor-element elementor-element-26483c7 elementor-section-boxed elementor-section-height-default elementor-section-height-default\" data-id=\"26483c7\" data-element_type=\"section\">\n\t\t\t\t\t\t<div class=\"elementor-container elementor-column-gap-default\">\n\t\t\t\t\t<div class=\"elementor-column elementor-col-100 elementor-top-column elementor-element elementor-element-d92dd5c\" data-id=\"d92dd5c\" data-element_type=\"column\">\n\t\t\t<div class=\"elementor-widget-wrap elementor-element-populated\">\n\t\t\t\t\t\t<div class=\"elementor-element elementor-element-ce910e6 elementor-widget elementor-widget-image\" data-id=\"ce910e6\" data-element_type=\"widget\" data-widget_type=\"image.default\">\n\t\t\t\t<div class=\"elementor-widget-container\">\n\t\t\t\t\t\t\t\t\t\t\t\t\t<img fetchpriority=\"high\" decoding=\"async\" width=\"1024\" height=\"496\" src=\"https:\/\/www.ufsm.br\/app\/uploads\/sites\/525\/2021\/12\/imagem1.jpg\" class=\"attachment-large size-large wp-image-2014\" alt=\"\" srcset=\"https:\/\/www.ufsm.br\/app\/uploads\/sites\/525\/2021\/12\/imagem1.jpg 1024w, https:\/\/www.ufsm.br\/app\/uploads\/sites\/525\/2021\/12\/imagem1-300x145.jpg 300w, https:\/\/www.ufsm.br\/app\/uploads\/sites\/525\/2021\/12\/imagem1-768x372.jpg 768w\" sizes=\"(max-width: 1024px) 100vw, 1024px\" \/>\t\t\t\t\t\t\t\t\t\t\t\t\t<\/div>\n\t\t\t\t<\/div>\n\t\t\t\t\t<\/div>\n\t\t<\/div>\n\t\t\t\t\t<\/div>\n\t\t<\/section>\n\t\t\t\t<section class=\"elementor-section elementor-top-section elementor-element elementor-element-10e0578 elementor-section-boxed elementor-section-height-default elementor-section-height-default\" data-id=\"10e0578\" data-element_type=\"section\">\n\t\t\t\t\t\t<div class=\"elementor-container elementor-column-gap-default\">\n\t\t\t\t\t<div class=\"elementor-column elementor-col-100 elementor-top-column elementor-element elementor-element-b57bf19\" data-id=\"b57bf19\" data-element_type=\"column\">\n\t\t\t<div class=\"elementor-widget-wrap elementor-element-populated\">\n\t\t\t\t\t\t<div class=\"elementor-element elementor-element-1880ead elementor-widget elementor-widget-text-editor\" data-id=\"1880ead\" data-element_type=\"widget\" data-widget_type=\"text-editor.default\">\n\t\t\t\t<div class=\"elementor-widget-container\">\n\t\t\t\t\t\t\t<p>Com o processo aberto, o (a) docente\/discente dever\u00e1 anexar os documentos necess\u00e1rios para a presta\u00e7\u00e3o de contas, clicando em \u201ca\u00e7\u00f5es\u201d e \u201cinserir documentos\u201d.<\/p>\t\t\t\t\t\t<\/div>\n\t\t\t\t<\/div>\n\t\t\t\t\t<\/div>\n\t\t<\/div>\n\t\t\t\t\t<\/div>\n\t\t<\/section>\n\t\t\t\t<section class=\"elementor-section elementor-top-section elementor-element elementor-element-196f490 elementor-section-boxed elementor-section-height-default elementor-section-height-default\" data-id=\"196f490\" data-element_type=\"section\">\n\t\t\t\t\t\t<div class=\"elementor-container elementor-column-gap-default\">\n\t\t\t\t\t<div class=\"elementor-column elementor-col-100 elementor-top-column elementor-element elementor-element-abcb248\" data-id=\"abcb248\" data-element_type=\"column\">\n\t\t\t<div class=\"elementor-widget-wrap elementor-element-populated\">\n\t\t\t\t\t\t<div class=\"elementor-element elementor-element-0cf4c53 elementor-widget elementor-widget-image\" data-id=\"0cf4c53\" data-element_type=\"widget\" data-widget_type=\"image.default\">\n\t\t\t\t<div class=\"elementor-widget-container\">\n\t\t\t\t\t\t\t\t\t\t\t\t\t<img decoding=\"async\" width=\"1024\" height=\"457\" src=\"https:\/\/www.ufsm.br\/app\/uploads\/sites\/525\/2021\/12\/imagem2.jpg\" class=\"attachment-large size-large wp-image-2015\" alt=\"\" srcset=\"https:\/\/www.ufsm.br\/app\/uploads\/sites\/525\/2021\/12\/imagem2.jpg 1024w, https:\/\/www.ufsm.br\/app\/uploads\/sites\/525\/2021\/12\/imagem2-300x134.jpg 300w, https:\/\/www.ufsm.br\/app\/uploads\/sites\/525\/2021\/12\/imagem2-768x343.jpg 768w\" sizes=\"(max-width: 1024px) 100vw, 1024px\" \/>\t\t\t\t\t\t\t\t\t\t\t\t\t<\/div>\n\t\t\t\t<\/div>\n\t\t\t\t\t<\/div>\n\t\t<\/div>\n\t\t\t\t\t<\/div>\n\t\t<\/section>\n\t\t\t\t<section class=\"elementor-section elementor-top-section elementor-element elementor-element-d117331 elementor-section-boxed elementor-section-height-default elementor-section-height-default\" data-id=\"d117331\" data-element_type=\"section\">\n\t\t\t\t\t\t<div class=\"elementor-container elementor-column-gap-default\">\n\t\t\t\t\t<div class=\"elementor-column elementor-col-100 elementor-top-column elementor-element elementor-element-29c190d\" data-id=\"29c190d\" data-element_type=\"column\">\n\t\t\t<div class=\"elementor-widget-wrap elementor-element-populated\">\n\t\t\t\t\t\t<div class=\"elementor-element elementor-element-c0e85f2 elementor-widget elementor-widget-text-editor\" data-id=\"c0e85f2\" data-element_type=\"widget\" data-widget_type=\"text-editor.default\">\n\t\t\t\t<div class=\"elementor-widget-container\">\n\t\t\t\t\t\t\t<p>Abrir\u00e1 a p\u00e1gina na qual os documentos dever\u00e3o ser anexados. O (a) docente\/discente dever\u00e1 clicar em \u201cadicionar\u201d e \u201cenviar\u201d.<\/p>\t\t\t\t\t\t<\/div>\n\t\t\t\t<\/div>\n\t\t\t\t\t<\/div>\n\t\t<\/div>\n\t\t\t\t\t<\/div>\n\t\t<\/section>\n\t\t\t\t<section class=\"elementor-section elementor-top-section elementor-element elementor-element-4ed7f1d elementor-section-boxed elementor-section-height-default elementor-section-height-default\" data-id=\"4ed7f1d\" data-element_type=\"section\">\n\t\t\t\t\t\t<div class=\"elementor-container elementor-column-gap-default\">\n\t\t\t\t\t<div class=\"elementor-column elementor-col-100 elementor-top-column elementor-element elementor-element-088e904\" data-id=\"088e904\" data-element_type=\"column\">\n\t\t\t<div class=\"elementor-widget-wrap elementor-element-populated\">\n\t\t\t\t\t\t<div class=\"elementor-element elementor-element-5983508 elementor-widget elementor-widget-image\" data-id=\"5983508\" data-element_type=\"widget\" data-widget_type=\"image.default\">\n\t\t\t\t<div class=\"elementor-widget-container\">\n\t\t\t\t\t\t\t\t\t\t\t\t\t<img decoding=\"async\" width=\"1024\" height=\"339\" src=\"https:\/\/www.ufsm.br\/app\/uploads\/sites\/525\/2021\/12\/imagem3.jpg\" class=\"attachment-large size-large wp-image-2016\" alt=\"\" srcset=\"https:\/\/www.ufsm.br\/app\/uploads\/sites\/525\/2021\/12\/imagem3.jpg 1024w, https:\/\/www.ufsm.br\/app\/uploads\/sites\/525\/2021\/12\/imagem3-300x99.jpg 300w, https:\/\/www.ufsm.br\/app\/uploads\/sites\/525\/2021\/12\/imagem3-768x254.jpg 768w\" sizes=\"(max-width: 1024px) 100vw, 1024px\" \/>\t\t\t\t\t\t\t\t\t\t\t\t\t<\/div>\n\t\t\t\t<\/div>\n\t\t\t\t\t<\/div>\n\t\t<\/div>\n\t\t\t\t\t<\/div>\n\t\t<\/section>\n\t\t\t\t<section class=\"elementor-section elementor-top-section elementor-element elementor-element-e2ece18 elementor-section-boxed elementor-section-height-default elementor-section-height-default\" data-id=\"e2ece18\" data-element_type=\"section\">\n\t\t\t\t\t\t<div class=\"elementor-container elementor-column-gap-default\">\n\t\t\t\t\t<div class=\"elementor-column elementor-col-100 elementor-top-column elementor-element elementor-element-da47dd5\" data-id=\"da47dd5\" data-element_type=\"column\">\n\t\t\t<div class=\"elementor-widget-wrap elementor-element-populated\">\n\t\t\t\t\t\t<div class=\"elementor-element elementor-element-a483484 elementor-widget elementor-widget-text-editor\" data-id=\"a483484\" data-element_type=\"widget\" data-widget_type=\"text-editor.default\">\n\t\t\t\t<div class=\"elementor-widget-container\">\n\t\t\t\t\t\t\t<p>Inclua o 1\u00ba documento: certificado de participa\u00e7\u00e3o em evento.<\/p>\n<p>Em \u201ctipo documental\u201d, o (a) docente\/discente dever\u00e1 digitar \u201ccertificado de participa\u00e7\u00e3o\u201d at\u00e9 encontrar a op\u00e7\u00e3o correspondente:<\/p>\n<p><strong>Docentes:<\/strong> Certificado de participa\u00e7\u00e3o em curso ou evento promovido por outras institui\u00e7\u00f5es no pa\u00eds (022.121).\u00a0<\/p>\n<p><strong>Discentes:<\/strong> Certificado de participa\u00e7\u00e3o de aluno em evento (529.2).<\/p>\n<p>Em seguida, o (a) docente\/discente dever\u00e1 clicar em \u201cescolher arquivo\u201d e anexar o certificado de participa\u00e7\u00e3o em formato pdf.<\/p>\n<p>Ap\u00f3s o arquivo ser anexado, no campo \u201co documento inserido foi\u201d clicar em \u201cgerado eletronicamente\u201d, caso o documento tenha sido gerado desta forma.<\/p>\n<p>Em \u201ctipo de confer\u00eancia\u201d clicar em \u201csem autentica\u00e7\u00e3o\u201d e em \u201cassinar documento? \u201d Clicar em \u201cn\u00e3o\u201d. Em seguida clicar em \u201cadicionar\u201d.<\/p>\n<p>Caso o certificado de participa\u00e7\u00e3o tenha sido digitalizado (ou foi tirada uma foto), no campo \u201co documento inserido foi\u201d dever\u00e1 ser assinalado \u201cdigitalizado\u201d. No campo \u201ctipo de confer\u00eancia\u201d dever\u00e1 ser assinalado \u201cc\u00f3pia simples\u201d. No campo \u201cassinar documento\u201d dever\u00e1 ser assinalado \u201cn\u00e3o\u201d e no campo \u201crespons\u00e1vel pela guarda\u201d dever\u00e1 ser assinalado \u201cinteressado\u201d.<\/p>\n<p>No campo \u201cpessoa respons\u00e1vel pela guarda\u201d, caso o (a) docente\/discente possua apenas um n\u00famero de SIAPE\/matr\u00edcula ativa na UFSM, aparecer\u00e1 o nome. Caso o (a) docente\/discente possua mais de um n\u00famero de SIAPE\/matr\u00edcula na UFSM, dever\u00e1 assinalar o SIAPE\/matr\u00edcula correspondente ao PPGExR.<\/p>\t\t\t\t\t\t<\/div>\n\t\t\t\t<\/div>\n\t\t\t\t\t<\/div>\n\t\t<\/div>\n\t\t\t\t\t<\/div>\n\t\t<\/section>\n\t\t\t\t<section class=\"elementor-section elementor-top-section elementor-element elementor-element-8251ecc elementor-section-boxed elementor-section-height-default elementor-section-height-default\" data-id=\"8251ecc\" data-element_type=\"section\">\n\t\t\t\t\t\t<div class=\"elementor-container elementor-column-gap-default\">\n\t\t\t\t\t<div class=\"elementor-column elementor-col-100 elementor-top-column elementor-element elementor-element-de3041f\" data-id=\"de3041f\" data-element_type=\"column\">\n\t\t\t<div class=\"elementor-widget-wrap elementor-element-populated\">\n\t\t\t\t\t\t<div class=\"elementor-element elementor-element-42b1a52 elementor-widget elementor-widget-image\" data-id=\"42b1a52\" data-element_type=\"widget\" data-widget_type=\"image.default\">\n\t\t\t\t<div class=\"elementor-widget-container\">\n\t\t\t\t\t\t\t\t\t\t\t\t\t<img loading=\"lazy\" decoding=\"async\" width=\"1024\" height=\"415\" src=\"https:\/\/www.ufsm.br\/app\/uploads\/sites\/525\/2021\/12\/imagem4.jpg\" class=\"attachment-large size-large wp-image-2017\" alt=\"\" srcset=\"https:\/\/www.ufsm.br\/app\/uploads\/sites\/525\/2021\/12\/imagem4.jpg 1024w, https:\/\/www.ufsm.br\/app\/uploads\/sites\/525\/2021\/12\/imagem4-300x122.jpg 300w, https:\/\/www.ufsm.br\/app\/uploads\/sites\/525\/2021\/12\/imagem4-768x311.jpg 768w\" sizes=\"(max-width: 1024px) 100vw, 1024px\" \/>\t\t\t\t\t\t\t\t\t\t\t\t\t<\/div>\n\t\t\t\t<\/div>\n\t\t\t\t\t<\/div>\n\t\t<\/div>\n\t\t\t\t\t<\/div>\n\t\t<\/section>\n\t\t\t\t<section class=\"elementor-section elementor-top-section elementor-element elementor-element-d3ebf36 elementor-section-boxed elementor-section-height-default elementor-section-height-default\" data-id=\"d3ebf36\" data-element_type=\"section\">\n\t\t\t\t\t\t<div class=\"elementor-container elementor-column-gap-default\">\n\t\t\t\t\t<div class=\"elementor-column elementor-col-100 elementor-top-column elementor-element elementor-element-53692cc\" data-id=\"53692cc\" data-element_type=\"column\">\n\t\t\t<div class=\"elementor-widget-wrap elementor-element-populated\">\n\t\t\t\t\t\t<div class=\"elementor-element elementor-element-7f1e147 elementor-widget elementor-widget-text-editor\" data-id=\"7f1e147\" data-element_type=\"widget\" data-widget_type=\"text-editor.default\">\n\t\t\t\t<div class=\"elementor-widget-container\">\n\t\t\t\t\t\t\t<p>O 2\u00ba documento a ser anexado, seguindo o mesmo procedimento acima ser\u00e1: <strong>Nota fiscal<\/strong>\/<strong>Recibo de pagamento de taxa de inscri\u00e7\u00e3o emitido pela proponente do evento em nome do (a) docente\/discente, em formato pdf.<\/strong><\/p>\n<p>O tipo documental dever\u00e1 ser \u201cnota fiscal (052.22)\u201d \u2013 mesmo que seja anexado recibo, ao inv\u00e9s de nota fiscal.<\/p>\n<p>O 3\u00ba documento a ser anexado, seguindo o mesmo procedimento, ser\u00e1: Certificado de apresenta\u00e7\u00e3o de trabalho.<\/p>\n<p>O tipo documental dever\u00e1 ser \u201cCertificado de apresenta\u00e7\u00e3o de trabalho em eventos promovidos por outras institui\u00e7\u00f5es (022.121)\u201d. Este documento s\u00f3 ser\u00e1 anexado caso o (a) docente\/discente tenha apresentado trabalho no evento.\u00a0<\/p>\n<p>Depois de anexados os documentos necess\u00e1rios para a presta\u00e7\u00e3o de contas, o (a) docente\/discente dever\u00e1 clicar em \u201ctramitar\u201d.<\/p>\t\t\t\t\t\t<\/div>\n\t\t\t\t<\/div>\n\t\t\t\t\t<\/div>\n\t\t<\/div>\n\t\t\t\t\t<\/div>\n\t\t<\/section>\n\t\t\t\t<section class=\"elementor-section elementor-top-section elementor-element elementor-element-3e83432 elementor-section-boxed elementor-section-height-default elementor-section-height-default\" data-id=\"3e83432\" data-element_type=\"section\">\n\t\t\t\t\t\t<div class=\"elementor-container elementor-column-gap-default\">\n\t\t\t\t\t<div class=\"elementor-column elementor-col-100 elementor-top-column elementor-element elementor-element-fc94454\" data-id=\"fc94454\" data-element_type=\"column\">\n\t\t\t<div class=\"elementor-widget-wrap elementor-element-populated\">\n\t\t\t\t\t\t<div class=\"elementor-element elementor-element-c8ae9d5 elementor-widget elementor-widget-image\" data-id=\"c8ae9d5\" data-element_type=\"widget\" data-widget_type=\"image.default\">\n\t\t\t\t<div class=\"elementor-widget-container\">\n\t\t\t\t\t\t\t\t\t\t\t\t\t<img loading=\"lazy\" decoding=\"async\" width=\"1024\" height=\"470\" src=\"https:\/\/www.ufsm.br\/app\/uploads\/sites\/525\/2021\/12\/imagem5.jpg\" class=\"attachment-large size-large wp-image-2018\" alt=\"\" srcset=\"https:\/\/www.ufsm.br\/app\/uploads\/sites\/525\/2021\/12\/imagem5.jpg 1024w, https:\/\/www.ufsm.br\/app\/uploads\/sites\/525\/2021\/12\/imagem5-300x138.jpg 300w, https:\/\/www.ufsm.br\/app\/uploads\/sites\/525\/2021\/12\/imagem5-768x353.jpg 768w\" sizes=\"(max-width: 1024px) 100vw, 1024px\" \/>\t\t\t\t\t\t\t\t\t\t\t\t\t<\/div>\n\t\t\t\t<\/div>\n\t\t\t\t\t<\/div>\n\t\t<\/div>\n\t\t\t\t\t<\/div>\n\t\t<\/section>\n\t\t\t\t<section class=\"elementor-section elementor-top-section elementor-element elementor-element-166db85 elementor-section-boxed elementor-section-height-default elementor-section-height-default\" data-id=\"166db85\" data-element_type=\"section\">\n\t\t\t\t\t\t<div class=\"elementor-container elementor-column-gap-default\">\n\t\t\t\t\t<div class=\"elementor-column elementor-col-100 elementor-top-column elementor-element elementor-element-a66af86\" data-id=\"a66af86\" data-element_type=\"column\">\n\t\t\t<div class=\"elementor-widget-wrap elementor-element-populated\">\n\t\t\t\t\t\t<div class=\"elementor-element elementor-element-64f2624 elementor-widget elementor-widget-text-editor\" data-id=\"64f2624\" data-element_type=\"widget\" data-widget_type=\"text-editor.default\">\n\t\t\t\t<div class=\"elementor-widget-container\">\n\t\t\t\t\t\t\t<p>Ao clicar em tramitar, o (a) docente\/discente dever\u00e1 no campo \u201cpr\u00f3ximo passo\u201d selecionar \u201ctramita\u00e7\u00e3o para unidade\u201d.<\/p>\n<p>No campo \u201cdestino\u201d digitar \u201cSCONT\u201d e clicar na op\u00e7\u00e3o \u201c01.12.01.02.2.0 (SCONT) Se\u00e7\u00e3o de contabilidade\u201d.<\/p>\n<p>No campo \u201cdespacho\u201d digitar \u201cPara an\u00e1lise da presta\u00e7\u00e3o de contas e finaliza\u00e7\u00e3o do processo\u201d.<\/p>\n<p>Clicar em \u201ctramitar\u201d.<\/p>\n<p>Finalizado, a presta\u00e7\u00e3o de contas foi realizada e ser\u00e1 analisada. Caso haja alguma inconsist\u00eancia, o processo ser\u00e1 retornado para corre\u00e7\u00f5es. \u00c9 de responsabilidade do (a) docente\/discente verificar se o processo foi finalizado.<\/p>\t\t\t\t\t\t<\/div>\n\t\t\t\t<\/div>\n\t\t\t\t\t<\/div>\n\t\t<\/div>\n\t\t\t\t\t<\/div>\n\t\t<\/section>\n\t\t\t\t<section class=\"elementor-section elementor-top-section elementor-element elementor-element-8a59ac0 elementor-section-boxed elementor-section-height-default elementor-section-height-default\" data-id=\"8a59ac0\" data-element_type=\"section\">\n\t\t\t\t\t\t<div class=\"elementor-container elementor-column-gap-default\">\n\t\t\t\t\t<div class=\"elementor-column elementor-col-100 elementor-top-column elementor-element elementor-element-0f68db0\" data-id=\"0f68db0\" data-element_type=\"column\">\n\t\t\t<div class=\"elementor-widget-wrap elementor-element-populated\">\n\t\t\t\t\t\t<div class=\"elementor-element elementor-element-69d352b elementor-widget elementor-widget-image\" data-id=\"69d352b\" data-element_type=\"widget\" data-widget_type=\"image.default\">\n\t\t\t\t<div class=\"elementor-widget-container\">\n\t\t\t\t\t\t\t\t\t\t\t\t\t<img loading=\"lazy\" decoding=\"async\" width=\"1024\" height=\"423\" src=\"https:\/\/www.ufsm.br\/app\/uploads\/sites\/525\/2021\/12\/imagem6.jpg\" class=\"attachment-large size-large wp-image-2019\" alt=\"\" srcset=\"https:\/\/www.ufsm.br\/app\/uploads\/sites\/525\/2021\/12\/imagem6.jpg 1024w, https:\/\/www.ufsm.br\/app\/uploads\/sites\/525\/2021\/12\/imagem6-300x124.jpg 300w, https:\/\/www.ufsm.br\/app\/uploads\/sites\/525\/2021\/12\/imagem6-768x317.jpg 768w\" sizes=\"(max-width: 1024px) 100vw, 1024px\" \/>\t\t\t\t\t\t\t\t\t\t\t\t\t<\/div>\n\t\t\t\t<\/div>\n\t\t\t\t\t<\/div>\n\t\t<\/div>\n\t\t\t\t\t<\/div>\n\t\t<\/section>\n\t\t\t\t<\/div>\n\t\t","protected":false},"excerpt":{"rendered":"<p>O docente\/discente dever\u00e1 enviar para o e-mail da SIPG &#8211; Financeiro (financeiro.sipg.ccr@ufsm.br) em at\u00e9 cinco dias corridos do \u00faltimo dia da viagem os seguintes documentos em formato pdf: uma nota\/cupom fiscal para cada dia de viagem (lanche, almo\u00e7o, jantar, hotel, etc.) \u2013 tem que constar o CNPJ do estabelecimento (n\u00e3o ser\u00e3o aceitos recibos). Cuidado, a [&hellip;]<\/p>\n","protected":false},"author":1537,"featured_media":0,"parent":0,"menu_order":0,"comment_status":"closed","ping_status":"closed","template":"","meta":{"footnotes":""},"categories":[],"tags":[],"class_list":["post-2013","page","type-page","status-publish","hentry"],"acf":[],"_links":{"self":[{"href":"https:\/\/www.ufsm.br\/cursos\/pos-graduacao\/santa-maria\/ppgexr\/wp-json\/wp\/v2\/pages\/2013","targetHints":{"allow":["GET"]}}],"collection":[{"href":"https:\/\/www.ufsm.br\/cursos\/pos-graduacao\/santa-maria\/ppgexr\/wp-json\/wp\/v2\/pages"}],"about":[{"href":"https:\/\/www.ufsm.br\/cursos\/pos-graduacao\/santa-maria\/ppgexr\/wp-json\/wp\/v2\/types\/page"}],"author":[{"embeddable":true,"href":"https:\/\/www.ufsm.br\/cursos\/pos-graduacao\/santa-maria\/ppgexr\/wp-json\/wp\/v2\/users\/1537"}],"replies":[{"embeddable":true,"href":"https:\/\/www.ufsm.br\/cursos\/pos-graduacao\/santa-maria\/ppgexr\/wp-json\/wp\/v2\/comments?post=2013"}],"version-history":[{"count":0,"href":"https:\/\/www.ufsm.br\/cursos\/pos-graduacao\/santa-maria\/ppgexr\/wp-json\/wp\/v2\/pages\/2013\/revisions"}],"wp:attachment":[{"href":"https:\/\/www.ufsm.br\/cursos\/pos-graduacao\/santa-maria\/ppgexr\/wp-json\/wp\/v2\/media?parent=2013"}],"wp:term":[{"taxonomy":"category","embeddable":true,"href":"https:\/\/www.ufsm.br\/cursos\/pos-graduacao\/santa-maria\/ppgexr\/wp-json\/wp\/v2\/categories?post=2013"},{"taxonomy":"post_tag","embeddable":true,"href":"https:\/\/www.ufsm.br\/cursos\/pos-graduacao\/santa-maria\/ppgexr\/wp-json\/wp\/v2\/tags?post=2013"}],"curies":[{"name":"wp","href":"https:\/\/api.w.org\/{rel}","templated":true}]}}