{"id":156,"date":"2019-01-28T09:54:03","date_gmt":"2019-01-28T11:54:03","guid":{"rendered":"https:\/\/www.ufsm.br\/cursos\/pos-graduacao\/santa-maria\/ppgf\/?page_id=156"},"modified":"2019-11-14T17:09:22","modified_gmt":"2019-11-14T20:09:22","slug":"sobre","status":"publish","type":"page","link":"https:\/\/www.ufsm.br\/cursos\/pos-graduacao\/santa-maria\/ppgf\/sobre","title":{"rendered":"Sobre"},"content":{"rendered":"\n<p>O Programa de P\u00f3s-Gradua\u00e7\u00e3o em Filosofia da UFSM tem como objetivo formar profissionais de alto n\u00edvel e fomentar a pesquisa filos\u00f3fica de temas cl\u00e1ssicos e contempor\u00e2neos. O Programa oferece cursos de mestrado e doutorado, em tr\u00eas linhas de pesquisa: (1) Linguagem, Realidade e Conhecimento, (2) \u00c9tica Normativa, Meta\u00e9tica e \u00c9tica Aplicada e (3) Fenomenologia e Compreens\u00e3o. Criado em 1973, trata-se de um dos programas de p\u00f3s-gradua\u00e7\u00e3o em filosofia mais antigos do Brasil. Destaca-se hoje pela pluralidade das pesquisas realizadas e forma\u00e7\u00e3o oferecida, bem como pela abordagem sistem\u00e1tica de temas e problemas filos\u00f3ficos cl\u00e1ssicos e atuais. Na \u00faltima avalia\u00e7\u00e3o da CAPES (quadri\u00eanio 2013-2016), obteve nota 5.<\/p>\n\n\n\n<p><\/p>\n","protected":false},"excerpt":{"rendered":"<p>O Programa de P\u00f3s-Gradua\u00e7\u00e3o em Filosofia da UFSM tem como objetivo formar profissionais de alto n\u00edvel e fomentar a pesquisa filos\u00f3fica de temas cl\u00e1ssicos e contempor\u00e2neos. O Programa oferece cursos de mestrado e doutorado, em tr\u00eas linhas de pesquisa: (1) Linguagem, Realidade e Conhecimento, (2) \u00c9tica Normativa, Meta\u00e9tica e \u00c9tica Aplicada e (3) Fenomenologia e [&hellip;]<\/p>\n","protected":false},"author":194,"featured_media":0,"parent":0,"menu_order":0,"comment_status":"closed","ping_status":"closed","template":"","meta":{"footnotes":""},"categories":[],"tags":[],"class_list":["post-156","page","type-page","status-publish","hentry"],"acf":[],"_links":{"self":[{"href":"https:\/\/www.ufsm.br\/cursos\/pos-graduacao\/santa-maria\/ppgf\/wp-json\/wp\/v2\/pages\/156","targetHints":{"allow":["GET"]}}],"collection":[{"href":"https:\/\/www.ufsm.br\/cursos\/pos-graduacao\/santa-maria\/ppgf\/wp-json\/wp\/v2\/pages"}],"about":[{"href":"https:\/\/www.ufsm.br\/cursos\/pos-graduacao\/santa-maria\/ppgf\/wp-json\/wp\/v2\/types\/page"}],"author":[{"embeddable":true,"href":"https:\/\/www.ufsm.br\/cursos\/pos-graduacao\/santa-maria\/ppgf\/wp-json\/wp\/v2\/users\/194"}],"replies":[{"embeddable":true,"href":"https:\/\/www.ufsm.br\/cursos\/pos-graduacao\/santa-maria\/ppgf\/wp-json\/wp\/v2\/comments?post=156"}],"version-history":[{"count":0,"href":"https:\/\/www.ufsm.br\/cursos\/pos-graduacao\/santa-maria\/ppgf\/wp-json\/wp\/v2\/pages\/156\/revisions"}],"wp:attachment":[{"href":"https:\/\/www.ufsm.br\/cursos\/pos-graduacao\/santa-maria\/ppgf\/wp-json\/wp\/v2\/media?parent=156"}],"wp:term":[{"taxonomy":"category","embeddable":true,"href":"https:\/\/www.ufsm.br\/cursos\/pos-graduacao\/santa-maria\/ppgf\/wp-json\/wp\/v2\/categories?post=156"},{"taxonomy":"post_tag","embeddable":true,"href":"https:\/\/www.ufsm.br\/cursos\/pos-graduacao\/santa-maria\/ppgf\/wp-json\/wp\/v2\/tags?post=156"}],"curies":[{"name":"wp","href":"https:\/\/api.w.org\/{rel}","templated":true}]}}