{"id":216,"date":"2019-01-28T12:05:08","date_gmt":"2019-01-28T14:05:08","guid":{"rendered":"https:\/\/www.ufsm.br\/cursos\/pos-graduacao\/santa-maria\/ppgf\/?page_id=216"},"modified":"2019-01-28T12:05:11","modified_gmt":"2019-01-28T14:05:11","slug":"links-uteis","status":"publish","type":"page","link":"https:\/\/www.ufsm.br\/cursos\/pos-graduacao\/santa-maria\/ppgf\/links-uteis","title":{"rendered":"Links \u00dateis"},"content":{"rendered":"\n<div class=\"entry-content\">\n<ul>Na universidade:\n<li><a href=\"http:\/\/ufsm.br\/prpgp\/\">Universidade Federal de Santa Maria<\/a><\/li>\n<li><a href=\"http:\/\/www.ufsm.br\/prpgp\/\">Pr\u00f3-Reitoria de P\u00f3s-Gradua\u00e7\u00e3o e Pesquisa<\/a><\/li>\n<li><a href=\"http:\/\/portal.ufsm.br\/biblioteca\/pesquisa\/index.html\">Biblioteca<\/a><\/li>\n<\/ul>\n<ul>Ag\u00eancias de Fomento:\n<li><a href=\"http:\/\/capes.gov.br\/\">Capes<\/a><\/li>\n<li><a href=\"http:\/\/cnpq.br\/\">CNPq<\/a><\/li>\n<li><a href=\"http:\/\/www.fapergs.rs.gov.br\/\">Fapergs<\/a><\/li>\n<\/ul>\n<ul>Acervos:\n<li><a href=\"http:\/\/philpapers.org\/\">Philpapers<\/a><\/li>\n<li><a href=\"http:\/\/philbrasil.com.br\/\">PhilBrasil<\/a><\/li>\n<\/ul>\n<ul>Enciclop\u00e9dias:\n<li><a href=\"http:\/\/compendioemlinha.letras.ulisboa.pt\/\">Comp\u00eandio em Linha de Problemas de Filosofia Anal\u00edtica<\/a><\/li>\n<li><a href=\"http:\/\/www.iep.utm.edu\/\">Internet Encyclopedia of Philosophy<\/a><\/li>\n<li><a href=\"http:\/\/plato.stanford.edu\/\">Stanford Encyclopedia of Philosophy<\/a><\/li>\n<\/ul>\n<\/div>\n","protected":false},"excerpt":{"rendered":"<p>Na universidade: Universidade Federal de Santa Maria Pr\u00f3-Reitoria de P\u00f3s-Gradua\u00e7\u00e3o e Pesquisa Biblioteca Ag\u00eancias de Fomento: Capes CNPq Fapergs Acervos: Philpapers PhilBrasil Enciclop\u00e9dias: Comp\u00eandio em Linha de Problemas de Filosofia Anal\u00edtica Internet Encyclopedia of Philosophy Stanford Encyclopedia of Philosophy<\/p>\n","protected":false},"author":194,"featured_media":0,"parent":0,"menu_order":0,"comment_status":"closed","ping_status":"closed","template":"","meta":{"footnotes":""},"categories":[],"tags":[],"class_list":["post-216","page","type-page","status-publish","hentry"],"acf":[],"_links":{"self":[{"href":"https:\/\/www.ufsm.br\/cursos\/pos-graduacao\/santa-maria\/ppgf\/wp-json\/wp\/v2\/pages\/216","targetHints":{"allow":["GET"]}}],"collection":[{"href":"https:\/\/www.ufsm.br\/cursos\/pos-graduacao\/santa-maria\/ppgf\/wp-json\/wp\/v2\/pages"}],"about":[{"href":"https:\/\/www.ufsm.br\/cursos\/pos-graduacao\/santa-maria\/ppgf\/wp-json\/wp\/v2\/types\/page"}],"author":[{"embeddable":true,"href":"https:\/\/www.ufsm.br\/cursos\/pos-graduacao\/santa-maria\/ppgf\/wp-json\/wp\/v2\/users\/194"}],"replies":[{"embeddable":true,"href":"https:\/\/www.ufsm.br\/cursos\/pos-graduacao\/santa-maria\/ppgf\/wp-json\/wp\/v2\/comments?post=216"}],"version-history":[{"count":0,"href":"https:\/\/www.ufsm.br\/cursos\/pos-graduacao\/santa-maria\/ppgf\/wp-json\/wp\/v2\/pages\/216\/revisions"}],"wp:attachment":[{"href":"https:\/\/www.ufsm.br\/cursos\/pos-graduacao\/santa-maria\/ppgf\/wp-json\/wp\/v2\/media?parent=216"}],"wp:term":[{"taxonomy":"category","embeddable":true,"href":"https:\/\/www.ufsm.br\/cursos\/pos-graduacao\/santa-maria\/ppgf\/wp-json\/wp\/v2\/categories?post=216"},{"taxonomy":"post_tag","embeddable":true,"href":"https:\/\/www.ufsm.br\/cursos\/pos-graduacao\/santa-maria\/ppgf\/wp-json\/wp\/v2\/tags?post=216"}],"curies":[{"name":"wp","href":"https:\/\/api.w.org\/{rel}","templated":true}]}}