{"id":4968,"date":"2022-06-09T10:10:57","date_gmt":"2022-06-09T13:10:57","guid":{"rendered":"https:\/\/www.ufsm.br\/cursos\/pos-graduacao\/santa-maria\/ppgf\/?page_id=4968"},"modified":"2025-09-15T15:30:13","modified_gmt":"2025-09-15T18:30:13","slug":"comissoes","status":"publish","type":"page","link":"https:\/\/www.ufsm.br\/cursos\/pos-graduacao\/santa-maria\/ppgf\/comissoes","title":{"rendered":"Comiss\u00f5es"},"content":{"rendered":"\t\t<div data-elementor-type=\"wp-page\" data-elementor-id=\"4968\" class=\"elementor elementor-4968\">\n\t\t\t\t\t\t<section class=\"elementor-section elementor-top-section elementor-element elementor-element-61f169bb elementor-section-boxed elementor-section-height-default elementor-section-height-default\" data-id=\"61f169bb\" data-element_type=\"section\">\n\t\t\t\t\t\t<div class=\"elementor-container elementor-column-gap-default\">\n\t\t\t\t\t<div class=\"elementor-column elementor-col-100 elementor-top-column elementor-element elementor-element-62db381c\" data-id=\"62db381c\" data-element_type=\"column\">\n\t\t\t<div class=\"elementor-widget-wrap elementor-element-populated\">\n\t\t\t\t\t\t<div class=\"elementor-element elementor-element-3b592dfe elementor-widget elementor-widget-text-editor\" data-id=\"3b592dfe\" data-element_type=\"widget\" data-widget_type=\"text-editor.default\">\n\t\t\t\t<div class=\"elementor-widget-container\">\n\t\t\t\t\t\t\t<h5>2023<\/h5>\n<p><strong>Comiss\u00e3o de credenciamento e recredenciamento de docentes<\/strong><\/p>\n<p><!-- \/wp:paragraph --><!-- wp:list --><\/p>\n<ul>\n<li style=\"list-style-type: none\">\n<ul><!-- wp:list-item --><\/ul>\n<\/li>\n<\/ul>\n<ul>\n<li style=\"list-style-type: none\">\n<ul>\n<li>Prof. Marcos Fanton<\/li>\n<\/ul>\n<\/li>\n<\/ul>\n<p><!-- \/wp:list-item --><!-- wp:list-item --><\/p>\n<ul>\n<li style=\"list-style-type: none\">\n<ul>\n<li>Prof. C\u00e9sar Schirmer dos Santos<\/li>\n<\/ul>\n<\/li>\n<\/ul>\n<p><!-- \/wp:list-item --><!-- wp:list-item --><\/p>\n<ul>\n<li style=\"list-style-type: none\">\n<ul>\n<li>Prof. Noeli Dutra Rossatto<\/li>\n<\/ul>\n<\/li>\n<\/ul>\n<p><!-- \/wp:list-item --><\/p>\n<p>Base Legal: ORDEM DE SERVI\u00c7O N\u00ba 035\/2023\u2013CCSH <strong><a href=\"https:\/\/www.ufsm.br\/app\/uploads\/sites\/556\/2023\/09\/OS_CCSH_2023_35.pdf\">OS_CCSH_2023_35<\/a><\/strong><\/p>\n<p><!-- \/wp:list --><!-- wp:paragraph --><\/p>\n<p>\u00a0<\/p>\n<h4><strong>Comiss\u00e3o de bolsas<\/strong><\/h4>\n<p><strong>2025<\/strong><\/p>\n<p><strong>\u00a0<\/strong><\/p>\n<ul>\n<li>Prof.\u00a0Tiegue Vieira Rodrigues &#8211; Presidente<\/li>\n<li>Rafael Graebin Vogelmann<\/li>\n<li>Profa. Mitieli Seixas da Silva<\/li>\n<li>Acad. Let\u00edcia da Silva Bello<\/li>\n<\/ul>\n<p>\u00a0<\/p>\n<div><span style=\"color: #000000;font-size: 16px\">Base legal: Portaria CCSH n\u00ba 280\/2025: <\/span><strong><a href=\"https:\/\/www.ufsm.br\/app\/uploads\/sites\/556\/2025\/08\/PORT_CCSH_2025_280-PPGF.pdf\">PORT_CCSH_2025_280 PPGF<\/a><\/strong><\/div>\n<p><!-- \/wp:paragraph --><!-- wp:paragraph --><\/p>\n<table style=\"border-collapse: collapse;width: 100%\">\n<tbody>\n<tr>\n<td style=\"width: 100%;background-color: #ebe8e8\">\n<h4><strong>Comiss\u00e3o de Sele\u00e7\u00e3o<\/strong><\/h4>\n<\/td>\n<\/tr>\n<\/tbody>\n<\/table>\n<p><strong>2025 (ingresso 2026\/1)<\/strong><\/p>\n<p><strong>Doutorado<\/strong><\/p>\n<ul>\n<li>Prof. Rafael Graebin Vogelmann\u2013 Presidente<\/li>\n<li>Prof. Marcelo Vieira Lopes<\/li>\n<li>Profa. Nara Miranda de Figueiredo<\/li>\n<li>Prof. Robson Ramos dos Reis (Suplente).<\/li>\n<\/ul>\n<p><strong>Base legal:<\/strong> Portaria CCSH n\u00ba 329\/2025: <a href=\"https:\/\/www.ufsm.br\/app\/uploads\/sites\/556\/2025\/09\/PORT_CCSH_2025_329-1.pdf\">PORT_CCSH_2025_329<\/a><\/p>\n<p>\u00a0<\/p>\n<p><strong>Mestrado<\/strong><\/p>\n<ul>\n<li>Prof. Frank Thomas Sautter \u2013 Presidente<\/li>\n<li>Profa. Camila Palhares Barbosa<\/li>\n<li>Prof. Eduardo Vicentini de Medeiros<\/li>\n<li>Prof. Silvestre Grzibowski (Suplente).<\/li>\n<\/ul>\n<p><strong>Base legal:<\/strong> Portaria CCSH n\u00ba 326\/2025: <a href=\"https:\/\/www.ufsm.br\/app\/uploads\/sites\/556\/2025\/09\/PORT_CCSH_2025_326-1.pdf\">PORT_CCSH_2025_326<\/a><\/p>\n<p><strong>2023 (ingresso 2024\/1)<\/strong><\/p>\n<h5><strong>Doutorado<\/strong><\/h5>\n<ul>\n<li>Prof. Frank Thomas Sautter \u2013 Presidente<\/li>\n<li>Prof. Eduardo Vicentini de Medeiros<\/li>\n<li>Prof. Silvestre Grzibowski<\/li>\n<li>Prof. Tiegue Vieira Rodrigues (Suplente).<\/li>\n<\/ul>\n<p>Base legal: Portaria CCSH n\u00ba 301\/2023 <strong><a href=\"https:\/\/www.ufsm.br\/app\/uploads\/sites\/556\/2023\/09\/PORT_CCSH_2023_301-Doutorado.pdf\">PORT_CCSH_2023_301 Doutorado<\/a><\/strong><\/p>\n<p>\u00a0<\/p>\n<h5><strong>Mestrado<\/strong><\/h5>\n<ul>\n<li>Prof. Marcos Fanton\u00a0 \u2013 Presidente<\/li>\n<li>Prof\u00aa Nara Miranda de Figueiredo<\/li>\n<li>Prof. Noeli Dutra Rossatto<\/li>\n<li>Prof. Flavio Williges \u2013 suplente.<\/li>\n<\/ul>\n<p>Base legal: Portaria CCSH n\u00ba 300\/2023 <strong><a href=\"https:\/\/www.ufsm.br\/app\/uploads\/sites\/556\/2023\/09\/PORT_CCSH_2023_300-Mestrado.pdf\">PORT_CCSH_2023_300 Mestrado<\/a><\/strong><\/p>\n<p><!-- \/wp:paragraph --><\/p>\t\t\t\t\t\t<\/div>\n\t\t\t\t<\/div>\n\t\t\t\t\t<\/div>\n\t\t<\/div>\n\t\t\t\t\t<\/div>\n\t\t<\/section>\n\t\t\t\t<\/div>\n\t\t","protected":false},"excerpt":{"rendered":"<p>2023 Comiss\u00e3o de credenciamento e recredenciamento de docentes Prof. Marcos Fanton Prof. C\u00e9sar Schirmer dos Santos Prof. Noeli Dutra Rossatto Base Legal: ORDEM DE SERVI\u00c7O N\u00ba 035\/2023\u2013CCSH OS_CCSH_2023_35 \u00a0 Comiss\u00e3o de bolsas 2025 \u00a0 Prof.\u00a0Tiegue Vieira Rodrigues &#8211; Presidente Rafael Graebin Vogelmann Profa. Mitieli Seixas da Silva Acad. Let\u00edcia da Silva Bello \u00a0 Base legal: [&hellip;]<\/p>\n","protected":false},"author":764,"featured_media":0,"parent":0,"menu_order":0,"comment_status":"closed","ping_status":"closed","template":"","meta":{"footnotes":""},"categories":[],"tags":[],"class_list":["post-4968","page","type-page","status-publish","hentry"],"acf":[],"_links":{"self":[{"href":"https:\/\/www.ufsm.br\/cursos\/pos-graduacao\/santa-maria\/ppgf\/wp-json\/wp\/v2\/pages\/4968","targetHints":{"allow":["GET"]}}],"collection":[{"href":"https:\/\/www.ufsm.br\/cursos\/pos-graduacao\/santa-maria\/ppgf\/wp-json\/wp\/v2\/pages"}],"about":[{"href":"https:\/\/www.ufsm.br\/cursos\/pos-graduacao\/santa-maria\/ppgf\/wp-json\/wp\/v2\/types\/page"}],"author":[{"embeddable":true,"href":"https:\/\/www.ufsm.br\/cursos\/pos-graduacao\/santa-maria\/ppgf\/wp-json\/wp\/v2\/users\/764"}],"replies":[{"embeddable":true,"href":"https:\/\/www.ufsm.br\/cursos\/pos-graduacao\/santa-maria\/ppgf\/wp-json\/wp\/v2\/comments?post=4968"}],"version-history":[{"count":0,"href":"https:\/\/www.ufsm.br\/cursos\/pos-graduacao\/santa-maria\/ppgf\/wp-json\/wp\/v2\/pages\/4968\/revisions"}],"wp:attachment":[{"href":"https:\/\/www.ufsm.br\/cursos\/pos-graduacao\/santa-maria\/ppgf\/wp-json\/wp\/v2\/media?parent=4968"}],"wp:term":[{"taxonomy":"category","embeddable":true,"href":"https:\/\/www.ufsm.br\/cursos\/pos-graduacao\/santa-maria\/ppgf\/wp-json\/wp\/v2\/categories?post=4968"},{"taxonomy":"post_tag","embeddable":true,"href":"https:\/\/www.ufsm.br\/cursos\/pos-graduacao\/santa-maria\/ppgf\/wp-json\/wp\/v2\/tags?post=4968"}],"curies":[{"name":"wp","href":"https:\/\/api.w.org\/{rel}","templated":true}]}}