{"id":1544,"date":"2019-02-25T13:50:32","date_gmt":"2019-02-25T16:50:32","guid":{"rendered":"https:\/\/www.ufsm.br\/cursos\/pos-graduacao\/santa-maria\/ppggeo\/?page_id=1544"},"modified":"2025-09-15T14:00:20","modified_gmt":"2025-09-15T17:00:20","slug":"docentes","status":"publish","type":"page","link":"https:\/\/www.ufsm.br\/cursos\/pos-graduacao\/santa-maria\/ppggeo\/docentes","title":{"rendered":"Docentes"},"content":{"rendered":"\t\t<div data-elementor-type=\"wp-post\" data-elementor-id=\"1544\" class=\"elementor elementor-1544\">\n\t\t\t\t\t\t<section class=\"elementor-section elementor-top-section elementor-element elementor-element-65121b19 elementor-section-boxed elementor-section-height-default elementor-section-height-default\" data-id=\"65121b19\" data-element_type=\"section\">\n\t\t\t\t\t\t<div class=\"elementor-container elementor-column-gap-default\">\n\t\t\t\t\t<div class=\"elementor-column elementor-col-100 elementor-top-column elementor-element elementor-element-44284211\" data-id=\"44284211\" data-element_type=\"column\">\n\t\t\t<div class=\"elementor-widget-wrap elementor-element-populated\">\n\t\t\t\t\t\t<div class=\"elementor-element elementor-element-7bdfbff7 elementor-widget elementor-widget-text-editor\" data-id=\"7bdfbff7\" data-element_type=\"widget\" data-widget_type=\"text-editor.default\">\n\t\t\t\t<div class=\"elementor-widget-container\">\n\t\t\t\t\t\t\t<table style=\"width: 96.9059%;height: 1549px\">\n<tbody>\n<tr style=\"height: 55px\">\n<td style=\"width: 98.7952%;height: 55px\" colspan=\"2\" width=\"566\">\n<p style=\"text-align: center\"><strong>DOCENTES PERMANENTES DA UFSM<\/strong><\/p>\n<\/td>\n<\/tr>\n<tr style=\"height: 79px\">\n<td style=\"text-align: center;width: 49.3976%;height: 79px\" width=\"283\">\n<p><strong>Din\u00e2micas da Natureza e Qualidade Ambiental do Cone Sul<\/strong><\/p>\n<\/td>\n<td style=\"text-align: center;width: 49.3976%;height: 79px\" width=\"283\">\n<p><strong>Din\u00e2micas Territoriais do Cone Sul<\/strong><\/p>\n<\/td>\n<\/tr>\n<tr style=\"height: 95px\">\n<td style=\"width: 49.3976%;height: 95px\" width=\"283\">\n<p><a href=\"http:\/\/ufsmpublica.ufsm.br\/docente\/4929\">Adriano Severo Figueir\u00f3<\/a><\/p>\n<p>adriano.figueiro@ufsm.br<\/p>\n<\/td>\n<td style=\"width: 49.3976%;height: 95px\" width=\"283\">\n<p><a href=\"http:\/\/ufsmpublica.ufsm.br\/docente\/11580\" target=\"_blank\" rel=\"noopener\">Ane Carine Meurer<\/a><\/p>\n<p>anemeurer@gmail.com<\/p>\n<\/td>\n<\/tr>\n<tr>\n<td style=\"width: 49.3976%\">\n<p><a href=\"https:\/\/ufsmpublica.ufsm.br\/docente\/23176\" target=\"_blank\" rel=\"noopener\">Anderson Augusto Volpato Sccoti<\/a><\/p>\n<p>asccoti2@gmail.com<\/p>\n<\/td>\n<td style=\"width: 49.3976%\">\n<p><a href=\"https:\/\/ufsmpublica.ufsm.br\/docente\/24119\" target=\"_blank\" rel=\"noopener\" style=\"font-size: 16px\">Anderson Luiz Machado dos Santos<\/a><br style=\"font-size: 16px\"><span style=\"font-size: 16px\">anderson.santos@ufsm.br<\/span><\/p>\n<\/td>\n<\/tr>\n<tr style=\"height: 95px\">\n<td style=\"width: 49.3976%;height: 95px\" width=\"283\">\n<p><a href=\"http:\/\/ufsmpublica.ufsm.br\/docente\/16325\">Andr\u00e9 Weissheimer de Borba<\/a><\/p>\n<p>andre.w.borba@ufsm.br<\/p>\n<\/td>\n<td style=\"width: 49.3976%;height: 95px\" width=\"283\">\n<p style=\"font-size: 16px\"><a href=\"http:\/\/ufsmpublica.ufsm.br\/docente\/14668\">Benhur Pinos da Costa<\/a><\/p><p style=\"font-size: 16px\">benpinos@gmail.com<\/p>\n<\/td>\n<\/tr>\n<tr style=\"height: 95px\">\n<td style=\"width: 49.3976%;height: 95px\" width=\"283\">\n<p><a href=\"http:\/\/ufsmpublica.ufsm.br\/docente\/11362\">Andrea Valli Nummer<\/a><\/p>\n<p>a.nummer@gmail.com<\/p>\n<\/td>\n<td style=\"width: 49.3976%;height: 95px\" width=\"283\">\n<p style=\"font-size: 16px\"><a href=\"http:\/\/ufsmpublica.ufsm.br\/docente\/13298\">Carmen Rejane Flores<\/a><\/p><p style=\"font-size: 16px\">carmenrejanefw@gmail.com<\/p>\n<\/td>\n<\/tr>\n<tr style=\"height: 95px\">\n<td style=\"width: 49.3976%;height: 95px\" width=\"283\">\n<p><a href=\"http:\/\/ufsmpublica.ufsm.br\/docente\/15838\">C\u00e1ssio Arthur Wollmann<\/a><\/p>\n<p>cassio@ufsm.br<\/p>\n<\/td>\n<td style=\"width: 49.3976%;height: 95px\" width=\"283\">\n<p style=\"font-size: 16px\"><a href=\"http:\/\/ufsmpublica.ufsm.br\/docente\/11508\">Cesar De David<\/a><\/p><p style=\"font-size: 16px\">cdedavid2009@gmail.com<\/p>\n<\/td>\n<\/tr>\n<tr style=\"height: 95px\">\n<td style=\"width: 49.3976%;height: 95px\" width=\"283\">\n<p><a href=\"https:\/\/ufsmpublica.ufsm.br\/docente\/23092\" target=\"_blank\" rel=\"noopener\">Carina Petsch<\/a><\/p>\n<p>carinapetsch@gmail.com<\/p>\n<\/td>\n<td style=\"width: 49.3976%;height: 95px\" width=\"283\">\n<p><a href=\"https:\/\/ufsmpublica.ufsm.br\/docente\/24083\" target=\"_blank\" rel=\"noopener\" style=\"font-size: 16px\">Cleder Fontana<\/a><br style=\"font-size: 16px\"><span style=\"font-size: 16px\">cleder.fontana@ufsm.br<\/span><\/p>\n<\/td>\n<\/tr>\n<tr>\n<td style=\"width: 49.3976%\">\n<p><a href=\"http:\/\/ufsmpublica.ufsm.br\/docente\/11113\">Eliane Maria Foleto<\/a><\/p>\n<p>efoleto@gmail.com<\/p>\n<\/td>\n<td style=\"width: 49.3976%\">\n<p style=\"font-size: 16px\"><a href=\"http:\/\/ufsmpublica.ufsm.br\/docente\/12474\">Eduardo Schiavone Cardoso<\/a><\/p><p style=\"font-size: 16px\">educard2016@gmail.com<\/p>\n<\/td>\n<\/tr>\n<tr style=\"height: 95px\">\n<td style=\"width: 49.3976%;height: 95px\" width=\"283\">\n<p><a href=\"http:\/\/ufsmpublica.ufsm.br\/docente\/15556\">Fabio Marcelo Breunig<\/a><\/p>\n<p>fabiobreunig@gmail.com<\/p>\n<\/td>\n<td style=\"width: 49.3976%;height: 95px\" width=\"283\">\n<p style=\"font-size: 16px\"><a href=\"http:\/\/lattes.cnpq.br\/7311791678201968\" target=\"_blank\" rel=\"noopener\">Marcelo Cervo Chelotti<\/a><\/p><p style=\"font-size: 16px\">mcervochelotti@gmail.com<\/p>\n<\/td>\n<\/tr>\n<tr style=\"height: 95px\">\n<td style=\"width: 49.3976%;height: 95px\" width=\"283\">\n<p><a href=\"http:\/\/ufsmpublica.ufsm.br\/docente\/10460\">Lu\u00eds Eduardo de Souza Robaina<\/a><\/p>\n<p>lesrobaina@yahoo.com.br<\/p>\n<\/td>\n<td style=\"width: 49.3976%;height: 95px\" width=\"283\"><p style=\"font-size: 16px\"><a href=\"http:\/\/lattes.cnpq.br\/9721608652971809\" target=\"_blank\" rel=\"noopener\">Nat\u00e1lia Lampert Batista<\/a><\/p><p style=\"font-size: 16px\">natibatista3@gmail.com<\/p><\/td>\n<\/tr>\n<tr style=\"height: 95px\">\n<td style=\"width: 49.3976%;height: 95px\" width=\"283\">\n<p><a href=\"http:\/\/ufsmpublica.ufsm.br\/docente\/11537\">Mauro Kumpfer Werlang<\/a><\/p>\n<p>wermakwer@gmail.com<\/p>\n<\/td>\n<td style=\"width: 49.3976%;height: 95px\" width=\"283\"><p style=\"font-size: 16px\"><a href=\"http:\/\/ufsmpublica.ufsm.br\/docente\/17300\">Rivaldo Mauro de Faria<\/a><\/p><p style=\"font-size: 16px\">rivaldofaria.geo@gmail.com<\/p><\/td>\n<\/tr>\n<tr style=\"height: 95px\">\n<td style=\"width: 49.3976%;height: 95px\" width=\"283\">\n<p><a href=\"http:\/\/ufsmpublica.ufsm.br\/docente\/15681\">Romario Trentin<\/a><\/p>\n<p>romario.trentin@gmail.com<\/p>\n<\/td>\n<td style=\"width: 49.3976%;height: 95px\" width=\"283\">&nbsp;<\/td>\n<\/tr>\n<tr style=\"height: 95px\">\n<td style=\"width: 49.3976%;height: 95px\" width=\"283\">\n<p><a href=\"http:\/\/ufsmpublica.ufsm.br\/docente\/4204\">Waterloo Pereira Filho<\/a><\/p>\n<p>waterloopf@gmail.com<\/p>\n<\/td>\n<td style=\"width: 49.3976%;height: 95px\" width=\"283\">&nbsp;<\/td>\n<\/tr>\n<tr style=\"height: 34px\">\n<td style=\"width: 98.7952%;height: 34px\" colspan=\"2\" width=\"566\">\n<p style=\"text-align: center\"><strong>DOCENTES VISITANTES&nbsp;<\/strong><\/p>\n<\/td>\n<\/tr>\n<tr style=\"height: 95px\">\n<td style=\"width: 49.3976%;height: 95px\" width=\"283\">&nbsp;<\/td>\n<td style=\"width: 49.3976%;height: 95px\" width=\"283\">\n<p>Ana Estela Dominguez Sandoval<\/p>\n<p>dominguezana68@gmail.com<\/p>\n<\/td>\n<\/tr>\n<tr style=\"height: 95px\">\n<td style=\"width: 49.3976%;height: 95px\" width=\"283\">&nbsp;<\/td>\n<td style=\"width: 49.3976%;height: 95px\" width=\"283\">\n<p>Luis Fernando Pesce Guaraschelli<\/p>\n<p>ferpescegeografia@gmail.com<\/p>\n<\/td>\n<\/tr>\n<tr style=\"height: 23px\">\n<td style=\"text-align: center;height: 23px;width: 98.7952%\" colspan=\"2\"><strong>DOCENTES COLABORADORES<\/strong><\/td>\n<\/tr>\n<tr style=\"height: 28px\">\n<td style=\"text-align: center;width: 49.3976%;height: 28px\">\n<p style=\"text-align: left\"><a href=\"http:\/\/lattes.cnpq.br\/0532593883570233\" target=\"_blank\" rel=\"noopener\">Adriano Lu\u00eds Heck Simon<\/a><\/p>\n<p style=\"text-align: left\">adrianosimon@gmail.com<\/p>\n<\/td>\n<td style=\"text-align: center;width: 49.3976%;height: 28px\"><strong>&nbsp;<\/strong><\/td>\n<\/tr>\n<\/tbody>\n<\/table>\n<p><!-- \/wp:tadv\/classic-paragraph --><\/p>\t\t\t\t\t\t<\/div>\n\t\t\t\t<\/div>\n\t\t\t\t\t<\/div>\n\t\t<\/div>\n\t\t\t\t\t<\/div>\n\t\t<\/section>\n\t\t\t\t<\/div>\n\t\t","protected":false},"excerpt":{"rendered":"<p>DOCENTES PERMANENTES DA UFSM Din\u00e2micas da Natureza e Qualidade Ambiental do Cone Sul Din\u00e2micas Territoriais do Cone Sul Adriano Severo Figueir\u00f3 adriano.figueiro@ufsm.br Aline de Lima Rodrigues aline.rodrigues@ufsm.br Anderson Augusto Volpato Sccoti asccoti2@gmail.com Ane Carine Meurer anemeurer@gmail.com Andr\u00e9 Weissheimer de Borba andre.w.borba@ufsm.br Anderson Luiz Machado dos Santos anderson.santos@ufsm.br Andrea Valli Nummer a.nummer@gmail.com Benhur Pinos da Costa [&hellip;]<\/p>\n","protected":false},"author":573,"featured_media":0,"parent":0,"menu_order":0,"comment_status":"closed","ping_status":"closed","template":"","meta":{"footnotes":""},"categories":[],"tags":[],"class_list":["post-1544","page","type-page","status-publish","hentry"],"acf":[],"_links":{"self":[{"href":"https:\/\/www.ufsm.br\/cursos\/pos-graduacao\/santa-maria\/ppggeo\/wp-json\/wp\/v2\/pages\/1544","targetHints":{"allow":["GET"]}}],"collection":[{"href":"https:\/\/www.ufsm.br\/cursos\/pos-graduacao\/santa-maria\/ppggeo\/wp-json\/wp\/v2\/pages"}],"about":[{"href":"https:\/\/www.ufsm.br\/cursos\/pos-graduacao\/santa-maria\/ppggeo\/wp-json\/wp\/v2\/types\/page"}],"author":[{"embeddable":true,"href":"https:\/\/www.ufsm.br\/cursos\/pos-graduacao\/santa-maria\/ppggeo\/wp-json\/wp\/v2\/users\/573"}],"replies":[{"embeddable":true,"href":"https:\/\/www.ufsm.br\/cursos\/pos-graduacao\/santa-maria\/ppggeo\/wp-json\/wp\/v2\/comments?post=1544"}],"version-history":[{"count":0,"href":"https:\/\/www.ufsm.br\/cursos\/pos-graduacao\/santa-maria\/ppggeo\/wp-json\/wp\/v2\/pages\/1544\/revisions"}],"wp:attachment":[{"href":"https:\/\/www.ufsm.br\/cursos\/pos-graduacao\/santa-maria\/ppggeo\/wp-json\/wp\/v2\/media?parent=1544"}],"wp:term":[{"taxonomy":"category","embeddable":true,"href":"https:\/\/www.ufsm.br\/cursos\/pos-graduacao\/santa-maria\/ppggeo\/wp-json\/wp\/v2\/categories?post=1544"},{"taxonomy":"post_tag","embeddable":true,"href":"https:\/\/www.ufsm.br\/cursos\/pos-graduacao\/santa-maria\/ppggeo\/wp-json\/wp\/v2\/tags?post=1544"}],"curies":[{"name":"wp","href":"https:\/\/api.w.org\/{rel}","templated":true}]}}