{"id":313,"date":"2019-01-31T07:56:48","date_gmt":"2019-01-31T09:56:48","guid":{"rendered":"https:\/\/www.ufsm.br\/cursos\/pos-graduacao\/santa-maria\/ppggeo\/?page_id=313"},"modified":"2026-03-26T14:00:26","modified_gmt":"2026-03-26T17:00:26","slug":"bolsas","status":"publish","type":"page","link":"https:\/\/www.ufsm.br\/cursos\/pos-graduacao\/santa-maria\/ppggeo\/bolsas","title":{"rendered":"Bolsas"},"content":{"rendered":"\n<p><strong>Comiss\u00e3o de Bolsa do Programa de P\u00f3s-Gradua\u00e7\u00e3o de Geografia da UFSM<br \/><\/strong><\/p>\n<p>Prof\u00aa. Dr\u00aa. Carina Petsch <em>(Presidente da Comiss\u00e3o)<\/em><\/p>\n<p>Prof\u00aa. Dr\u00aa. Andr\u00e9a Valli Nummer <em>(membro titular)<\/em><\/p>\n<p>Prof. Dr. Eduardo Schiavone Cardoso <em>(membro titular)<\/em><\/p>\n<p>Prof. Dr. Anderson Luiz Machado dos Santos <em>(membro titular)<\/em><\/p>\n<p>Prof. Dr. Adriano Severo Figueir\u00f3 <em>(membro suplente)<\/em><\/p>\n<p>Prof\u00aa. Dr\u00aa. Carmen Rejane Flores <em>(membro suplente)<\/em><\/p>\n<p>Prof. Dr. Waterloo Pereira Filho <em>(membro suplente)<\/em><\/p>\n<p>Prof. Dr. Gerson Jonas Schirmer <em>(membro suplente)<\/em><\/p>\n<p>Acad. Gustavo Soares Arrial <em>(membro titular mestrado)<\/em><\/p>\n<p>Acad. Bruno Brauner Sioqueta <em>(membro suplente mestrado)<\/em><\/p>\n<p>Acad. Lucas Maur\u00edcio Willecker dos Santos <em>(membro titular doutorado)<\/em><\/p>\n<p>Acad. Jenifer Buss dos Santos (m<em>embro suplente doutorado)<\/em><\/p>\n<p>Membros designados pela <a href=\"https:\/\/www.ufsm.br\/app\/uploads\/sites\/538\/2026\/03\/Portaria-046-2026-Designara-Comissao-de-Bolsas-do-PPGEO.pdf\">Portaria N. 046, de 26 de mar\u00e7o de 2026<\/a>.<\/p>\n<p>\u00a0<\/p>\n<p>\u00a0<\/p>\n<p>\u00a0<\/p>\n","protected":false},"excerpt":{"rendered":"<p>Comiss\u00e3o de Bolsa do Programa de P\u00f3s-Gradua\u00e7\u00e3o de Geografia da UFSM Prof\u00aa. Dr\u00aa. Carina Petsch (Presidente da Comiss\u00e3o) Prof\u00aa. Dr\u00aa. Andr\u00e9a Valli Nummer (membro titular) Prof. Dr. Eduardo Schiavone Cardoso (membro titular) Prof. Dr. Anderson Luiz Machado dos Santos (membro titular) Prof. Dr. Adriano Severo Figueir\u00f3 (membro suplente) Prof\u00aa. Dr\u00aa. Carmen Rejane Flores (membro suplente) [&hellip;]<\/p>\n","protected":false},"author":115,"featured_media":0,"parent":0,"menu_order":0,"comment_status":"closed","ping_status":"closed","template":"","meta":{"footnotes":""},"categories":[],"tags":[],"class_list":["post-313","page","type-page","status-publish","hentry"],"acf":[],"_links":{"self":[{"href":"https:\/\/www.ufsm.br\/cursos\/pos-graduacao\/santa-maria\/ppggeo\/wp-json\/wp\/v2\/pages\/313","targetHints":{"allow":["GET"]}}],"collection":[{"href":"https:\/\/www.ufsm.br\/cursos\/pos-graduacao\/santa-maria\/ppggeo\/wp-json\/wp\/v2\/pages"}],"about":[{"href":"https:\/\/www.ufsm.br\/cursos\/pos-graduacao\/santa-maria\/ppggeo\/wp-json\/wp\/v2\/types\/page"}],"author":[{"embeddable":true,"href":"https:\/\/www.ufsm.br\/cursos\/pos-graduacao\/santa-maria\/ppggeo\/wp-json\/wp\/v2\/users\/115"}],"replies":[{"embeddable":true,"href":"https:\/\/www.ufsm.br\/cursos\/pos-graduacao\/santa-maria\/ppggeo\/wp-json\/wp\/v2\/comments?post=313"}],"version-history":[{"count":0,"href":"https:\/\/www.ufsm.br\/cursos\/pos-graduacao\/santa-maria\/ppggeo\/wp-json\/wp\/v2\/pages\/313\/revisions"}],"wp:attachment":[{"href":"https:\/\/www.ufsm.br\/cursos\/pos-graduacao\/santa-maria\/ppggeo\/wp-json\/wp\/v2\/media?parent=313"}],"wp:term":[{"taxonomy":"category","embeddable":true,"href":"https:\/\/www.ufsm.br\/cursos\/pos-graduacao\/santa-maria\/ppggeo\/wp-json\/wp\/v2\/categories?post=313"},{"taxonomy":"post_tag","embeddable":true,"href":"https:\/\/www.ufsm.br\/cursos\/pos-graduacao\/santa-maria\/ppggeo\/wp-json\/wp\/v2\/tags?post=313"}],"curies":[{"name":"wp","href":"https:\/\/api.w.org\/{rel}","templated":true}]}}