{"id":1131,"date":"2020-03-03T20:26:40","date_gmt":"2020-03-03T23:26:40","guid":{"rendered":"https:\/\/www.ufsm.br\/cursos\/pos-graduacao\/santa-maria\/ppgh\/?page_id=1131"},"modified":"2022-08-05T08:11:39","modified_gmt":"2022-08-05T11:11:39","slug":"mais-historia-por-favor-podcast-da-historia-ufsm","status":"publish","type":"page","link":"https:\/\/www.ufsm.br\/cursos\/pos-graduacao\/santa-maria\/ppgh\/mais-historia-por-favor-podcast-da-historia-ufsm","title":{"rendered":"&#8220;Mais Hist\u00f3ria, por favor&#8221;"},"content":{"rendered":"\t\t<div data-elementor-type=\"wp-page\" data-elementor-id=\"1131\" class=\"elementor elementor-1131\">\n\t\t\t\t\t\t<section class=\"elementor-section elementor-top-section elementor-element elementor-element-6c175ed9 elementor-section-boxed elementor-section-height-default elementor-section-height-default\" data-id=\"6c175ed9\" data-element_type=\"section\">\n\t\t\t\t\t\t<div class=\"elementor-container elementor-column-gap-default\">\n\t\t\t\t\t<div class=\"elementor-column elementor-col-100 elementor-top-column elementor-element elementor-element-3ee695be\" data-id=\"3ee695be\" data-element_type=\"column\">\n\t\t\t<div class=\"elementor-widget-wrap elementor-element-populated\">\n\t\t\t\t\t\t<div class=\"elementor-element elementor-element-4c0126fa elementor-widget elementor-widget-text-editor\" data-id=\"4c0126fa\" data-element_type=\"widget\" data-widget_type=\"text-editor.default\">\n\t\t\t\t<div class=\"elementor-widget-container\">\n\t\t\t\t\t\t\t<!-- wp:tadv\/classic-paragraph \/--><!-- wp:tadv\/classic-paragraph \/--><!-- wp:tadv\/classic-paragraph -->\n<p style=\"text-align: justify\">&#8220;<a href=\"https:\/\/sites.google.com\/view\/maishistoriapf\/mais-hist%C3%B3ria-por-favor\">Mais Hist\u00f3ria, por favor<\/a>&#8221; \u00e9 o projeto de populariza\u00e7\u00e3o das pesquisas e atividades desenvolvidas no \u00e2mbito do PPGH\/UFSM e do <a href=\"https:\/\/www.ufsm.br\/cursos\/pos-graduacao\/santa-maria\/profhistoria\/\">ProfHist\u00f3ria\/UFSM<\/a>. O projeto \u00e9 coordenado pelo professor <a href=\"https:\/\/www.ufsm.br\/cursos\/pos-graduacao\/santa-maria\/ppgh\/?page_id=1451\">Jo\u00e3o Malaia<\/a> e omp\u00f5e-se de um podcast exibido uma vez por m\u00eas pelas <a href=\"https:\/\/farol.ufsm.br\/transmissao\/radio-am\">R\u00e1dio Universidade<\/a> e <a href=\"https:\/\/farol.ufsm.br\/transmissao\/unifm\">UniFM<\/a> e dispon\u00edvel em diversas plataformas digitais: AnchorFM, Spotfy e GoogleCast. A cada m\u00eas realiza uma entrevista com um dos docentes dos programas, al\u00e9m de pesquisadores PNPD e professores visitantes. Os discentes dos cursos de mestrado e doutorado tamb\u00e9m participam, apresentando dados de suas investiga\u00e7\u00f5es. O programa tamb\u00e9m desenvolveu participa\u00e7\u00e3o por meio do <a href=\"https:\/\/twitter.com\/maishistoriapf\">Twitter<\/a>, onde aborda temas atuais em perspectiva hist\u00f3rica, evitando explica\u00e7\u00f5es reducionistas aos desafios enfrentados por nossa sociedade.<\/p>\n<p style=\"text-align: justify\">O objetivo \u00e9 noticiar as produ\u00e7\u00f5es do mundo acad\u00eamico da Hist\u00f3ria (eventos, chamadas para artigos, lan\u00e7amentos de livros, palestras), explorando as pesquisas feitas pelos professores e pelas professoras e seus orientandos e orientandas. O podcast oferece uma grande variedade tem\u00e1tica, dada a participa\u00e7\u00e3o de profissionais\u00a0 em diferentes n\u00edveis de forma\u00e7\u00e3o e com diferentes investiga\u00e7\u00f5es realizadas ou em curso.<\/p>\n<p style=\"text-align: justify\">\u00a0<\/p>\n<p style=\"text-align: justify\">Para acompanhar o projeto e sua programa\u00e7\u00e3o <a href=\"https:\/\/sites.google.com\/view\/maishistoriapf\/mais-hist%C3%B3ria-por-favor\">acesse seu site<\/a>.<\/p>\n<p style=\"text-align: justify\">\u00a0<\/p>\n<!-- \/wp:tadv\/classic-paragraph -->\t\t\t\t\t\t<\/div>\n\t\t\t\t<\/div>\n\t\t\t\t\t<\/div>\n\t\t<\/div>\n\t\t\t\t\t<\/div>\n\t\t<\/section>\n\t\t\t\t<\/div>\n\t\t","protected":false},"excerpt":{"rendered":"<p>&#8220;Mais Hist\u00f3ria, por favor&#8221; \u00e9 o projeto de populariza\u00e7\u00e3o das pesquisas e atividades desenvolvidas no \u00e2mbito do PPGH\/UFSM e do ProfHist\u00f3ria\/UFSM. O projeto \u00e9 coordenado pelo professor Jo\u00e3o Malaia e omp\u00f5e-se de um podcast exibido uma vez por m\u00eas pelas R\u00e1dio Universidade e UniFM e dispon\u00edvel em diversas plataformas digitais: AnchorFM, Spotfy e GoogleCast. A [&hellip;]<\/p>\n","protected":false},"author":817,"featured_media":1129,"parent":0,"menu_order":0,"comment_status":"closed","ping_status":"closed","template":"","meta":{"footnotes":""},"categories":[],"tags":[],"class_list":["post-1131","page","type-page","status-publish","has-post-thumbnail","hentry"],"acf":[],"_links":{"self":[{"href":"https:\/\/www.ufsm.br\/cursos\/pos-graduacao\/santa-maria\/ppgh\/wp-json\/wp\/v2\/pages\/1131","targetHints":{"allow":["GET"]}}],"collection":[{"href":"https:\/\/www.ufsm.br\/cursos\/pos-graduacao\/santa-maria\/ppgh\/wp-json\/wp\/v2\/pages"}],"about":[{"href":"https:\/\/www.ufsm.br\/cursos\/pos-graduacao\/santa-maria\/ppgh\/wp-json\/wp\/v2\/types\/page"}],"author":[{"embeddable":true,"href":"https:\/\/www.ufsm.br\/cursos\/pos-graduacao\/santa-maria\/ppgh\/wp-json\/wp\/v2\/users\/817"}],"replies":[{"embeddable":true,"href":"https:\/\/www.ufsm.br\/cursos\/pos-graduacao\/santa-maria\/ppgh\/wp-json\/wp\/v2\/comments?post=1131"}],"version-history":[{"count":0,"href":"https:\/\/www.ufsm.br\/cursos\/pos-graduacao\/santa-maria\/ppgh\/wp-json\/wp\/v2\/pages\/1131\/revisions"}],"wp:featuredmedia":[{"embeddable":true,"href":"https:\/\/www.ufsm.br\/cursos\/pos-graduacao\/santa-maria\/ppgh\/wp-json\/wp\/v2\/media\/1129"}],"wp:attachment":[{"href":"https:\/\/www.ufsm.br\/cursos\/pos-graduacao\/santa-maria\/ppgh\/wp-json\/wp\/v2\/media?parent=1131"}],"wp:term":[{"taxonomy":"category","embeddable":true,"href":"https:\/\/www.ufsm.br\/cursos\/pos-graduacao\/santa-maria\/ppgh\/wp-json\/wp\/v2\/categories?post=1131"},{"taxonomy":"post_tag","embeddable":true,"href":"https:\/\/www.ufsm.br\/cursos\/pos-graduacao\/santa-maria\/ppgh\/wp-json\/wp\/v2\/tags?post=1131"}],"curies":[{"name":"wp","href":"https:\/\/api.w.org\/{rel}","templated":true}]}}