{"id":178,"date":"2019-01-21T10:35:03","date_gmt":"2019-01-21T12:35:03","guid":{"rendered":"https:\/\/www.ufsm.br\/cursos\/pos-graduacao\/santa-maria\/ppgh\/?page_id=178"},"modified":"2019-01-21T10:49:33","modified_gmt":"2019-01-21T12:49:33","slug":"turma-de-2015","status":"publish","type":"page","link":"https:\/\/www.ufsm.br\/cursos\/pos-graduacao\/santa-maria\/ppgh\/turma-de-2015","title":{"rendered":"Turma de 2015"},"content":{"rendered":"\t\t<div data-elementor-type=\"wp-post\" data-elementor-id=\"178\" class=\"elementor elementor-178 elementor-bc-flex-widget\">\n\t\t\t\t\t\t<section class=\"elementor-section elementor-top-section elementor-element elementor-element-55b7fe5 elementor-section-boxed elementor-section-height-default elementor-section-height-default\" data-id=\"55b7fe5\" data-element_type=\"section\">\n\t\t\t\t\t\t<div class=\"elementor-container elementor-column-gap-default\">\n\t\t\t\t\t<div class=\"elementor-column elementor-col-100 elementor-top-column elementor-element elementor-element-0df09eb\" data-id=\"0df09eb\" data-element_type=\"column\">\n\t\t\t<div class=\"elementor-widget-wrap elementor-element-populated\">\n\t\t\t\t\t\t<div class=\"elementor-element elementor-element-204f4cf elementor-widget elementor-widget-heading\" data-id=\"204f4cf\" data-element_type=\"widget\" data-widget_type=\"heading.default\">\n\t\t\t\t<div class=\"elementor-widget-container\">\n\t\t\t<h5 class=\"elementor-heading-title elementor-size-default\">Linha de Pesquisa - FRONTEIRA, POL\u00cdTICA E SOCIEDADE<\/h5>\t\t<\/div>\n\t\t\t\t<\/div>\n\t\t\t\t<div class=\"elementor-element elementor-element-82c7efe elementor-widget elementor-widget-text-editor\" data-id=\"82c7efe\" data-element_type=\"widget\" data-widget_type=\"text-editor.default\">\n\t\t\t\t<div class=\"elementor-widget-container\">\n\t\t\t\t\t\t\t<p><strong>T\u00edtulo<\/strong>: <a href=\"https:\/\/www.ufsm.br\/cursos\/pos-graduacao\/santa-maria\/ppgh\/wp-content\/uploads\/sites\/510\/2019\/01\/Dissertao_PPGH_UFSM_Carlos_Eduardo_Piassini_2016.pdf\">A participa\u00e7\u00e3o pol\u00edtica de imigrantes germ\u00e2nico no Rio Grande do Sul: os Brummer Kahlden, Haensel, Koseritz e Ter Br\u00fcggen, 1851-1881<\/a><br \/><strong>Autor(a)<\/strong>:\u00a0Carlos Eduardo Piassini\u00a0<a title=\"Visualizar Curr\u00edculo Lattes\" href=\"http:\/\/lattes.cnpq.br\/3219562506129960\" target=\"_blank\" rel=\"noopener\"><br \/><\/a>Orientador(a):\u00a0Maria Medianeira Padoin<\/p><hr \/><p><strong>T\u00edtulo<\/strong>: <a href=\"https:\/\/www.ufsm.br\/cursos\/pos-graduacao\/santa-maria\/ppgh\/wp-content\/uploads\/sites\/510\/2019\/01\/Dissertao_Gilvan_Silveira_Moraes_PPGH_UFSM.pdf\">Moab Caldas: discursos que rompem os sil\u00eancios na Tribuna Sul Rio-Grandense (1958-1966)<\/a><br \/><strong>Autor(a)<\/strong>: Gilvan Silveira Moraes\u00a0<a href=\"http:\/\/buscatextual.cnpq.br\/buscatextual\/visualizacv.do?id=K4442688T1\" target=\"_blank\" rel=\"noopener\"><br \/><\/a>Orientador(a):\u00a0J\u00falio Ricardo Quevedo dos Santos<\/p><hr \/><p><strong>T\u00edtulo:<\/strong> <a href=\"https:\/\/www.ufsm.br\/cursos\/pos-graduacao\/santa-maria\/ppgh\/wp-content\/uploads\/sites\/510\/2019\/01\/Dissertao_Gustavo_Figueira_Andrade_PPGH_UFSM.pdf\">A trajet\u00f3ria pol\u00edtica do General Jo\u00e3o Nunes da Silva Tavares (Joca Tavares): fam\u00edlia, comunica\u00e7\u00e3o e fronteira<\/a><br \/><strong>Autor(a):<\/strong>\u00a0Gustavo Figueira Andrade\u00a0<a title=\"Visualizar Curr\u00edculo Lattes\" href=\"http:\/\/lattes.cnpq.br\/3219562506129960\" target=\"_blank\" rel=\"noopener\"><br \/><\/a>Orientador(a):\u00a0Maria Medianeira Padoin<\/p><hr \/><p><strong>T\u00edtulo:<\/strong> <a href=\"https:\/\/www.ufsm.br\/cursos\/pos-graduacao\/santa-maria\/ppgh\/wp-content\/uploads\/sites\/510\/2019\/01\/Dissertao_Simone_Margis_PPGH_UFSM_2017.pdf\">O conceito de comunidade de destino na obra \u201cDie Nationalitatenfrage und Die Sozialdemokratie&#8221; (1907) de Otto Bauer\u00a0<\/a><br \/><strong>Autor(a)<\/strong>:\u00a0Simone Maciel Margis\u00a0<br \/>Orientador(a):\u00a0Carlos Henrique Armani<\/p><hr \/><p><strong>T\u00edtulo<\/strong>: <a href=\"https:\/\/www.ufsm.br\/cursos\/pos-graduacao\/santa-maria\/ppgh\/wp-content\/uploads\/sites\/510\/2019\/01\/Dissertao_RobertaSpecht.pdf\">Heitor Villa-Lobos: por uma narrativa musical da na\u00e7\u00e3o\u00a0<\/a><br \/><strong>Autor(a)<\/strong>:\u00a0Roberta Specht\u00a0<br \/>Orientador(a):\u00a0C\u00e1ssio dos Santos Tomaim<\/p><hr \/><p><strong>T\u00edtulo<\/strong>: Uma impress\u00e3o a cada viagem: percep\u00e7\u00e3o da natureza do Papma na vis\u00e3o de viajantes europeus (1818-1858)<\/p><p><strong>Autor(a)<\/strong>: Jo\u00e3o Davi Oliveira Minuzzi\u00a0<\/p><p>Orientador(a): Lu\u00eds Augusto Ebling Farinatti<\/p>\t\t\t\t\t\t<\/div>\n\t\t\t\t<\/div>\n\t\t\t\t\t<\/div>\n\t\t<\/div>\n\t\t\t\t\t<\/div>\n\t\t<\/section>\n\t\t\t\t<section class=\"elementor-section elementor-top-section elementor-element elementor-element-679154e elementor-section-boxed elementor-section-height-default elementor-section-height-default\" data-id=\"679154e\" data-element_type=\"section\">\n\t\t\t\t\t\t<div class=\"elementor-container elementor-column-gap-default\">\n\t\t\t\t\t<div class=\"elementor-column elementor-col-100 elementor-top-column elementor-element elementor-element-5f2db17\" data-id=\"5f2db17\" data-element_type=\"column\">\n\t\t\t<div class=\"elementor-widget-wrap elementor-element-populated\">\n\t\t\t\t\t\t<div class=\"elementor-element elementor-element-a43c1f3 elementor-widget elementor-widget-heading\" data-id=\"a43c1f3\" data-element_type=\"widget\" data-widget_type=\"heading.default\">\n\t\t\t\t<div class=\"elementor-widget-container\">\n\t\t\t<h5 class=\"elementor-heading-title elementor-size-default\">Linha de Pesquisa - CULTURA, MIGRA\u00c7\u00d5ES E TRABALHO<\/h5>\t\t<\/div>\n\t\t\t\t<\/div>\n\t\t\t\t<div class=\"elementor-element elementor-element-1f38b7b elementor-widget elementor-widget-text-editor\" data-id=\"1f38b7b\" data-element_type=\"widget\" data-widget_type=\"text-editor.default\">\n\t\t\t\t<div class=\"elementor-widget-container\">\n\t\t\t\t\t\t\t<p><strong>T\u00edtulo<\/strong>: <a href=\"https:\/\/www.ufsm.br\/cursos\/pos-graduacao\/santa-maria\/ppgh\/wp-content\/uploads\/sites\/510\/2019\/01\/Dissertao_Denise_verbes_schmitt.pdf\">Sociedade de Leitura Hermann Faulhaber: a Biblioteca dos Imigrantes de \u201cPanambi\u201d\/RS (1927-1963)<\/a><br \/><strong>Autor(a)<\/strong>:\u00a0Denise Verbes Schmitt\u00a0<br \/>Orientador(a): Marta Rosa Borin<\/p><hr \/><p><strong>T\u00edtulo:<\/strong><a href=\"https:\/\/www.ufsm.br\/cursos\/pos-graduacao\/santa-maria\/ppgh\/wp-content\/uploads\/sites\/510\/2019\/01\/dissertao_fabio_roberto_wilke.pdf\">\u00a0\u201cUma fam\u00edlia chamada Brasil\u201d: Fam\u00edlia e Pol\u00edtica na Ditadura do Estado Novo (1937-1945)<\/a><br \/><strong>Autor(a)<\/strong>:\u00a0Fabio Roberto Wilke<br \/>Orientador(a): Gl\u00e1ucia Vieira Ramos Konrad<\/p><hr \/><p><strong>T\u00edtulo:<\/strong> <a href=\"https:\/\/www.ufsm.br\/cursos\/pos-graduacao\/santa-maria\/ppgh\/wp-content\/uploads\/sites\/510\/2019\/01\/Dissertao_Felipe_Girardi_2017.pdf\">Espiritismo, sa\u00fade e caridade: um estudo biogr\u00e1fico sobre a fam\u00edlia Silva e Souza, em Santa Maria\/RS\u00a0<\/a><br \/><strong>Autor(a)<\/strong>: Felipe Girardi\u00a0<br \/>Orientador(a):\u00a0Beatriz Teixeira Weber<\/p><hr \/><p><strong>T\u00edtulo:<\/strong> <a href=\"https:\/\/www.ufsm.br\/cursos\/pos-graduacao\/santa-maria\/ppgh\/wp-content\/uploads\/sites\/510\/2019\/01\/Dissertao_Rayssa_Almeida_Wolf_2016.pdf\">Da \u201cImprensa Especial\u201d \u00e0 Imprensa Esp\u00edrita: um estudo da Revista Esp\u00edrita (1858-1868)<\/a><br \/><strong>Autor(a)<\/strong>:\u00a0Rayssa Almeida Wolf\u00a0<br \/>Orientador(a):\u00a0Beatriz Teixeira Weber<\/p><hr \/><p><strong>T\u00edtulo:<\/strong><a href=\"https:\/\/www.ufsm.br\/cursos\/pos-graduacao\/santa-maria\/ppgh\/wp-content\/uploads\/sites\/510\/2019\/01\/Dissertao_Rafaella_de_Aguiar_Coradini.pdf\">Y los clandestinos,\u00a0\u00bfD\u00f3nde est\u00e1n? Rastros da Ditadura Chilena, de 1973 a 1990<\/a><br \/>Autor(a): Rafaella de Aguiar Coradini\u00a0<br \/>Orientador(a):\u00a0Diorge Alceno Konrad<\/p><hr \/><p><strong>T\u00edtulo<\/strong>: A atua\u00e7\u00e3o de Dom Jos\u00e9 Ivo Lorscheiter durante a Ditadura Civil-Militar Brasileira (1964-1985)<\/p><p><strong>Autor(a)<\/strong>: Thiago Alvez Torres\u00a0<\/p><p>Orientador(a): Marta Rosa Borin<\/p><hr \/><p><strong>T\u00edtulo:<\/strong>\u00a0<a href=\"https:\/\/repositorio.ufsm.br\/handle\/1\/13013\">\u201cE o que \u00e9 mais importante, est\u00e1 salvo o Brasil! \u201d: perfil e atua\u00e7\u00e3o dos deputados da assembleia legislativa do RS no golpe civil-militar de 1964<\/a><\/p><p><strong>Autor<\/strong>: Guilherme Catto\u00a0<\/p><p>Orientador: Jos\u00e9 Martinho Rodrigues Remedi<\/p>\t\t\t\t\t\t<\/div>\n\t\t\t\t<\/div>\n\t\t\t\t\t<\/div>\n\t\t<\/div>\n\t\t\t\t\t<\/div>\n\t\t<\/section>\n\t\t\t\t<\/div>\n\t\t","protected":false},"excerpt":{"rendered":"<p>Linha de Pesquisa &#8211; FRONTEIRA, POL\u00cdTICA E SOCIEDADE T\u00edtulo: A participa\u00e7\u00e3o pol\u00edtica de imigrantes germ\u00e2nico no Rio Grande do Sul: os Brummer Kahlden, Haensel, Koseritz e Ter Br\u00fcggen, 1851-1881Autor(a):\u00a0Carlos Eduardo Piassini\u00a0Orientador(a):\u00a0Maria Medianeira Padoin T\u00edtulo: Moab Caldas: discursos que rompem os sil\u00eancios na Tribuna Sul Rio-Grandense (1958-1966)Autor(a): Gilvan Silveira Moraes\u00a0Orientador(a):\u00a0J\u00falio Ricardo Quevedo dos Santos T\u00edtulo: A [&hellip;]<\/p>\n","protected":false},"author":115,"featured_media":0,"parent":0,"menu_order":0,"comment_status":"closed","ping_status":"closed","template":"","meta":{"footnotes":""},"categories":[],"tags":[],"class_list":["post-178","page","type-page","status-publish","hentry"],"acf":[],"_links":{"self":[{"href":"https:\/\/www.ufsm.br\/cursos\/pos-graduacao\/santa-maria\/ppgh\/wp-json\/wp\/v2\/pages\/178","targetHints":{"allow":["GET"]}}],"collection":[{"href":"https:\/\/www.ufsm.br\/cursos\/pos-graduacao\/santa-maria\/ppgh\/wp-json\/wp\/v2\/pages"}],"about":[{"href":"https:\/\/www.ufsm.br\/cursos\/pos-graduacao\/santa-maria\/ppgh\/wp-json\/wp\/v2\/types\/page"}],"author":[{"embeddable":true,"href":"https:\/\/www.ufsm.br\/cursos\/pos-graduacao\/santa-maria\/ppgh\/wp-json\/wp\/v2\/users\/115"}],"replies":[{"embeddable":true,"href":"https:\/\/www.ufsm.br\/cursos\/pos-graduacao\/santa-maria\/ppgh\/wp-json\/wp\/v2\/comments?post=178"}],"version-history":[{"count":0,"href":"https:\/\/www.ufsm.br\/cursos\/pos-graduacao\/santa-maria\/ppgh\/wp-json\/wp\/v2\/pages\/178\/revisions"}],"wp:attachment":[{"href":"https:\/\/www.ufsm.br\/cursos\/pos-graduacao\/santa-maria\/ppgh\/wp-json\/wp\/v2\/media?parent=178"}],"wp:term":[{"taxonomy":"category","embeddable":true,"href":"https:\/\/www.ufsm.br\/cursos\/pos-graduacao\/santa-maria\/ppgh\/wp-json\/wp\/v2\/categories?post=178"},{"taxonomy":"post_tag","embeddable":true,"href":"https:\/\/www.ufsm.br\/cursos\/pos-graduacao\/santa-maria\/ppgh\/wp-json\/wp\/v2\/tags?post=178"}],"curies":[{"name":"wp","href":"https:\/\/api.w.org\/{rel}","templated":true}]}}