{"id":1451,"date":"2019-10-21T15:24:04","date_gmt":"2019-10-21T18:24:04","guid":{"rendered":"https:\/\/www.ufsm.br\/cursos\/pos-graduacao\/santa-maria\/ppgletras\/?page_id=1451"},"modified":"2025-08-18T14:42:52","modified_gmt":"2025-08-18T17:42:52","slug":"legislacao-2","status":"publish","type":"page","link":"https:\/\/www.ufsm.br\/cursos\/pos-graduacao\/santa-maria\/ppgletras\/legislacao-2","title":{"rendered":"Legisla\u00e7\u00e3o"},"content":{"rendered":"\t\t<div data-elementor-type=\"wp-page\" data-elementor-id=\"1451\" class=\"elementor elementor-1451\">\n\t\t\t\t\t\t<section class=\"elementor-section elementor-top-section elementor-element elementor-element-8b2b450 elementor-section-boxed elementor-section-height-default elementor-section-height-default\" data-id=\"8b2b450\" data-element_type=\"section\">\n\t\t\t\t\t\t<div class=\"elementor-container elementor-column-gap-default\">\n\t\t\t\t\t<div class=\"elementor-column elementor-col-100 elementor-top-column elementor-element elementor-element-84716f4\" data-id=\"84716f4\" data-element_type=\"column\">\n\t\t\t<div class=\"elementor-widget-wrap elementor-element-populated\">\n\t\t\t\t\t\t<div class=\"elementor-element elementor-element-df0e45a elementor-widget elementor-widget-text-editor\" data-id=\"df0e45a\" data-element_type=\"widget\" data-widget_type=\"text-editor.default\">\n\t\t\t\t<div class=\"elementor-widget-container\">\n\t\t\t\t\t\t\t<ul>\n<li><a href=\"https:\/\/www.ufsm.br\/cursos\/pos-graduacao\/santa-maria\/ppgletras\/wp-content\/uploads\/sites\/559\/2019\/04\/REGULAMENTO_PPGL_UFSM-1.pdf\" target=\"_blank\" rel=\"noopener\">&nbsp;Regulamento do Programa de P\u00f3s-Gradua\u00e7\u00e3o em Letras &#8211; Com ingresso at\u00e9 13 de abril de 2025&nbsp;<\/a><\/li>\n<li><a href=\"https:\/\/www.ufsm.br\/app\/uploads\/sites\/559\/2025\/05\/REGULAMENTO-DO-PPG-LETRAS-UFSM-INGRESSO-A-PARTIR-DE-14-04-2025-ANEXO_PNOR_004_2025-REGULAMENTO-INTERNO-DO-PROGRAMA-DE-POS-GRADUACAO-EM-LETRAS-DA-UFSM-3.pdf\">&nbsp;Regulamento do Programa de P\u00f3s-Gradua\u00e7\u00e3o em Letras &#8211; Com ingresso a partir de 14 de abril de 2025<\/a><\/li>\n<li><a href=\"https:\/\/www.ufsm.br\/app\/uploads\/sites\/559\/2025\/05\/REGULAMENTO-GERAL-DA-PRPGP-UFSM-RES_UFSM_2023_139_ANEXO_I_Regulamento-Geral-PG-Stricto-Sensu-UFSM-2023-1.pdf\">&nbsp;Regulamento Geral da P\u00f3s Gradua\u00e7\u00e3o Strictu Sensu da UFSM&nbsp;<\/a><\/li>\n<li><a href=\"https:\/\/www.ufsm.br\/app\/uploads\/sites\/559\/2025\/05\/DOCUMENTO-DE-AREA-LINGUISTICA_LITERATURA_DOC_AREA_2025_2028-1_compressed.pdf\">&nbsp;Documento de \u00c1rea&nbsp; Lingu\u00edstica e Literatura<\/a><\/li>\n<li>&nbsp;<a href=\"https:\/\/www.ufsm.br\/app\/uploads\/sites\/559\/2025\/05\/FICHA-DE-AVALIACAO-LINGUISTICA_LITERATURA_FICHA_2025_2028-1_compressed.pdf\">Ficha de Avalia\u00e7\u00e3o Lingu\u00edstica e Literatura<\/a><\/li>\n<li><a href=\"https:\/\/www.ufsm.br\/cursos\/pos-graduacao\/santa-maria\/ppgletras\/wp-content\/uploads\/sites\/559\/2019\/04\/Normas.Elei%C3%A7%C3%A3o.Coordenador.final_.2016-1.pdf\" target=\"_blank\" rel=\"noopener\">&nbsp;Normas para processo de escolha do coordenador e do coordenador substituto do PPGL UFSM (arquivo pdf, 7 MB)<\/a><\/li><li>&nbsp;<a href=\"https:\/\/www.ufsm.br\/app\/uploads\/sites\/559\/2025\/08\/POLITICA-DE-CREDENCIAMENTO-E-RECREDENCIAMENTO-DO-PPG-LETRAS-DA-UFSM.pdf\" target=\"_blank\" rel=\"noopener\" style=\"font-size: 16px\">Pol\u00edtica de Credenciamento e Recredenciamento do Programa de P\u00f3s-Gradua\u00e7\u00e3o em LETRAS da UFSM<\/a><\/li>\n<li>&nbsp;<a href=\"https:\/\/www.ufsm.br\/cursos\/pos-graduacao\/santa-maria\/ppgletras\/wp-content\/uploads\/sites\/559\/2019\/04\/Pol%C3%ADtica_de_Bolsas_do_PPGL_2019.pdf\">Pol\u00edtica de Bolsas do PPGL (aprovada em 19 de fevereiro de 2019)<\/a><\/li>\n<li>&nbsp;<a href=\"https:\/\/www.ufsm.br\/app\/uploads\/sites\/559\/2023\/12\/POLITICA-DE-BOLSAS-DO-PPGL.pdf\">Pol\u00edtica de Bolsas do PPGL (aprovada em 21 de novembro de 2023)<\/a><\/li>\n<li>\n<p style=\"margin-top: 0pt;margin-bottom: 10pt;border: none\"><span style=\"font-family: 'Arial';font-size: 11pt;color: #000000\">&nbsp;Normas para Credenciamento, Recredenciamento e Descredenciamento de Docentes do PPGL<\/span><\/p>\n<\/li>\n<\/ul>\t\t\t\t\t\t<\/div>\n\t\t\t\t<\/div>\n\t\t\t\t\t<\/div>\n\t\t<\/div>\n\t\t\t\t\t<\/div>\n\t\t<\/section>\n\t\t\t\t<\/div>\n\t\t","protected":false},"excerpt":{"rendered":"<p>&nbsp;Regulamento do Programa de P\u00f3s-Gradua\u00e7\u00e3o em Letras &#8211; Com ingresso at\u00e9 13 de abril de 2025&nbsp; &nbsp;Regulamento do Programa de P\u00f3s-Gradua\u00e7\u00e3o em Letras &#8211; Com ingresso a partir de 14 de abril de 2025 &nbsp;Regulamento Geral da P\u00f3s Gradua\u00e7\u00e3o Strictu Sensu da UFSM&nbsp; &nbsp;Documento de \u00c1rea&nbsp; Lingu\u00edstica e Literatura &nbsp;Ficha de Avalia\u00e7\u00e3o Lingu\u00edstica e Literatura [&hellip;]<\/p>\n","protected":false},"author":919,"featured_media":0,"parent":0,"menu_order":0,"comment_status":"closed","ping_status":"closed","template":"","meta":{"footnotes":""},"categories":[],"tags":[],"class_list":["post-1451","page","type-page","status-publish","hentry"],"acf":[],"_links":{"self":[{"href":"https:\/\/www.ufsm.br\/cursos\/pos-graduacao\/santa-maria\/ppgletras\/wp-json\/wp\/v2\/pages\/1451","targetHints":{"allow":["GET"]}}],"collection":[{"href":"https:\/\/www.ufsm.br\/cursos\/pos-graduacao\/santa-maria\/ppgletras\/wp-json\/wp\/v2\/pages"}],"about":[{"href":"https:\/\/www.ufsm.br\/cursos\/pos-graduacao\/santa-maria\/ppgletras\/wp-json\/wp\/v2\/types\/page"}],"author":[{"embeddable":true,"href":"https:\/\/www.ufsm.br\/cursos\/pos-graduacao\/santa-maria\/ppgletras\/wp-json\/wp\/v2\/users\/919"}],"replies":[{"embeddable":true,"href":"https:\/\/www.ufsm.br\/cursos\/pos-graduacao\/santa-maria\/ppgletras\/wp-json\/wp\/v2\/comments?post=1451"}],"version-history":[{"count":0,"href":"https:\/\/www.ufsm.br\/cursos\/pos-graduacao\/santa-maria\/ppgletras\/wp-json\/wp\/v2\/pages\/1451\/revisions"}],"wp:attachment":[{"href":"https:\/\/www.ufsm.br\/cursos\/pos-graduacao\/santa-maria\/ppgletras\/wp-json\/wp\/v2\/media?parent=1451"}],"wp:term":[{"taxonomy":"category","embeddable":true,"href":"https:\/\/www.ufsm.br\/cursos\/pos-graduacao\/santa-maria\/ppgletras\/wp-json\/wp\/v2\/categories?post=1451"},{"taxonomy":"post_tag","embeddable":true,"href":"https:\/\/www.ufsm.br\/cursos\/pos-graduacao\/santa-maria\/ppgletras\/wp-json\/wp\/v2\/tags?post=1451"}],"curies":[{"name":"wp","href":"https:\/\/api.w.org\/{rel}","templated":true}]}}