{"id":216,"date":"2017-06-05T16:43:14","date_gmt":"2017-06-05T19:43:14","guid":{"rendered":"https:\/\/www.ufsm.br\/cursos\/pos-graduacao\/santa-maria\/ppgmat\/?post_type=eventos&#038;p=216"},"modified":"2019-03-06T16:56:05","modified_gmt":"2019-03-06T19:56:05","slug":"jmma-iii","status":"publish","type":"eventos","link":"https:\/\/www.ufsm.br\/cursos\/pos-graduacao\/santa-maria\/ppgmat\/eventos\/jmma-iii","parent":0,"template":"","tags":[],"class_list":["post-216","eventos","type-eventos","status-publish","has-post-thumbnail","hentry"],"acf":{"evento_nome":" III Jornada em Matem\u00e1tica e Matem\u00e1tica Aplicada","evento_inicio":"05\/06\/2017 00:00","evento_termino":"07\/06\/2017 00:00","evento_banner":{"ID":220,"id":220,"title":"CartazFinalizado","filename":"CartazFinalizado.jpg","filesize":119675,"url":"https:\/\/www.ufsm.br\/app\/uploads\/sites\/540\/2019\/03\/CartazFinalizado.jpg","link":"https:\/\/www.ufsm.br\/cursos\/pos-graduacao\/santa-maria\/ppgmat\/eventos\/jmma-iii\/cartazfinalizado","alt":"","author":"117","description":"","caption":"","name":"cartazfinalizado","status":"inherit","uploaded_to":216,"date":"2019-03-06 19:52:34","modified":"2019-03-06 19:52:34","menu_order":0,"mime_type":"image\/jpeg","type":"image","subtype":"jpeg","icon":"https:\/\/www.ufsm.br\/cursos\/pos-graduacao\/santa-maria\/ppgmat\/wp-includes\/images\/media\/default.png","width":1920,"height":620,"sizes":{"thumbnail":"https:\/\/www.ufsm.br\/app\/uploads\/sites\/540\/2019\/03\/CartazFinalizado-150x150.jpg","thumbnail-width":150,"thumbnail-height":150,"medium":"https:\/\/www.ufsm.br\/app\/uploads\/sites\/540\/2019\/03\/CartazFinalizado-300x97.jpg","medium-width":300,"medium-height":97,"medium_large":"https:\/\/www.ufsm.br\/app\/uploads\/sites\/540\/2019\/03\/CartazFinalizado-768x248.jpg","medium_large-width":768,"medium_large-height":248,"large":"https:\/\/www.ufsm.br\/app\/uploads\/sites\/540\/2019\/03\/CartazFinalizado-1024x331.jpg","large-width":1024,"large-height":331,"1536x1536":"https:\/\/www.ufsm.br\/app\/uploads\/sites\/540\/2019\/03\/CartazFinalizado.jpg","1536x1536-width":1536,"1536x1536-height":496,"2048x2048":"https:\/\/www.ufsm.br\/app\/uploads\/sites\/540\/2019\/03\/CartazFinalizado.jpg","2048x2048-width":1920,"2048x2048-height":620,"sow-carousel-default":"https:\/\/www.ufsm.br\/app\/uploads\/sites\/540\/2019\/03\/CartazFinalizado-272x182.jpg","sow-carousel-default-width":272,"sow-carousel-default-height":182}},"endereco_url":"jmma-iii","evento_categoria":"T\u00c9CNICO-CIENT\u00cdFICOS","evento_descricao":"<p>A\u00a0\u00a0<strong>III JMMA<\/strong>\u00a0visa proporcionar uma oportunidade para os estudantes de gradua\u00e7\u00e3o e p\u00f3s-gradua\u00e7\u00e3o ampliarem seus conhecimentos em alguns t\u00f3picos relevantes de pesqu<span class=\"text_exposed_show\">isa em Matem\u00e1tica e Matem\u00e1tica Aplicada.<br \/>\nDurante a jornada, alunos de Gradua\u00e7\u00e3o em Matem\u00e1tica da regi\u00e3o Sul poder\u00e3o analisar as propostas do PPGMat-UFSM , assim como os alunos do Ensino M\u00e9dio conhecer\u00e3o um pouco mais sobre curso de gradua\u00e7\u00e3o em Matem\u00e1tica, oferecido pela Universidade Federal de Santa Maria (UFSM).<\/span><\/p>\n<p><img fetchpriority=\"high\" decoding=\"async\" class=\"alignnone size-medium wp-image-222\" src=\"https:\/\/www.ufsm.br\/cursos\/pos-graduacao\/santa-maria\/ppgmat\/wp-content\/uploads\/sites\/540\/2019\/03\/CartazFinalizado-2-212x300.jpg\" alt=\"\" width=\"212\" height=\"300\" srcset=\"https:\/\/www.ufsm.br\/app\/uploads\/sites\/540\/2019\/03\/CartazFinalizado-2-212x300.jpg 212w, https:\/\/www.ufsm.br\/app\/uploads\/sites\/540\/2019\/03\/CartazFinalizado-2-768x1086.jpg 768w, https:\/\/www.ufsm.br\/app\/uploads\/sites\/540\/2019\/03\/CartazFinalizado-2-724x1024.jpg 724w, https:\/\/www.ufsm.br\/app\/uploads\/sites\/540\/2019\/03\/CartazFinalizado-2.jpg 1920w\" sizes=\"(max-width: 212px) 100vw, 212px\" \/><\/p>\n","evento_programacao":"<p>Far\u00e3o parte da programa\u00e7\u00e3o do III JMMA:<\/p>\n<p>\u00b7 palestras sobre t\u00f3picos de pesquisa em Matem\u00e1tica e Matem\u00e1tica Aplicada;<br \/>\n\u00b7 minicursos para alunos de p\u00f3s-gradua\u00e7\u00e3o ou em fase final de gradua\u00e7\u00e3o;<br \/>\n\u00b7 mostra de trabalhos de alunos de P\u00f3s-Gradua\u00e7\u00e3o e de Gradua\u00e7\u00e3o;<br \/>\n\u00b7 palestras para alunos do Ensino M\u00e9dio.<\/p>\n<p><strong>Baixe a<\/strong>\u00a0<a href=\"https:\/\/www.ufsm.br\/cursos\/pos-graduacao\/santa-maria\/ppgmat\/wp-content\/uploads\/sites\/540\/2019\/03\/ProgramaoJornada.pdf\">Programa\u00e7\u00e3o da Jornada<\/a><\/p>\n","evento_inscricao":"<p><strong>Baixe o arquivo para a <a href=\"https:\/\/www.ufsm.br\/cursos\/pos-graduacao\/santa-maria\/ppgmat\/wp-content\/uploads\/sites\/540\/2019\/03\/FichaInscricao2.doc\">FICHA DE INSCRI\u00c7\u00c3O<\/a> e o <a href=\"https:\/\/www.ufsm.br\/cursos\/pos-graduacao\/santa-maria\/ppgmat\/wp-content\/uploads\/sites\/540\/2019\/03\/templateJMMA.pdf\">template do RESUMO<\/a>.<\/strong><\/p>\n","evento_local":"UFSM - Universidade Federal de Santa Maria","evento_contato":"<p><img decoding=\"async\" class=\"alignnone size-medium wp-image-221\" src=\"https:\/\/www.ufsm.br\/cursos\/pos-graduacao\/santa-maria\/ppgmat\/wp-content\/uploads\/sites\/540\/2019\/03\/CartazFinalizado-1-300x61.jpg\" alt=\"\" width=\"300\" height=\"61\" srcset=\"https:\/\/www.ufsm.br\/app\/uploads\/sites\/540\/2019\/03\/CartazFinalizado-1-300x61.jpg 300w, https:\/\/www.ufsm.br\/app\/uploads\/sites\/540\/2019\/03\/CartazFinalizado-1-768x157.jpg 768w, https:\/\/www.ufsm.br\/app\/uploads\/sites\/540\/2019\/03\/CartazFinalizado-1-1024x210.jpg 1024w, https:\/\/www.ufsm.br\/app\/uploads\/sites\/540\/2019\/03\/CartazFinalizado-1.jpg 1920w\" sizes=\"(max-width: 300px) 100vw, 300px\" \/><\/p>\n"},"_links":{"self":[{"href":"https:\/\/www.ufsm.br\/cursos\/pos-graduacao\/santa-maria\/ppgmat\/wp-json\/wp\/v2\/eventos\/216","targetHints":{"allow":["GET"]}}],"collection":[{"href":"https:\/\/www.ufsm.br\/cursos\/pos-graduacao\/santa-maria\/ppgmat\/wp-json\/wp\/v2\/eventos"}],"about":[{"href":"https:\/\/www.ufsm.br\/cursos\/pos-graduacao\/santa-maria\/ppgmat\/wp-json\/wp\/v2\/types\/eventos"}],"wp:featuredmedia":[{"embeddable":true,"href":"https:\/\/www.ufsm.br\/cursos\/pos-graduacao\/santa-maria\/ppgmat\/wp-json\/wp\/v2\/media\/220"}],"wp:attachment":[{"href":"https:\/\/www.ufsm.br\/cursos\/pos-graduacao\/santa-maria\/ppgmat\/wp-json\/wp\/v2\/media?parent=216"}],"wp:term":[{"taxonomy":"post_tag","embeddable":true,"href":"https:\/\/www.ufsm.br\/cursos\/pos-graduacao\/santa-maria\/ppgmat\/wp-json\/wp\/v2\/tags?post=216"}],"curies":[{"name":"wp","href":"https:\/\/api.w.org\/{rel}","templated":true}]}}

III Jornada em Matemática e Matemática Aplicada

TÉCNICO-CIENTÍFICOS

<p>A  <strong>III JMMA</strong> visa proporcionar uma oportunidade para os estudantes de graduação e pós-graduação ampliarem seus conhecimentos em alguns tópicos relevantes de pesqu<span class="text_exposed_show">isa em Matemática e Matemática Aplicada.<br />
Durante a jornada, alunos de Graduação em Matemática da região Sul poderão analisar as propostas do PPGMat-UFSM , assim como os alunos do Ensino Médio conhecerão um pouco mais sobre curso de graduação em Matemática, oferecido pela Universidade Federal de Santa Maria (UFSM).</span></p>
<p><img fetchpriority="high" decoding="async" class="alignnone size-medium wp-image-222" src="https://www.ufsm.br/cursos/pos-graduacao/santa-maria/ppgmat/wp-content/uploads/sites/540/2019/03/CartazFinalizado-2-212x300.jpg" alt="" width="212" height="300" srcset="https://www.ufsm.br/app/uploads/sites/540/2019/03/CartazFinalizado-2-212x300.jpg 212w, https://www.ufsm.br/app/uploads/sites/540/2019/03/CartazFinalizado-2-768x1086.jpg 768w, https://www.ufsm.br/app/uploads/sites/540/2019/03/CartazFinalizado-2-724x1024.jpg 724w, https://www.ufsm.br/app/uploads/sites/540/2019/03/CartazFinalizado-2.jpg 1920w" sizes="(max-width: 212px) 100vw, 212px" /></p>

<p>Farão parte da programação do III JMMA:</p>
<p>· palestras sobre tópicos de pesquisa em Matemática e Matemática Aplicada;<br />
· minicursos para alunos de pós-graduação ou em fase final de graduação;<br />
· mostra de trabalhos de alunos de Pós-Graduação e de Graduação;<br />
· palestras para alunos do Ensino Médio.</p>
<p><strong>Baixe a</strong> <a href="https://www.ufsm.br/cursos/pos-graduacao/santa-maria/ppgmat/wp-content/uploads/sites/540/2019/03/ProgramaoJornada.pdf">Programação da Jornada</a></p>

<p><strong>Baixe o arquivo para a <a href="https://www.ufsm.br/cursos/pos-graduacao/santa-maria/ppgmat/wp-content/uploads/sites/540/2019/03/FichaInscricao2.doc">FICHA DE INSCRIÇÃO</a> e o <a href="https://www.ufsm.br/cursos/pos-graduacao/santa-maria/ppgmat/wp-content/uploads/sites/540/2019/03/templateJMMA.pdf">template do RESUMO</a>.</strong></p>
