{"id":179,"date":"2019-03-29T15:30:51","date_gmt":"2019-03-29T18:30:51","guid":{"rendered":"https:\/\/www.ufsm.br\/cursos\/pos-graduacao\/santa-maria\/ppgmet\/?page_id=179"},"modified":"2020-08-24T21:24:17","modified_gmt":"2020-08-25T00:24:17","slug":"mestrado-e-doutorado","status":"publish","type":"page","link":"https:\/\/www.ufsm.br\/cursos\/pos-graduacao\/santa-maria\/ppgmet\/mestrado-e-doutorado","title":{"rendered":"Mestrado e Doutorado"},"content":{"rendered":"\n<p>O ingresso no PPGMet acontece via sele\u00e7\u00e3o p\u00fablica divulgada por edital da UFSM. No momento nenhum processo seletivo est\u00e1 aberto. Editais de sele\u00e7\u00f5es anteriores podem ser encontrados atrav\u00e9s da sess\u00e3o de editais, dispon\u00edvel na p\u00e1gina inicial do Portal da <a href=\"http:\/\/www.ufsm.br\" target=\"_blank\" rel=\"noopener noreferrer\">UFSM<\/a> ou diretamente por <a href=\"http:\/\/www.ufsm.br\/editais\" target=\"_blank\" rel=\"noopener noreferrer\">http:\/\/www.ufsm.br\/editais<\/a>.<\/p>\n<p>\u00a0<\/p>\n","protected":false},"excerpt":{"rendered":"<p>O ingresso no PPGMet acontece via sele\u00e7\u00e3o p\u00fablica divulgada por edital da UFSM. No momento nenhum processo seletivo est\u00e1 aberto. Editais de sele\u00e7\u00f5es anteriores podem ser encontrados atrav\u00e9s da sess\u00e3o de editais, dispon\u00edvel na p\u00e1gina inicial do Portal da UFSM ou diretamente por http:\/\/www.ufsm.br\/editais. \u00a0<\/p>\n","protected":false},"author":723,"featured_media":0,"parent":0,"menu_order":0,"comment_status":"closed","ping_status":"closed","template":"","meta":{"footnotes":""},"categories":[],"tags":[],"class_list":["post-179","page","type-page","status-publish","hentry"],"acf":[],"_links":{"self":[{"href":"https:\/\/www.ufsm.br\/cursos\/pos-graduacao\/santa-maria\/ppgmet\/wp-json\/wp\/v2\/pages\/179","targetHints":{"allow":["GET"]}}],"collection":[{"href":"https:\/\/www.ufsm.br\/cursos\/pos-graduacao\/santa-maria\/ppgmet\/wp-json\/wp\/v2\/pages"}],"about":[{"href":"https:\/\/www.ufsm.br\/cursos\/pos-graduacao\/santa-maria\/ppgmet\/wp-json\/wp\/v2\/types\/page"}],"author":[{"embeddable":true,"href":"https:\/\/www.ufsm.br\/cursos\/pos-graduacao\/santa-maria\/ppgmet\/wp-json\/wp\/v2\/users\/723"}],"replies":[{"embeddable":true,"href":"https:\/\/www.ufsm.br\/cursos\/pos-graduacao\/santa-maria\/ppgmet\/wp-json\/wp\/v2\/comments?post=179"}],"version-history":[{"count":0,"href":"https:\/\/www.ufsm.br\/cursos\/pos-graduacao\/santa-maria\/ppgmet\/wp-json\/wp\/v2\/pages\/179\/revisions"}],"wp:attachment":[{"href":"https:\/\/www.ufsm.br\/cursos\/pos-graduacao\/santa-maria\/ppgmet\/wp-json\/wp\/v2\/media?parent=179"}],"wp:term":[{"taxonomy":"category","embeddable":true,"href":"https:\/\/www.ufsm.br\/cursos\/pos-graduacao\/santa-maria\/ppgmet\/wp-json\/wp\/v2\/categories?post=179"},{"taxonomy":"post_tag","embeddable":true,"href":"https:\/\/www.ufsm.br\/cursos\/pos-graduacao\/santa-maria\/ppgmet\/wp-json\/wp\/v2\/tags?post=179"}],"curies":[{"name":"wp","href":"https:\/\/api.w.org\/{rel}","templated":true}]}}