{"id":241,"date":"2019-04-02T13:56:18","date_gmt":"2019-04-02T16:56:18","guid":{"rendered":"https:\/\/www.ufsm.br\/cursos\/pos-graduacao\/santa-maria\/ppgmet\/?page_id=241"},"modified":"2021-09-29T15:08:19","modified_gmt":"2021-09-29T18:08:19","slug":"coordenacao-e-secretaria","status":"publish","type":"page","link":"https:\/\/www.ufsm.br\/cursos\/pos-graduacao\/santa-maria\/ppgmet\/coordenacao-e-secretaria","title":{"rendered":"Coordena\u00e7\u00e3o e Secretaria"},"content":{"rendered":"\n<div class=\"page-header\">\n<h4><strong>Coordena\u00e7\u00e3o<\/strong><\/h4>\n<\/div>\n<p><strong>Gest\u00e3o 2021 &#8211; 2022<\/strong><\/p>\n<table style=\"border-collapse: collapse;width: 100%;height: 151px\">\n<tbody>\n<tr style=\"height: 151px\">\n<td style=\"width: 45.3154%;height: 151px\">\n<p>Coordenador:<\/p>\n<p>Prof\u00aa. Damaris Kirsch Pinheiro<\/p>\n<p><a href=\"http:\/\/lattes.cnpq.br\/9528588455662843\">Curr\u00edculo Lattes<\/a><\/p>\n<\/td>\n<td style=\"width: 7.00374%\">\n<p>\u00a0<\/p>\n<\/td>\n<td style=\"width: 47.6809%;height: 151px\">\n<p>Coord. Substituto:<\/p>\n<p>Prof. Vagner Anabor<\/p>\n<p><a href=\"http:\/\/lattes.cnpq.br\/5770274675104746\">Curr\u00edculo Lattes<\/a><\/p>\n<\/td>\n<\/tr>\n<\/tbody>\n<\/table>\n<div>\n<p>\u00a0<\/p>\n<p><strong>Gest\u00e3o 2019 &#8211; 2020<\/strong><\/p>\n<table style=\"border-collapse: collapse;width: 100%\">\n<tbody>\n<tr>\n<td style=\"width: 45.2226%\">\n<p>Coordenador:<\/p>\n<p>Prof. Ot\u00e1vio Costa Acevedo<\/p>\n<p><a href=\"http:\/\/buscatextual.cnpq.br\/buscatextual\/visualizacv.do?id=K4796988J8\">Curr\u00edculo Lattes<\/a><\/p>\n<\/td>\n<td style=\"width: 7.00367%\">\n<p>\u00a0<\/p>\n<\/td>\n<td style=\"width: 47.7737%\">\n<p>Coord. Substituto:<\/p>\n<p>Prof. Vagner Anabor<\/p>\n<p><a href=\"http:\/\/lattes.cnpq.br\/5770274675104746\">Curr\u00edculo Lattes<\/a><\/p>\n<\/td>\n<\/tr>\n<\/tbody>\n<\/table>\n<p><strong>\u00a0<\/strong><\/p>\n<p><strong>Gest\u00e3o 2018 &#8211; 2019<\/strong><\/p>\n<table style=\"width: 100%\" border=\"0\">\n<tbody>\n<tr>\n<td style=\"width: 44.7637%\">\n<p>Coordenador:<\/p>\n<p>Prof. Franciano Scremin Puhales<\/p>\n<p><a href=\"http:\/\/buscatextual.cnpq.br\/buscatextual\/visualizacv.do?id=K4710016J4\">Curr\u00edculo Lattes<\/a><\/p>\n<\/td>\n<td style=\"width: 6.95088%\">\u00a0 \u00a0 \u00a0\u00a0<\/td>\n<td style=\"width: 47.3587%\">\n<p>Coord. Substituto:<\/p>\n<p>Prof. Ot\u00e1vio Costa Acevedo<\/p>\n<p><a href=\"http:\/\/buscatextual.cnpq.br\/buscatextual\/visualizacv.do?id=K4796988J8\">Curr\u00edculo Lattes<\/a><\/p>\n<\/td>\n<\/tr>\n<\/tbody>\n<\/table>\n<\/div>\n<p>\u00a0<\/p>\n<p><strong>Gest\u00e3o 2016 &#8211; 2017<\/strong><\/p>\n<table border=\"0\">\n<tbody>\n<tr>\n<td>\n<p>Coordenadora:<\/p>\n<p>Profa. D\u00e9bora Regina Roberti<\/p>\n<p><a href=\"http:\/\/buscatextual.cnpq.br\/buscatextual\/visualizacv.do?id=K4768250T6\">Curr\u00edculo Lattes<\/a><\/p>\n<\/td>\n<td>\u00a0 \u00a0 \u00a0\u00a0<\/td>\n<td>\n<p>Coord. Substituto:<\/p>\n<p>Prof. Hans Rog\u00e9rio Zimermann<\/p>\n<p><a href=\"http:\/\/buscatextual.cnpq.br\/buscatextual\/visualizacv.do?id=K4737776H0\">Curr\u00edculo Lattes<\/a><\/p>\n<\/td>\n<\/tr>\n<\/tbody>\n<\/table>\n<p>\u00a0<\/p>\n<h4><strong>Secretaria<\/strong><\/h4>\n<p><strong>2019 &#8211; 2021<\/strong><\/p>\n<table style=\"border-collapse: collapse;width: 52.3172%;height: 23px\">\n<tbody>\n<tr style=\"height: 23px\">\n<td style=\"width: 100%;height: 23px\">Christian Vargas Dias<\/td>\n<\/tr>\n<\/tbody>\n<\/table>\n<p>\u00a0<\/p>\n<p><strong>2017 &#8211; 2019<\/strong><\/p>\n<table style=\"width: 562px\">\n<tbody>\n<tr>\n<td style=\"width: 556px\">\n<p>Josu\u00e9 Miguel Sehnem<\/p>\n<\/td>\n<\/tr>\n<\/tbody>\n<\/table>\n<p>\u00a0<\/p>\n<p><strong>2015 &#8211; 2016<\/strong><\/p>\n<table>\n<tbody>\n<tr>\n<td>\n<p>Odone R. Denardin\u00a0<\/p>\n<\/td>\n<\/tr>\n<\/tbody>\n<\/table>\n","protected":false},"excerpt":{"rendered":"<p>Coordena\u00e7\u00e3o Gest\u00e3o 2021 &#8211; 2022 Coordenador: Prof\u00aa. Damaris Kirsch Pinheiro Curr\u00edculo Lattes \u00a0 Coord. Substituto: Prof. Vagner Anabor Curr\u00edculo Lattes \u00a0 Gest\u00e3o 2019 &#8211; 2020 Coordenador: Prof. Ot\u00e1vio Costa Acevedo Curr\u00edculo Lattes \u00a0 Coord. Substituto: Prof. Vagner Anabor Curr\u00edculo Lattes \u00a0 Gest\u00e3o 2018 &#8211; 2019 Coordenador: Prof. Franciano Scremin Puhales Curr\u00edculo Lattes \u00a0 \u00a0 \u00a0\u00a0 [&hellip;]<\/p>\n","protected":false},"author":723,"featured_media":0,"parent":0,"menu_order":0,"comment_status":"closed","ping_status":"closed","template":"","meta":{"footnotes":""},"categories":[],"tags":[],"class_list":["post-241","page","type-page","status-publish","hentry"],"acf":[],"_links":{"self":[{"href":"https:\/\/www.ufsm.br\/cursos\/pos-graduacao\/santa-maria\/ppgmet\/wp-json\/wp\/v2\/pages\/241","targetHints":{"allow":["GET"]}}],"collection":[{"href":"https:\/\/www.ufsm.br\/cursos\/pos-graduacao\/santa-maria\/ppgmet\/wp-json\/wp\/v2\/pages"}],"about":[{"href":"https:\/\/www.ufsm.br\/cursos\/pos-graduacao\/santa-maria\/ppgmet\/wp-json\/wp\/v2\/types\/page"}],"author":[{"embeddable":true,"href":"https:\/\/www.ufsm.br\/cursos\/pos-graduacao\/santa-maria\/ppgmet\/wp-json\/wp\/v2\/users\/723"}],"replies":[{"embeddable":true,"href":"https:\/\/www.ufsm.br\/cursos\/pos-graduacao\/santa-maria\/ppgmet\/wp-json\/wp\/v2\/comments?post=241"}],"version-history":[{"count":0,"href":"https:\/\/www.ufsm.br\/cursos\/pos-graduacao\/santa-maria\/ppgmet\/wp-json\/wp\/v2\/pages\/241\/revisions"}],"wp:attachment":[{"href":"https:\/\/www.ufsm.br\/cursos\/pos-graduacao\/santa-maria\/ppgmet\/wp-json\/wp\/v2\/media?parent=241"}],"wp:term":[{"taxonomy":"category","embeddable":true,"href":"https:\/\/www.ufsm.br\/cursos\/pos-graduacao\/santa-maria\/ppgmet\/wp-json\/wp\/v2\/categories?post=241"},{"taxonomy":"post_tag","embeddable":true,"href":"https:\/\/www.ufsm.br\/cursos\/pos-graduacao\/santa-maria\/ppgmet\/wp-json\/wp\/v2\/tags?post=241"}],"curies":[{"name":"wp","href":"https:\/\/api.w.org\/{rel}","templated":true}]}}