{"id":198,"date":"2019-04-10T10:09:12","date_gmt":"2019-04-10T13:09:12","guid":{"rendered":"https:\/\/www.ufsm.br\/cursos\/pos-graduacao\/santa-maria\/ppgmv\/?page_id=198"},"modified":"2023-10-31T17:30:56","modified_gmt":"2023-10-31T20:30:56","slug":"docentes","status":"publish","type":"page","link":"https:\/\/www.ufsm.br\/cursos\/pos-graduacao\/santa-maria\/ppgmv\/docentes","title":{"rendered":"Docentes"},"content":{"rendered":"\n<p><strong>ORIENTADORES DE MESTRADO NO PPGMV<\/strong><\/p>\n<table style=\"width: 100%\" width=\"737\">\n<tbody>\n<tr>\n<td style=\"width: 22.5537%\" width=\"200\">\n<p><strong>Professor Orientador<\/strong><\/p>\n<\/td>\n<td style=\"width: 11.2172%\" width=\"93\">\n<p><strong>Titula\u00e7\u00e3o<\/strong><\/p>\n<\/td>\n<td style=\"width: 26.253%\" width=\"234\">\n<p><strong>Linha de pesquisa<\/strong><\/p>\n<\/td>\n<td style=\"width: 38.6635%\" width=\"210\">\n<p><strong>CV<\/strong><\/p>\n<\/td>\n<\/tr>\n<tr>\n<td style=\"width: 22.5537%\" width=\"200\">\n<p>Alexandre Krause<\/p>\n<\/td>\n<td style=\"width: 11.2172%\" width=\"93\">\n<p>Doutor<\/p>\n<\/td>\n<td style=\"width: 26.253%\" width=\"234\">\n<p>Hematologia e bioqu\u00edmica cl\u00ednica veterin\u00e1ria<\/p>\n<\/td>\n<td style=\"width: 38.6635%\" width=\"210\">\n<p>http:\/\/lattes.cnpq.br\/7760558908777387<\/p>\n<\/td>\n<\/tr>\n<tr>\n<td style=\"width: 22.5537%\" width=\"200\">\n<p>Alexandre Mazzanti<\/p>\n<p>Bolsista de Produtividade em Pesquisa 1C<\/p>\n<\/td>\n<td style=\"width: 11.2172%\" width=\"93\">\n<p>Doutor<\/p>\n<\/td>\n<td style=\"width: 26.253%\" width=\"234\">\n<p>M\u00e9todos cl\u00ednicos e cir\u00fargicos no tratamento de doen\u00e7as neurol\u00f3gicas nos animais dom\u00e9sticos<\/p>\n<p>\u00a0<\/p>\n<\/td>\n<td style=\"width: 38.6635%\" width=\"210\">\n<p>http:\/\/lattes.cnpq.br\/3504517995843014<\/p>\n<\/td>\n<\/tr>\n<tr>\n<td style=\"width: 22.5537%\" width=\"200\">\n<p>Alfredo Quites Antoniazzi<\/p>\n<p>Bolsista de Produtividade em Pesquisa 2<\/p>\n<\/td>\n<td style=\"width: 11.2172%\" width=\"93\">\n<p>Doutor<\/p>\n<\/td>\n<td style=\"width: 26.253%\" width=\"234\">\n<p>Fisiologia da Reprodu\u00e7\u00e3o<\/p>\n<p>\u00a0<\/p>\n<\/td>\n<td style=\"width: 38.6635%\" width=\"210\">\n<p>http:\/\/lattes.cnpq.br\/7258679373419746<\/p>\n<\/td>\n<\/tr>\n<tr>\n<td style=\"width: 22.5537%\" width=\"200\">\n<p>Andr\u00e9 Vasconcelos Soares<\/p>\n<\/td>\n<td style=\"width: 11.2172%\" width=\"93\">\n<p>Doutor<\/p>\n<\/td>\n<td style=\"width: 26.253%\" width=\"234\">\n<p>Anestesiologia e terapia intensiva<\/p>\n<p>\u00a0<\/p>\n<\/td>\n<td style=\"width: 38.6635%\" width=\"210\">\n<p>http:\/\/lattes.cnpq.br\/1413221301096456<\/p>\n<\/td>\n<\/tr>\n<tr>\n<td style=\"width: 22.5537%\" width=\"200\">\n<p>Beatriz Perez Floriano<\/p>\n<\/td>\n<td style=\"width: 11.2172%\" width=\"93\">\n<p>Doutor<\/p>\n<\/td>\n<td style=\"width: 26.253%\" width=\"234\">\n<p>Anestesiologia e terapia intensiva<\/p>\n<p>\u00a0<\/p>\n<\/td>\n<td style=\"width: 38.6635%\" width=\"210\">\n<p>http:\/\/lattes.cnpq.br\/4608024523375494<\/p>\n<\/td>\n<\/tr>\n<tr>\n<td style=\"width: 22.5537%\" width=\"200\">\n<p>Carlos Augusto Mallmann<\/p>\n<\/td>\n<td style=\"width: 11.2172%\" width=\"93\">\n<p>Doutor<\/p>\n<\/td>\n<td style=\"width: 26.253%\" width=\"234\">\n<p>Sa\u00fade p\u00fablica, sanidade de alimentos, micotoxinas e micotoxicoses<\/p>\n<\/td>\n<td style=\"width: 38.6635%\" width=\"210\">\n<p>http:\/\/lattes.cnpq.br\/5193771213666058<\/p>\n<\/td>\n<\/tr>\n<tr>\n<td style=\"width: 22.5537%\" width=\"200\">\n<p>Cinthia Melazzo<\/p>\n<p>Bolsista de Produtividade em Pesquisa 1A<\/p>\n<\/td>\n<td style=\"width: 11.2172%\" width=\"93\">\n<p>Doutor<\/p>\n<\/td>\n<td style=\"width: 26.253%\" width=\"234\">\n<p>Estresse oxidativo, hematologia, citologia, hemoparasitas e bioqu\u00edmica cl\u00ednica animal<\/p>\n<\/td>\n<td style=\"width: 38.6635%\" width=\"210\">\n<p>http:\/\/lattes.cnpq.br\/2886709251370905<\/p>\n<\/td>\n<\/tr>\n<tr>\n<td style=\"width: 22.5537%\" width=\"200\">\n<p>Daniel Curvello de Mendon\u00e7a M\u00fcller<\/p>\n<\/td>\n<td style=\"width: 11.2172%\" width=\"93\">\n<p>Doutor<\/p>\n<\/td>\n<td style=\"width: 26.253%\" width=\"234\">\n<p>Cirurgia em pequenos animais<\/p>\n<\/td>\n<td style=\"width: 38.6635%\" width=\"210\">\n<p>http:\/\/lattes.cnpq.br\/9457849435452537<\/p>\n<\/td>\n<\/tr>\n<tr>\n<td style=\"width: 22.5537%\" width=\"200\">\n<p>Diego Vilibaldo Beckmann<\/p>\n<\/td>\n<td style=\"width: 11.2172%\" width=\"93\">\n<p>Doutor<\/p>\n<\/td>\n<td style=\"width: 26.253%\" width=\"234\">\n<p>M\u00e9todos cl\u00ednicos e cir\u00fargicos no tratamento de doen\u00e7as neurol\u00f3gicas nos animais dom\u00e9sticos<\/p>\n<p>\u00a0<\/p>\n<\/td>\n<td style=\"width: 38.6635%\" width=\"210\">\n<p>http:\/\/lattes.cnpq.br\/5625811036384501<\/p>\n<\/td>\n<\/tr>\n<tr>\n<td style=\"width: 22.5537%\" width=\"200\">\n<p>Diego Diel<\/p>\n<\/td>\n<td style=\"width: 11.2172%\" width=\"93\">\n<p>Doutor<\/p>\n<\/td>\n<td style=\"width: 26.253%\" width=\"234\">\n<p>V\u00edrus e doen\u00e7as v\u00edricas de import\u00e2ncia em medicina veterin\u00e1ria<\/p>\n<\/td>\n<td style=\"width: 38.6635%\" width=\"210\">\n<p>http:\/\/lattes.cnpq.br\/0783755116551811<\/p>\n<\/td>\n<\/tr>\n<tr>\n<td style=\"width: 22.5537%\" width=\"200\">\n<p>Eduardo Furtado Flores<\/p>\n<p>Bolsista de Produtividade em Pesquisa 1B<\/p>\n<p>\u00a0<\/p>\n<\/td>\n<td style=\"width: 11.2172%\" width=\"93\">\n<p>PhD<\/p>\n<\/td>\n<td style=\"width: 26.253%\" width=\"234\">\n<p>V\u00edrus e doen\u00e7as v\u00edricas de import\u00e2ncia em medicina veterin\u00e1ria<\/p>\n<\/td>\n<td style=\"width: 38.6635%\" width=\"210\">\n<p>http:\/\/lattes.cnpq.br\/0446078331070694<\/p>\n<\/td>\n<\/tr>\n<tr>\n<td style=\"width: 22.5537%\" width=\"200\">\n<p>Fernanda Silveira Flores Vogel<\/p>\n<p>Bolsista de Produtividade em Pesquisa 1B<\/p>\n<\/td>\n<td style=\"width: 11.2172%\" width=\"93\">\n<p>Doutor<\/p>\n<\/td>\n<td style=\"width: 26.253%\" width=\"234\">\n<p>Parasitoses de import\u00e2ncia em medicina veterin\u00e1ria e resist\u00eancia dos parasitas aos antiparasit\u00e1rios<\/p>\n<\/td>\n<td style=\"width: 38.6635%\" width=\"210\">\n<p>http:\/\/lattes.cnpq.br\/9676833435314493<\/p>\n<\/td>\n<\/tr>\n<tr>\n<td style=\"width: 22.5537%\" width=\"200\">\n<p>Fl\u00e1vio Desessards De La Corte<\/p>\n<\/td>\n<td style=\"width: 11.2172%\" width=\"93\">\n<p>PhD<\/p>\n<\/td>\n<td style=\"width: 26.253%\" width=\"234\">\n<p>Cl\u00ednica e cirurgia de equinos<\/p>\n<\/td>\n<td style=\"width: 38.6635%\" width=\"210\">\n<p>http:\/\/lattes.cnpq.br\/4040388452531898<\/p>\n<\/td>\n<\/tr>\n<tr>\n<td style=\"width: 22.5537%\" width=\"200\">\n<p>Glaucia Denise Kommers<\/p>\n<p>Bolsista de Produtividade em Pesquisa 1D<\/p>\n<\/td>\n<td style=\"width: 11.2172%\" width=\"93\">\n<p>PhD<\/p>\n<\/td>\n<td style=\"width: 26.253%\" width=\"234\">\n<p>Epidemiologia, patog\u00eanese e patologia das doen\u00e7as dos animais<\/p>\n<p>\u00a0<\/p>\n<\/td>\n<td style=\"width: 38.6635%\" width=\"210\">\n<p>http:\/\/lattes.cnpq.br\/5818649889964582<\/p>\n<\/td>\n<\/tr>\n<tr>\n<td style=\"width: 22.5537%\" width=\"200\">\n<p>Helton Fernandes dos Santos<\/p>\n<\/td>\n<td style=\"width: 11.2172%\" width=\"93\">\n<p>Doutor<\/p>\n<\/td>\n<td style=\"width: 26.253%\" width=\"234\">\n<p>Sanidade av\u00edcola, principais doen\u00e7as de aves aplicadas \u00e0 Sa\u00fade \u00danica<\/p>\n<\/td>\n<td style=\"width: 38.6635%\" width=\"210\">\n<p>http:\/\/lattes.cnpq.br\/6201699995834067<\/p>\n<\/td>\n<\/tr>\n<tr>\n<td style=\"width: 22.5537%\" width=\"200\">\n<p>Juliana Felipetto Cargnelutti<\/p>\n<\/td>\n<td style=\"width: 11.2172%\" width=\"93\">\n<p>Doutor<\/p>\n<\/td>\n<td style=\"width: 26.253%\" width=\"234\">\n<p>Doen\u00e7as Bacterianas de import\u00e2ncia em Medicina Veterin\u00e1ria e Resist\u00eancia bacteriana aos antimicrobianos<\/p>\n<\/td>\n<td style=\"width: 38.6635%\" width=\"210\">\n<p>http:\/\/lattes.cnpq.br\/5180338810182471<\/p>\n<\/td>\n<\/tr>\n<tr>\n<td style=\"width: 22.5537%\" width=\"200\">\n<p>Let\u00edcia Trevisan Gressler<\/p>\n<\/td>\n<td style=\"width: 11.2172%\" width=\"93\">\n<p>Doutor<\/p>\n<\/td>\n<td style=\"width: 26.253%\" width=\"234\">\n<p>Patogenia de doen\u00e7as f\u00fangica e bacterianas de import\u00e2ncia em Medicina Veterin\u00e1ria<\/p>\n<p>\u00a0<\/p>\n<\/td>\n<td style=\"width: 38.6635%\" width=\"210\">\n<p>http:\/\/lattes.cnpq.br\/1409234932141454<\/p>\n<\/td>\n<\/tr>\n<tr>\n<td style=\"width: 22.5537%\" width=\"200\">\n<p>Luis Antonio Sangioni<\/p>\n<p>Bolsista de Produtividade em Pesquisa 1D<\/p>\n<\/td>\n<td style=\"width: 11.2172%\" width=\"93\">\n<p>Doutor<\/p>\n<\/td>\n<td style=\"width: 26.253%\" width=\"234\">\n<p>Doen\u00e7as Parasit\u00e1rias de import\u00e2ncia em Medicina Veterin\u00e1ria aplicadas \u00e0 Sa\u00fade \u00danica<\/p>\n<\/td>\n<td style=\"width: 38.6635%\" width=\"210\">\n<p>http:\/\/lattes.cnpq.br\/8056805667740451<\/p>\n<\/td>\n<\/tr>\n<tr>\n<td style=\"width: 22.5537%\" width=\"200\">\n<p>Luis Felipe Dutra Corr\u00eaa<\/p>\n<\/td>\n<td style=\"width: 11.2172%\" width=\"93\">\n<p>Doutor<\/p>\n<\/td>\n<td style=\"width: 26.253%\" width=\"234\">\n<p>Doen\u00e7as dos Anexos oculares, conjuntiva, canal lacrimal e c\u00f3rnea<\/p>\n<\/td>\n<td style=\"width: 38.6635%\" width=\"210\">\n<p>http:\/\/lattes.cnpq.br\/0797454601010224<\/p>\n<\/td>\n<\/tr>\n<tr>\n<td style=\"width: 22.5537%\" width=\"200\">\n<p>Mariana Martins Flores<\/p>\n<p>Bolsista de Produtividade em Pesquisa 2<\/p>\n<\/td>\n<td style=\"width: 11.2172%\" width=\"93\">\n<p>Doutor<\/p>\n<\/td>\n<td style=\"width: 26.253%\" width=\"234\">\n<p>Epidemiologia, patog\u00eanese e patologia das doen\u00e7as dos animais<\/p>\n<p>\u00a0<\/p>\n<\/td>\n<td style=\"width: 38.6635%\" width=\"210\">\n<p>http:\/\/lattes.cnpq.br\/3449955199210548<\/p>\n<\/td>\n<\/tr>\n<tr>\n<td style=\"width: 22.5537%\" width=\"200\">\n<p>Marta Lizandra do R\u00eago Leal<\/p>\n<p>\u00a0<\/p>\n<\/td>\n<td style=\"width: 11.2172%\" width=\"93\">\n<p>Doutor<\/p>\n<\/td>\n<td style=\"width: 26.253%\" width=\"234\">\n<p>Medicina de ruminantes<\/p>\n<\/td>\n<td style=\"width: 38.6635%\" width=\"210\">\n<p>http:\/\/lattes.cnpq.br\/6859797230596402<\/p>\n<\/td>\n<\/tr>\n<tr>\n<td style=\"width: 22.5537%\" width=\"200\">\n<p>Maur\u00edcio Veloso Brun<\/p>\n<p>Bolsista de Produtividade em Pesquisa 1C<\/p>\n<\/td>\n<td style=\"width: 11.2172%\" width=\"93\">\n<p>Doutor<\/p>\n<\/td>\n<td style=\"width: 26.253%\" width=\"234\">\n<p>Cirurgia minimamente invasiva em pequenos animais<\/p>\n<\/td>\n<td style=\"width: 38.6635%\" width=\"210\">\n<p>http:\/\/lattes.cnpq.br\/3913050752928325<\/p>\n<\/td>\n<\/tr>\n<tr>\n<td style=\"width: 22.5537%\" width=\"200\">\n<p>Paulo Bayard Dias Gon\u00e7alves<\/p>\n<p>Bolsista de Produtividade em Pesquisa 1A<\/p>\n<\/td>\n<td style=\"width: 11.2172%\" width=\"93\">\n<p>PhD<\/p>\n<\/td>\n<td style=\"width: 26.253%\" width=\"234\">\n<p>Fisiologia do ciclo estral em bovino e Biot\u00e9cnicas da Reprodu\u00e7\u00e3o Animal<\/p>\n<\/td>\n<td style=\"width: 38.6635%\" width=\"210\">\n<p>http:\/\/lattes.cnpq.br\/5837260966665885<\/p>\n<\/td>\n<\/tr>\n<tr>\n<td style=\"width: 22.5537%\" width=\"200\">\n<p>Rafael Almeida Fighera<\/p>\n<p>Bolsista de Produtividade em Pesquisa 1C<\/p>\n<\/td>\n<td style=\"width: 11.2172%\" width=\"93\">\n<p>Doutor<\/p>\n<\/td>\n<td style=\"width: 26.253%\" width=\"234\">\n<p>Epidemiologia, patog\u00eanese e patologia das doen\u00e7as dos animais<\/p>\n<p>\u00a0<\/p>\n<\/td>\n<td style=\"width: 38.6635%\" width=\"210\">\n<p>http:\/\/lattes.cnpq.br\/6223365736139655<\/p>\n<\/td>\n<\/tr>\n<tr>\n<td style=\"width: 22.5537%\" width=\"200\">\n<p>Ricardo Pozzobon<\/p>\n<\/td>\n<td style=\"width: 11.2172%\" width=\"93\">\n<p>Doutor<\/p>\n<\/td>\n<td style=\"width: 26.253%\" width=\"234\">\n<p>Cl\u00ednica e cirurgia de equinos<\/p>\n<p>\u00a0<\/p>\n<\/td>\n<td style=\"width: 38.6635%\" width=\"210\">\n<p>http:\/\/lattes.cnpq.br\/4294670606057446<\/p>\n<\/td>\n<\/tr>\n<tr>\n<td style=\"width: 22.5537%\" width=\"200\">\n<p>Rudi Weiblen<\/p>\n<p>Bolsista de Produtividade em Pesquisa 1D<\/p>\n<\/td>\n<td style=\"width: 11.2172%\" width=\"93\">\n<p>PhD<\/p>\n<\/td>\n<td style=\"width: 26.253%\" width=\"234\">\n<p>V\u00edrus e doen\u00e7as v\u00edricas de import\u00e2ncia em medicina veterin\u00e1ria<\/p>\n<\/td>\n<td style=\"width: 38.6635%\" width=\"210\">\n<p>http:\/\/lattes.cnpq.br\/7946350215388090<\/p>\n<\/td>\n<\/tr>\n<tr>\n<td style=\"width: 22.5537%\" width=\"200\">\n<p>Saulo Tadeu Lemos Pinto Filho<\/p>\n<\/td>\n<td style=\"width: 11.2172%\" width=\"93\">\n<p>Doutor<\/p>\n<\/td>\n<td style=\"width: 26.253%\" width=\"234\">\n<p>Cl\u00ednica M\u00e9dica de pequenos animais<\/p>\n<\/td>\n<td style=\"width: 38.6635%\" width=\"210\">\n<p>http:\/\/lattes.cnpq.br\/1626744106896196<\/p>\n<\/td>\n<\/tr>\n<tr>\n<td style=\"width: 22.5537%\" width=\"200\">\n<p>S\u00edlvia Gonzalez Monteiro<\/p>\n<p>Bolsista de Produtividade em Pesquisa 1A<\/p>\n<\/td>\n<td style=\"width: 11.2172%\" width=\"93\">\n<p>Doutor<\/p>\n<\/td>\n<td style=\"width: 26.253%\" width=\"234\">\n<p>Parasitologia Veterin\u00e1ria<\/p>\n<\/td>\n<td style=\"width: 38.6635%\" width=\"210\">\n<p>http:\/\/lattes.cnpq.br\/3762606653182779<\/p>\n<\/td>\n<\/tr>\n<tr>\n<td style=\"width: 22.5537%\" width=\"200\">\n<p>S\u00f4nia de Avila Botton<\/p>\n<p>Bolsista de Produtividade em Pesquisa 1D<\/p>\n<\/td>\n<td style=\"width: 11.2172%\" width=\"93\">\n<p>Doutor<\/p>\n<\/td>\n<td style=\"width: 26.253%\" width=\"234\">\n<p>Biosseguran\u00e7a e doen\u00e7as bacterianas e f\u00fangicas de impacto \u00e0 Sa\u00fade \u00danica<\/p>\n<\/td>\n<td style=\"width: 38.6635%\" width=\"210\">\n<p>http:\/\/lattes.cnpq.br\/0814772095155945<\/p>\n<\/td>\n<\/tr>\n<tr>\n<td style=\"width: 22.5537%\" width=\"200\">\n<p>Val\u00e9rio Valdetar Marques Portela Junior<\/p>\n<\/td>\n<td style=\"width: 11.2172%\" width=\"93\">\n<p>Doutor<\/p>\n<\/td>\n<td style=\"width: 26.253%\" width=\"234\">\n<p>Fisiologia do ciclo estral em bovino e ovinos<\/p>\n<\/td>\n<td style=\"width: 38.6635%\" width=\"210\">\n<p>http:\/\/lattes.cnpq.br\/0564876468635367<\/p>\n<\/td>\n<\/tr>\n<tr>\n<td style=\"width: 22.5537%\" width=\"200\">\n<p>Vilceu Bordignon<\/p>\n<\/td>\n<td style=\"width: 11.2172%\" width=\"93\">\n<p>PhD<\/p>\n<\/td>\n<td style=\"width: 26.253%\" width=\"234\">\n<p>Fisiologia do ciclo estral em bovino e Biot\u00e9cnicas da Reprodu\u00e7\u00e3o Animal<\/p>\n<\/td>\n<td style=\"width: 38.6635%\" width=\"210\">\n<p>http:\/\/lattes.cnpq.br\/4122176682347906<\/p>\n<\/td>\n<\/tr>\n<\/tbody>\n<\/table>\n<p>\u00a0<\/p>\n\n\n\n<p><strong>ORIENTADORES DE DOUTORADO NO PPGMV<\/strong><\/p>\n<table width=\"737\">\n<tbody>\n<tr>\n<td width=\"200\">\n<p><strong>Professor Orientador<\/strong><\/p>\n<\/td>\n<td width=\"93\">\n<p><strong>Titula\u00e7\u00e3o<\/strong><\/p>\n<\/td>\n<td width=\"234\">\n<p><strong>Linha de pesquisa<\/strong><\/p>\n<\/td>\n<td width=\"210\">\n<p><strong>CV<\/strong><\/p>\n<\/td>\n<\/tr>\n<tr>\n<td width=\"200\">\n<p>Alexandre Krause<\/p>\n<\/td>\n<td width=\"93\">\n<p>Doutor<\/p>\n<\/td>\n<td width=\"234\">\n<p>Hematologia e bioqu\u00edmica cl\u00ednica veterin\u00e1ria<\/p>\n<\/td>\n<td width=\"210\">\n<p>http:\/\/lattes.cnpq.br\/7760558908777387<\/p>\n<\/td>\n<\/tr>\n<tr>\n<td width=\"200\">\n<p>Alexandre Mazzanti<\/p>\n<p>Bolsista de Produtividade em Pesquisa 1C<\/p>\n<\/td>\n<td width=\"93\">\n<p>Doutor<\/p>\n<\/td>\n<td width=\"234\">\n<p>M\u00e9todos cl\u00ednicos e cir\u00fargicos no tratamento de doen\u00e7as neurol\u00f3gicas nos animais dom\u00e9sticos<\/p>\n<p>\u00a0<\/p>\n<\/td>\n<td width=\"210\">\n<p>http:\/\/lattes.cnpq.br\/3504517995843014<\/p>\n<\/td>\n<\/tr>\n<tr>\n<td width=\"200\">\n<p>Alfredo Quites Antoniazzi<\/p>\n<p>Bolsista de Produtividade em Pesquisa 2<\/p>\n<\/td>\n<td width=\"93\">\n<p>Doutor<\/p>\n<\/td>\n<td width=\"234\">\n<p>Fisiologia da Reprodu\u00e7\u00e3o<\/p>\n<p>\u00a0<\/p>\n<\/td>\n<td width=\"210\">\n<p>http:\/\/lattes.cnpq.br\/7258679373419746<\/p>\n<\/td>\n<\/tr>\n<tr>\n<td width=\"200\">\n<p>Andr\u00e9 Vasconcelos Soares<\/p>\n<\/td>\n<td width=\"93\">\n<p>Doutor<\/p>\n<\/td>\n<td width=\"234\">\n<p>Anestesiologia e terapia intensiva<\/p>\n<p>\u00a0<\/p>\n<\/td>\n<td width=\"210\">\n<p>http:\/\/lattes.cnpq.br\/1413221301096456<\/p>\n<\/td>\n<\/tr>\n<tr>\n<td width=\"200\">\n<p>Carlos Augusto Mallmann<\/p>\n<\/td>\n<td width=\"93\">\n<p>Doutor<\/p>\n<\/td>\n<td width=\"234\">\n<p>Sa\u00fade p\u00fablica, sanidade de alimentos, micotoxinas e micotoxicoses<\/p>\n<\/td>\n<td width=\"210\">\n<p>http:\/\/lattes.cnpq.br\/5193771213666058<\/p>\n<\/td>\n<\/tr>\n<tr>\n<td width=\"200\">\n<p>CinthiaMelazzo<\/p>\n<p>Bolsista de Produtividade em Pesquisa 1A<\/p>\n<\/td>\n<td width=\"93\">\n<p>Doutor<\/p>\n<\/td>\n<td width=\"234\">\n<p>Estresse oxidativo, hematologia, citologia, hemoparasitas e bioqu\u00edmica cl\u00ednica animal<\/p>\n<\/td>\n<td width=\"210\">\n<p>http:\/\/lattes.cnpq.br\/2886709251370905<\/p>\n<\/td>\n<\/tr>\n<tr>\n<td width=\"200\">\n<p>Daniel Curvello de Mendon\u00e7a M\u00fcller<\/p>\n<\/td>\n<td width=\"93\">\n<p>Doutor<\/p>\n<\/td>\n<td width=\"234\">\n<p>Cirurgia em pequenos animais<\/p>\n<\/td>\n<td width=\"210\">\n<p>http:\/\/lattes.cnpq.br\/9457849435452537<\/p>\n<\/td>\n<\/tr>\n<tr>\n<td width=\"200\">\n<p>Diego Diel<\/p>\n<\/td>\n<td width=\"93\">\n<p>Doutor<\/p>\n<\/td>\n<td width=\"234\">\n<p>V\u00edrus e doen\u00e7as v\u00edricas de import\u00e2ncia em medicina veterin\u00e1ria<\/p>\n<\/td>\n<td width=\"210\">\n<p>http:\/\/lattes.cnpq.br\/0783755116551811<\/p>\n<\/td>\n<\/tr>\n<tr>\n<td width=\"200\">\n<p>Eduardo Furtado Flores<\/p>\n<p>Bolsista de Produtividade em Pesquisa 1B<\/p>\n<p>\u00a0<\/p>\n<\/td>\n<td width=\"93\">\n<p>PhD<\/p>\n<\/td>\n<td width=\"234\">\n<p>V\u00edrus e doen\u00e7as v\u00edricas de import\u00e2ncia em medicina veterin\u00e1ria<\/p>\n<\/td>\n<td width=\"210\">\n<p>http:\/\/lattes.cnpq.br\/0446078331070694<\/p>\n<\/td>\n<\/tr>\n<tr>\n<td width=\"200\">\n<p>Fernanda Silveira Flores Vogel<\/p>\n<p>Bolsista de Produtividade em Pesquisa 1B<\/p>\n<\/td>\n<td width=\"93\">\n<p>Doutor<\/p>\n<\/td>\n<td width=\"234\">\n<p>Parasitoses de import\u00e2ncia em medicina veterin\u00e1ria e resist\u00eancia dos parasitas aos antiparasit\u00e1rios<\/p>\n<\/td>\n<td width=\"210\">\n<p>http:\/\/lattes.cnpq.br\/9676833435314493<\/p>\n<\/td>\n<\/tr>\n<tr>\n<td width=\"200\">\n<p>Fl\u00e1vio Desessards De La Corte<\/p>\n<\/td>\n<td width=\"93\">\n<p>PhD<\/p>\n<\/td>\n<td width=\"234\">\n<p>Cl\u00ednica e cirurgia de equinos<\/p>\n<\/td>\n<td width=\"210\">\n<p>http:\/\/lattes.cnpq.br\/4040388452531898<\/p>\n<\/td>\n<\/tr>\n<tr>\n<td width=\"200\">\n<p>Glaucia Denise Kommers<\/p>\n<p>Bolsista de Produtividade em Pesquisa 1D<\/p>\n<\/td>\n<td width=\"93\">\n<p>PhD<\/p>\n<\/td>\n<td width=\"234\">\n<p>Epidemiologia, patog\u00eanese e patologia das doen\u00e7as dos animais<\/p>\n<p>\u00a0<\/p>\n<\/td>\n<td width=\"210\">\n<p>http:\/\/lattes.cnpq.br\/5818649889964582<\/p>\n<\/td>\n<\/tr>\n<tr>\n<td width=\"200\">\n<p>Helton Fernandes dos Santos<\/p>\n<\/td>\n<td width=\"93\">\n<p>Doutor<\/p>\n<\/td>\n<td width=\"234\">\n<p>Sanidade av\u00edcola, principais doen\u00e7as de aves aplicadas \u00e0 Sa\u00fade \u00danica<\/p>\n<\/td>\n<td width=\"210\">\n<p>http:\/\/lattes.cnpq.br\/6201699995834067<\/p>\n<\/td>\n<\/tr>\n<tr>\n<td width=\"200\">\n<p>Juliana FelipettoCargnelutti<\/p>\n<\/td>\n<td width=\"93\">\n<p>Doutor<\/p>\n<\/td>\n<td width=\"234\">\n<p>Doen\u00e7as Bacterianas de import\u00e2ncia em Medicina Veterin\u00e1ria e Resist\u00eancia bacteriana aos antimicrobianos<\/p>\n<\/td>\n<td width=\"210\">\n<p>http:\/\/lattes.cnpq.br\/5180338810182471<\/p>\n<\/td>\n<\/tr>\n<tr>\n<td width=\"200\">\n<p>Luis AntonioSangioni<\/p>\n<p>Bolsista de Produtividade em Pesquisa 1D<\/p>\n<\/td>\n<td width=\"93\">\n<p>Doutor<\/p>\n<\/td>\n<td width=\"234\">\n<p>Doen\u00e7as Parasit\u00e1rias de import\u00e2ncia em Medicina Veterin\u00e1ria aplicadas \u00e0 Sa\u00fade \u00danica<\/p>\n<\/td>\n<td width=\"210\">\n<p>http:\/\/lattes.cnpq.br\/8056805667740451<\/p>\n<\/td>\n<\/tr>\n<tr>\n<td width=\"200\">\n<p>Mariana Martins Flores<\/p>\n<p>Bolsista de Produtividade em Pesquisa 2<\/p>\n<\/td>\n<td width=\"93\">\n<p>Doutor<\/p>\n<\/td>\n<td width=\"234\">\n<p>Epidemiologia, patog\u00eanese e patologia das doen\u00e7as dos animais<\/p>\n<p>\u00a0<\/p>\n<\/td>\n<td width=\"210\">\n<p>http:\/\/lattes.cnpq.br\/3449955199210548<\/p>\n<\/td>\n<\/tr>\n<tr>\n<td width=\"200\">\n<p>Marta Lizandra do R\u00eago Leal<\/p>\n<p>\u00a0<\/p>\n<\/td>\n<td width=\"93\">\n<p>Doutor<\/p>\n<\/td>\n<td width=\"234\">\n<p>Medicina de ruminantes<\/p>\n<\/td>\n<td width=\"210\">\n<p>http:\/\/lattes.cnpq.br\/6859797230596402<\/p>\n<\/td>\n<\/tr>\n<tr>\n<td width=\"200\">\n<p>Maur\u00edcio Veloso Brun<\/p>\n<p>Bolsista de Produtividade em Pesquisa 1C<\/p>\n<\/td>\n<td width=\"93\">\n<p>Doutor<\/p>\n<\/td>\n<td width=\"234\">\n<p>Cirurgia minimamente invasiva em pequenos animais<\/p>\n<\/td>\n<td width=\"210\">\n<p>http:\/\/lattes.cnpq.br\/3913050752928325<\/p>\n<\/td>\n<\/tr>\n<tr>\n<td width=\"200\">\n<p>Paulo Bayard Dias Gon\u00e7alves<\/p>\n<p>Bolsista de Produtividade em Pesquisa 1A<\/p>\n<\/td>\n<td width=\"93\">\n<p>PhD<\/p>\n<\/td>\n<td width=\"234\">\n<p>Fisiologia do ciclo estral em bovino e Biot\u00e9cnicas da Reprodu\u00e7\u00e3o Animal<\/p>\n<\/td>\n<td width=\"210\">\n<p>http:\/\/lattes.cnpq.br\/5837260966665885<\/p>\n<\/td>\n<\/tr>\n<tr>\n<td width=\"200\">\n<p>Rafael Almeida Fighera<\/p>\n<p>Bolsista de Produtividade em Pesquisa 1C<\/p>\n<\/td>\n<td width=\"93\">\n<p>Doutor<\/p>\n<\/td>\n<td width=\"234\">\n<p>Epidemiologia, patog\u00eanese e patologia das doen\u00e7as dos animais<\/p>\n<p>\u00a0<\/p>\n<\/td>\n<td width=\"210\">\n<p>http:\/\/lattes.cnpq.br\/6223365736139655<\/p>\n<\/td>\n<\/tr>\n<tr>\n<td width=\"200\">\n<p>Rudi Weiblen<\/p>\n<p>Bolsista de Produtividade em Pesquisa 1D<\/p>\n<\/td>\n<td width=\"93\">\n<p>PhD<\/p>\n<\/td>\n<td width=\"234\">\n<p>V\u00edrus e doen\u00e7as v\u00edricas de import\u00e2ncia em medicina veterin\u00e1ria<\/p>\n<\/td>\n<td width=\"210\">\n<p>http:\/\/lattes.cnpq.br\/7946350215388090<\/p>\n<\/td>\n<\/tr>\n<tr>\n<td width=\"200\">\n<p>Saulo Tadeu Lemos Pinto Filho<\/p>\n<\/td>\n<td width=\"93\">\n<p>Doutor<\/p>\n<\/td>\n<td width=\"234\">\n<p>\u00a0<\/p>\n<\/td>\n<td width=\"210\">\n<p>http:\/\/lattes.cnpq.br\/1626744106896196<\/p>\n<\/td>\n<\/tr>\n<tr>\n<td width=\"200\">\n<p>S\u00edlvia Gonzalez Monteiro<\/p>\n<p>Bolsista de Produtividade em Pesquisa 1A<\/p>\n<\/td>\n<td width=\"93\">\n<p>Doutor<\/p>\n<\/td>\n<td width=\"234\">\n<p>Parasitologia Veterin\u00e1ria<\/p>\n<\/td>\n<td width=\"210\">\n<p>http:\/\/lattes.cnpq.br\/3762606653182779<\/p>\n<\/td>\n<\/tr>\n<tr>\n<td width=\"200\">\n<p>S\u00f4nia de Avila Botton<\/p>\n<p>Bolsista de Produtividade em Pesquisa 1D<\/p>\n<\/td>\n<td width=\"93\">\n<p>Doutor<\/p>\n<\/td>\n<td width=\"234\">\n<p>Biosseguran\u00e7a e doen\u00e7as bacterianas e f\u00fangicas de impacto \u00e0 Sa\u00fade \u00danica<\/p>\n<\/td>\n<td width=\"210\">\n<p>http:\/\/lattes.cnpq.br\/0814772095155945<\/p>\n<\/td>\n<\/tr>\n<tr>\n<td width=\"200\">\n<p>Val\u00e9rio Valdetar Marques Portela Junior<\/p>\n<\/td>\n<td width=\"93\">\n<p>Doutor<\/p>\n<\/td>\n<td width=\"234\">\n<p>Fisiologia do ciclo estral em bovino e ovinos<\/p>\n<\/td>\n<td width=\"210\">\n<p>http:\/\/lattes.cnpq.br\/0564876468635367<\/p>\n<\/td>\n<\/tr>\n<tr>\n<td width=\"200\">\n<p>Vilceu Bordignon<\/p>\n<\/td>\n<td width=\"93\">\n<p>PhD<\/p>\n<\/td>\n<td width=\"234\">\n<p>Fisiologia do ciclo estral em bovino e Biot\u00e9cnicas da Reprodu\u00e7\u00e3o Animal<\/p>\n<\/td>\n<td width=\"210\">\n<p>http:\/\/lattes.cnpq.br\/4122176682347906<\/p>\n<\/td>\n<\/tr>\n<\/tbody>\n<\/table>\n<p>\u00a0<\/p>\n","protected":false},"excerpt":{"rendered":"<p>ORIENTADORES DE MESTRADO NO PPGMV Professor Orientador Titula\u00e7\u00e3o Linha de pesquisa CV Alexandre Krause Doutor Hematologia e bioqu\u00edmica cl\u00ednica veterin\u00e1ria http:\/\/lattes.cnpq.br\/7760558908777387 Alexandre Mazzanti Bolsista de Produtividade em Pesquisa 1C Doutor M\u00e9todos cl\u00ednicos e cir\u00fargicos no tratamento de doen\u00e7as neurol\u00f3gicas nos animais dom\u00e9sticos \u00a0 http:\/\/lattes.cnpq.br\/3504517995843014 Alfredo Quites Antoniazzi Bolsista de Produtividade em Pesquisa 2 Doutor Fisiologia [&hellip;]<\/p>\n","protected":false},"author":25,"featured_media":0,"parent":0,"menu_order":0,"comment_status":"closed","ping_status":"closed","template":"","meta":{"footnotes":""},"categories":[],"tags":[],"class_list":["post-198","page","type-page","status-publish","hentry"],"acf":[],"_links":{"self":[{"href":"https:\/\/www.ufsm.br\/cursos\/pos-graduacao\/santa-maria\/ppgmv\/wp-json\/wp\/v2\/pages\/198","targetHints":{"allow":["GET"]}}],"collection":[{"href":"https:\/\/www.ufsm.br\/cursos\/pos-graduacao\/santa-maria\/ppgmv\/wp-json\/wp\/v2\/pages"}],"about":[{"href":"https:\/\/www.ufsm.br\/cursos\/pos-graduacao\/santa-maria\/ppgmv\/wp-json\/wp\/v2\/types\/page"}],"author":[{"embeddable":true,"href":"https:\/\/www.ufsm.br\/cursos\/pos-graduacao\/santa-maria\/ppgmv\/wp-json\/wp\/v2\/users\/25"}],"replies":[{"embeddable":true,"href":"https:\/\/www.ufsm.br\/cursos\/pos-graduacao\/santa-maria\/ppgmv\/wp-json\/wp\/v2\/comments?post=198"}],"version-history":[{"count":0,"href":"https:\/\/www.ufsm.br\/cursos\/pos-graduacao\/santa-maria\/ppgmv\/wp-json\/wp\/v2\/pages\/198\/revisions"}],"wp:attachment":[{"href":"https:\/\/www.ufsm.br\/cursos\/pos-graduacao\/santa-maria\/ppgmv\/wp-json\/wp\/v2\/media?parent=198"}],"wp:term":[{"taxonomy":"category","embeddable":true,"href":"https:\/\/www.ufsm.br\/cursos\/pos-graduacao\/santa-maria\/ppgmv\/wp-json\/wp\/v2\/categories?post=198"},{"taxonomy":"post_tag","embeddable":true,"href":"https:\/\/www.ufsm.br\/cursos\/pos-graduacao\/santa-maria\/ppgmv\/wp-json\/wp\/v2\/tags?post=198"}],"curies":[{"name":"wp","href":"https:\/\/api.w.org\/{rel}","templated":true}]}}