{"id":741,"date":"2021-09-13T15:31:17","date_gmt":"2021-09-13T18:31:17","guid":{"rendered":"https:\/\/www.ufsm.br\/cursos\/pos-graduacao\/santa-maria\/ppgop\/?page_id=741"},"modified":"2022-08-05T10:10:34","modified_gmt":"2022-08-05T13:10:34","slug":"o-que-sao-os-produtos-tecnologicos","status":"publish","type":"page","link":"https:\/\/www.ufsm.br\/cursos\/pos-graduacao\/santa-maria\/ppgop\/o-que-sao-os-produtos-tecnologicos","title":{"rendered":"O que s\u00e3o os Produtos Tecnol\u00f3gicos?"},"content":{"rendered":"\n<p style=\"text-align: justify\">Ser\u00e3o qualificados para efeito de avalia\u00e7\u00e3o da p\u00f3s-gradua\u00e7\u00e3o apenas produtos originados das atividades dos PPGs. Conforme o relat\u00f3rio do GT DAV\/CAPES, \u201c<b><i>Produto \u00e9 o resultado palp\u00e1vel de uma atividade docente ou discente, podendo ser realizado de forma individual ou em grupo. O Produto \u00e9 confeccionado previamente ao recebimento pelo cliente\/receptor, que s\u00f3 ter\u00e1 acesso ap\u00f3s a conclus\u00e3o dos trabalhos<\/i><\/b>\u201d (p. 16). J\u00e1 o produto t\u00e9cnico\/tecnol\u00f3gico \u00e9 um \u201c<b><i>objeto tang\u00edvel com elevado grau de novidade fruto da aplica\u00e7\u00e3o de novos conhecimentos cient\u00edficos, t\u00e9cnicas e expertises desenvolvidas no \u00e2mbito da pesquisa na PG.<\/i><\/b>..\u201d (p. 22). Dessa forma, ser\u00e3o qualificados produtos criados com a participa\u00e7\u00e3o de docentes permanentes de PPGs no quadri\u00eanio em an\u00e1lise que se caracterizem por essa tangibilidade, como os relat\u00f3rios de consultoria e assessoria, software e aplicativos, tecnologias patente\u00e1veis ou n\u00e3o, bem como bases de dados cient\u00edficas, entre outros especificados a seguir.<\/p>\n","protected":false},"excerpt":{"rendered":"<p>Ser\u00e3o qualificados para efeito de avalia\u00e7\u00e3o da p\u00f3s-gradua\u00e7\u00e3o apenas produtos originados das atividades dos PPGs. Conforme o relat\u00f3rio do GT DAV\/CAPES, \u201cProduto \u00e9 o resultado palp\u00e1vel de uma atividade docente ou discente, podendo ser realizado de forma individual ou em grupo. O Produto \u00e9 confeccionado previamente ao recebimento pelo cliente\/receptor, que s\u00f3 ter\u00e1 acesso ap\u00f3s [&hellip;]<\/p>\n","protected":false},"author":4543,"featured_media":0,"parent":0,"menu_order":0,"comment_status":"closed","ping_status":"closed","template":"","meta":{"footnotes":""},"categories":[],"tags":[],"class_list":["post-741","page","type-page","status-publish","hentry"],"acf":[],"_links":{"self":[{"href":"https:\/\/www.ufsm.br\/cursos\/pos-graduacao\/santa-maria\/ppgop\/wp-json\/wp\/v2\/pages\/741","targetHints":{"allow":["GET"]}}],"collection":[{"href":"https:\/\/www.ufsm.br\/cursos\/pos-graduacao\/santa-maria\/ppgop\/wp-json\/wp\/v2\/pages"}],"about":[{"href":"https:\/\/www.ufsm.br\/cursos\/pos-graduacao\/santa-maria\/ppgop\/wp-json\/wp\/v2\/types\/page"}],"author":[{"embeddable":true,"href":"https:\/\/www.ufsm.br\/cursos\/pos-graduacao\/santa-maria\/ppgop\/wp-json\/wp\/v2\/users\/4543"}],"replies":[{"embeddable":true,"href":"https:\/\/www.ufsm.br\/cursos\/pos-graduacao\/santa-maria\/ppgop\/wp-json\/wp\/v2\/comments?post=741"}],"version-history":[{"count":0,"href":"https:\/\/www.ufsm.br\/cursos\/pos-graduacao\/santa-maria\/ppgop\/wp-json\/wp\/v2\/pages\/741\/revisions"}],"wp:attachment":[{"href":"https:\/\/www.ufsm.br\/cursos\/pos-graduacao\/santa-maria\/ppgop\/wp-json\/wp\/v2\/media?parent=741"}],"wp:term":[{"taxonomy":"category","embeddable":true,"href":"https:\/\/www.ufsm.br\/cursos\/pos-graduacao\/santa-maria\/ppgop\/wp-json\/wp\/v2\/categories?post=741"},{"taxonomy":"post_tag","embeddable":true,"href":"https:\/\/www.ufsm.br\/cursos\/pos-graduacao\/santa-maria\/ppgop\/wp-json\/wp\/v2\/tags?post=741"}],"curies":[{"name":"wp","href":"https:\/\/api.w.org\/{rel}","templated":true}]}}