{"id":166,"date":"2019-01-22T12:15:02","date_gmt":"2019-01-22T14:15:02","guid":{"rendered":"https:\/\/www.ufsm.br\/cursos\/pos-graduacao\/santa-maria\/ppgp\/?page_id=166"},"modified":"2026-03-17T11:23:46","modified_gmt":"2026-03-17T14:23:46","slug":"regulamento-do-ppgp","status":"publish","type":"page","link":"https:\/\/www.ufsm.br\/cursos\/pos-graduacao\/santa-maria\/ppgp\/regulamento-do-ppgp","title":{"rendered":"Regulamento interno do PPGP"},"content":{"rendered":"\n<p>REGULAMENTO INTERNO DO PROGRAMA DE P\u00d3S-GRADUA\u00c7\u00c3O EM PSICOLOGIA DO CENTRO DE CI\u00caNCIAS SOCIAIS E HUMANAS DA UFSM &#8211; Aprovado em 2025 &#8211; conferir <a href=\"https:\/\/www.ufsm.br\/app\/uploads\/sites\/518\/2025\/02\/PORT_NOR_CCSH_2025_01_ANEXO-I.pdf\">aqui\u00a0<\/a><\/p>\n\n\n\n\n\n\n","protected":false},"excerpt":{"rendered":"<p>REGULAMENTO INTERNO DO PROGRAMA DE P\u00d3S-GRADUA\u00c7\u00c3O EM PSICOLOGIA DO CENTRO DE CI\u00caNCIAS SOCIAIS E HUMANAS DA UFSM &#8211; Aprovado em 2025 &#8211; conferir aqui\u00a0<\/p>\n","protected":false},"author":115,"featured_media":0,"parent":0,"menu_order":0,"comment_status":"closed","ping_status":"closed","template":"","meta":{"footnotes":""},"categories":[],"tags":[],"class_list":["post-166","page","type-page","status-publish","hentry"],"acf":[],"_links":{"self":[{"href":"https:\/\/www.ufsm.br\/cursos\/pos-graduacao\/santa-maria\/ppgp\/wp-json\/wp\/v2\/pages\/166","targetHints":{"allow":["GET"]}}],"collection":[{"href":"https:\/\/www.ufsm.br\/cursos\/pos-graduacao\/santa-maria\/ppgp\/wp-json\/wp\/v2\/pages"}],"about":[{"href":"https:\/\/www.ufsm.br\/cursos\/pos-graduacao\/santa-maria\/ppgp\/wp-json\/wp\/v2\/types\/page"}],"author":[{"embeddable":true,"href":"https:\/\/www.ufsm.br\/cursos\/pos-graduacao\/santa-maria\/ppgp\/wp-json\/wp\/v2\/users\/115"}],"replies":[{"embeddable":true,"href":"https:\/\/www.ufsm.br\/cursos\/pos-graduacao\/santa-maria\/ppgp\/wp-json\/wp\/v2\/comments?post=166"}],"version-history":[{"count":0,"href":"https:\/\/www.ufsm.br\/cursos\/pos-graduacao\/santa-maria\/ppgp\/wp-json\/wp\/v2\/pages\/166\/revisions"}],"wp:attachment":[{"href":"https:\/\/www.ufsm.br\/cursos\/pos-graduacao\/santa-maria\/ppgp\/wp-json\/wp\/v2\/media?parent=166"}],"wp:term":[{"taxonomy":"category","embeddable":true,"href":"https:\/\/www.ufsm.br\/cursos\/pos-graduacao\/santa-maria\/ppgp\/wp-json\/wp\/v2\/categories?post=166"},{"taxonomy":"post_tag","embeddable":true,"href":"https:\/\/www.ufsm.br\/cursos\/pos-graduacao\/santa-maria\/ppgp\/wp-json\/wp\/v2\/tags?post=166"}],"curies":[{"name":"wp","href":"https:\/\/api.w.org\/{rel}","templated":true}]}}