{"id":308,"date":"2019-04-10T13:28:45","date_gmt":"2019-04-10T16:28:45","guid":{"rendered":"https:\/\/www.ufsm.br\/cursos\/pos-graduacao\/santa-maria\/ppgp\/?page_id=308"},"modified":"2024-08-19T11:22:07","modified_gmt":"2024-08-19T14:22:07","slug":"linhas-de-pesquisa","status":"publish","type":"page","link":"https:\/\/www.ufsm.br\/cursos\/pos-graduacao\/santa-maria\/ppgp\/linhas-de-pesquisa","title":{"rendered":"Linhas de Pesquisa"},"content":{"rendered":"\n<p><strong>SA\u00daDE, DESENVOLVIMENTO E CONTEXTOS SOCIAIS<\/strong><\/p>\n<p style=\"text-align: justify\">Envolve pesquisas nas interfaces da fam\u00edlia, processos desenvolvimentais, contextos sociais e suas implica\u00e7\u00f5es para a sa\u00fade, abarcando fen\u00f4menos, tais como: juventude, viol\u00eancia, vulnerabilidade, resili\u00eancia e risco psicossocial, din\u00e2micas e transi\u00e7\u00f5es familiares e suas rela\u00e7\u00f5es com o desenvolvimento humano nas fases iniciais e intermedi\u00e1rias do ciclo vital; transtornos de desenvolvimento socioemocional e cognitivo de beb\u00eas, crian\u00e7as e adolescentes e estrat\u00e9gias de interven\u00e7\u00e3o em diferentes n\u00edveis de aten\u00e7\u00e3o \u00e0 sa\u00fade.<\/p>\n<p><strong>Professores:<\/strong><br \/>Aline Cardoso Siqueira<\/p>\n<p>Ana Paula Ramos de Souza<\/p>\n<p>Caroline Rubin Rossato Pereira<\/p>\n<p>Dorian M\u00f4nica Arpini<\/p>\n<p>Ivani Brys<\/p>\n<p>Jana Gon\u00e7alves Zappe<\/p>\n<p>Naiana Dapieve Patias<\/p>\n<p>Samara Silva dos Santos<\/p>\n<p>\u00a0<\/p>\n<p><strong>PROBLEM\u00c1TICAS DE SA\u00daDE E CONTEXTOS INSTITUCIONAIS<\/strong><\/p>\n<p style=\"text-align: justify\">Envolve pesquisas sobre problemas de sa\u00fade e processos de interven\u00e7\u00e3o em diferentes contextos institucionais, abarcando estudos sobre sa\u00fade ps\u00edquica em contextos de trabalho, em contextos hospitalares e nas pol\u00edticas p\u00fablicas. Inclui o desenvolvimento de instrumentos de avalia\u00e7\u00e3o psicol\u00f3gica aplicados em diferentes contextos, estudos sobre cen\u00e1rios midi\u00e1ticos e representa\u00e7\u00f5es sociais nos espa\u00e7os de interven\u00e7\u00e3o psicossocial no campo da sa\u00fade, estudos em bio\u00e9tica e estudos sobre psican\u00e1lise e subjetividade.<\/p>\n<p><strong>Professores:<\/strong><br \/>Adriane Rubio Rosso<\/p>\n<p>Alberto Manuel Quintana<\/p>\n<p>Ana Luiza Ferrer<\/p>\n<p>Andrea do Amparo Carrotta de Angeli<\/p>\n<p>Clarissa Tochetto de Oliveira<\/p>\n<p>Elisete Soares Traesel<\/p>\n<p>Marcele Pereira da Rosa Zucolotto<\/p>\n<p>Silvio Jos\u00e9 Lemos Vasconcellos<\/p>\n<p>Ta\u00eds Fim Alberti<\/p>\n","protected":false},"excerpt":{"rendered":"<p>SA\u00daDE, DESENVOLVIMENTO E CONTEXTOS SOCIAIS Envolve pesquisas nas interfaces da fam\u00edlia, processos desenvolvimentais, contextos sociais e suas implica\u00e7\u00f5es para a sa\u00fade, abarcando fen\u00f4menos, tais como: juventude, viol\u00eancia, vulnerabilidade, resili\u00eancia e risco psicossocial, din\u00e2micas e transi\u00e7\u00f5es familiares e suas rela\u00e7\u00f5es com o desenvolvimento humano nas fases iniciais e intermedi\u00e1rias do ciclo vital; transtornos de desenvolvimento socioemocional [&hellip;]<\/p>\n","protected":false},"author":115,"featured_media":0,"parent":0,"menu_order":0,"comment_status":"closed","ping_status":"closed","template":"","meta":{"footnotes":""},"categories":[],"tags":[],"class_list":["post-308","page","type-page","status-publish","hentry"],"acf":[],"_links":{"self":[{"href":"https:\/\/www.ufsm.br\/cursos\/pos-graduacao\/santa-maria\/ppgp\/wp-json\/wp\/v2\/pages\/308","targetHints":{"allow":["GET"]}}],"collection":[{"href":"https:\/\/www.ufsm.br\/cursos\/pos-graduacao\/santa-maria\/ppgp\/wp-json\/wp\/v2\/pages"}],"about":[{"href":"https:\/\/www.ufsm.br\/cursos\/pos-graduacao\/santa-maria\/ppgp\/wp-json\/wp\/v2\/types\/page"}],"author":[{"embeddable":true,"href":"https:\/\/www.ufsm.br\/cursos\/pos-graduacao\/santa-maria\/ppgp\/wp-json\/wp\/v2\/users\/115"}],"replies":[{"embeddable":true,"href":"https:\/\/www.ufsm.br\/cursos\/pos-graduacao\/santa-maria\/ppgp\/wp-json\/wp\/v2\/comments?post=308"}],"version-history":[{"count":0,"href":"https:\/\/www.ufsm.br\/cursos\/pos-graduacao\/santa-maria\/ppgp\/wp-json\/wp\/v2\/pages\/308\/revisions"}],"wp:attachment":[{"href":"https:\/\/www.ufsm.br\/cursos\/pos-graduacao\/santa-maria\/ppgp\/wp-json\/wp\/v2\/media?parent=308"}],"wp:term":[{"taxonomy":"category","embeddable":true,"href":"https:\/\/www.ufsm.br\/cursos\/pos-graduacao\/santa-maria\/ppgp\/wp-json\/wp\/v2\/categories?post=308"},{"taxonomy":"post_tag","embeddable":true,"href":"https:\/\/www.ufsm.br\/cursos\/pos-graduacao\/santa-maria\/ppgp\/wp-json\/wp\/v2\/tags?post=308"}],"curies":[{"name":"wp","href":"https:\/\/api.w.org\/{rel}","templated":true}]}}