{"id":159,"date":"2019-01-24T12:47:28","date_gmt":"2019-01-24T14:47:28","guid":{"rendered":"https:\/\/www.ufsm.br\/cursos\/pos-graduacao\/santa-maria\/ppgppc\/?page_id=159"},"modified":"2025-11-03T12:30:36","modified_gmt":"2025-11-03T15:30:36","slug":"processo-seletivo","status":"publish","type":"page","link":"https:\/\/www.ufsm.br\/cursos\/pos-graduacao\/santa-maria\/ppgpc\/processo-seletivo","title":{"rendered":"Processo Seletivo"},"content":{"rendered":"\n<p style=\"text-align: justify\">Os editais de sele\u00e7\u00e3o s\u00e3o publicados juntamente com os dos demais Programas de P\u00f3s-Gradua\u00e7\u00e3o da UFSM, dispon\u00edveis\u00a0<a href=\"https:\/\/www.ufsm.br\/cursos\/pos-graduacao\/santa-maria\/ppgpc\/editais\/030-2025?preview_id=2161&amp;preview_nonce=6747cff53b&amp;preview=true\">nesta p\u00e1gina.<\/a> Observa-se que h\u00e1 exig\u00eancias gerais da PRPGP, e espec\u00edficas, por Programa, no edital geral daquela.<\/p>\n<p style=\"text-align: justify\">Consulte o\u00a0<a href=\"https:\/\/www.ufsm.br\/calendario\/\" target=\"_blank\" rel=\"noopener noreferrer\">calend\u00e1rio acad\u00eamico<\/a>\u00a0para informa\u00e7\u00f5es sobre datas e prazos referentes a publica\u00e7\u00e3o dos editais de sele\u00e7\u00e3o e dos prazos a serem observados.<\/p>\n<p>\u00a0<\/p>\n<p>\u00a0<\/p>\n<p>\u00a0<\/p>\n","protected":false},"excerpt":{"rendered":"<p>Os editais de sele\u00e7\u00e3o s\u00e3o publicados juntamente com os dos demais Programas de P\u00f3s-Gradua\u00e7\u00e3o da UFSM, dispon\u00edveis\u00a0nesta p\u00e1gina. Observa-se que h\u00e1 exig\u00eancias gerais da PRPGP, e espec\u00edficas, por Programa, no edital geral daquela. Consulte o\u00a0calend\u00e1rio acad\u00eamico\u00a0para informa\u00e7\u00f5es sobre datas e prazos referentes a publica\u00e7\u00e3o dos editais de sele\u00e7\u00e3o e dos prazos a serem observados. \u00a0 [&hellip;]<\/p>\n","protected":false},"author":194,"featured_media":0,"parent":0,"menu_order":0,"comment_status":"closed","ping_status":"closed","template":"","meta":{"footnotes":""},"categories":[],"tags":[],"class_list":["post-159","page","type-page","status-publish","hentry"],"acf":[],"_links":{"self":[{"href":"https:\/\/www.ufsm.br\/cursos\/pos-graduacao\/santa-maria\/ppgpc\/wp-json\/wp\/v2\/pages\/159","targetHints":{"allow":["GET"]}}],"collection":[{"href":"https:\/\/www.ufsm.br\/cursos\/pos-graduacao\/santa-maria\/ppgpc\/wp-json\/wp\/v2\/pages"}],"about":[{"href":"https:\/\/www.ufsm.br\/cursos\/pos-graduacao\/santa-maria\/ppgpc\/wp-json\/wp\/v2\/types\/page"}],"author":[{"embeddable":true,"href":"https:\/\/www.ufsm.br\/cursos\/pos-graduacao\/santa-maria\/ppgpc\/wp-json\/wp\/v2\/users\/194"}],"replies":[{"embeddable":true,"href":"https:\/\/www.ufsm.br\/cursos\/pos-graduacao\/santa-maria\/ppgpc\/wp-json\/wp\/v2\/comments?post=159"}],"version-history":[{"count":0,"href":"https:\/\/www.ufsm.br\/cursos\/pos-graduacao\/santa-maria\/ppgpc\/wp-json\/wp\/v2\/pages\/159\/revisions"}],"wp:attachment":[{"href":"https:\/\/www.ufsm.br\/cursos\/pos-graduacao\/santa-maria\/ppgpc\/wp-json\/wp\/v2\/media?parent=159"}],"wp:term":[{"taxonomy":"category","embeddable":true,"href":"https:\/\/www.ufsm.br\/cursos\/pos-graduacao\/santa-maria\/ppgpc\/wp-json\/wp\/v2\/categories?post=159"},{"taxonomy":"post_tag","embeddable":true,"href":"https:\/\/www.ufsm.br\/cursos\/pos-graduacao\/santa-maria\/ppgpc\/wp-json\/wp\/v2\/tags?post=159"}],"curies":[{"name":"wp","href":"https:\/\/api.w.org\/{rel}","templated":true}]}}