{"id":185,"date":"2019-01-24T13:17:57","date_gmt":"2019-01-24T15:17:57","guid":{"rendered":"https:\/\/www.ufsm.br\/cursos\/pos-graduacao\/santa-maria\/ppgppc\/?page_id=185"},"modified":"2023-08-16T13:58:21","modified_gmt":"2023-08-16T16:58:21","slug":"docencia-orientada","status":"publish","type":"page","link":"https:\/\/www.ufsm.br\/cursos\/pos-graduacao\/santa-maria\/ppgpc\/docencia-orientada","title":{"rendered":"Doc\u00eancia orientada"},"content":{"rendered":"\n<p>\u00a0<\/p>\n<p style=\"text-align: justify\">\u00a0 \u00a0 \u00a0 \u00a0 \u00a0 \u00a0Aos alunos que tenham interesse em realizar pr\u00e1tica docente, com vistas a uma futura carreira acad\u00eamica, \u00e9 poss\u00edvel (n\u00e3o obrigat\u00f3ria) a matr\u00edcula nas disciplinas \u201cDoc\u00eancia Orientada I e II\u201d, uma a cada semestre. A solicita\u00e7\u00e3o dever\u00e1 ser feita em formul\u00e1rio pr\u00f3prio (<a href=\"https:\/\/www.ufsm.br\/app\/uploads\/sites\/561\/2022\/08\/4-Formulario_de_docencia_orientada.doc\">Formulario_de_docencia_orientada<\/a>). As atividades did\u00e1ticas s\u00e3o realizadas junto a disciplinas\u00a0dos cursos de\u00a0gradua\u00e7\u00e3o da UFSM, cujos encargos did\u00e1ticos estejam alocados ao orientador ou co-orientador, se necess\u00e1rio.\u00a0<\/p>\n<p style=\"text-align: justify\">\u00a0 \u00a0 \u00a0 \u00a0 \u00a0 \u00a0 \u00a0A carga hor\u00e1ria de atividades de Doc\u00eancia Orientada \u00e9 limitada a 15 horas. O aluno deve considerar essa limita\u00e7\u00e3o ao desenvolver o seu cronograma de atividades previsto em formul\u00e1rio pr\u00f3prio (<a href=\"https:\/\/www.ufsm.br\/app\/uploads\/sites\/561\/2022\/08\/4-Formulario_de_docencia_orientada.doc\">Formulario_de_docencia_orientada<\/a>).\u00a0<\/p>\n<p>Modelo do Plano de Doc\u00eancia Orientada a ser preenchido: <a href=\"https:\/\/www.ufsm.br\/app\/uploads\/sites\/561\/2023\/08\/Modelo-Plano-de-Trabalho-Docencia-Orientada.docx\">Modelo Plano de Trabalho &#8211; Doc\u00eancia Orientada<\/a><\/p>\n","protected":false},"excerpt":{"rendered":"<p>\u00a0 \u00a0 \u00a0 \u00a0 \u00a0 \u00a0 \u00a0Aos alunos que tenham interesse em realizar pr\u00e1tica docente, com vistas a uma futura carreira acad\u00eamica, \u00e9 poss\u00edvel (n\u00e3o obrigat\u00f3ria) a matr\u00edcula nas disciplinas \u201cDoc\u00eancia Orientada I e II\u201d, uma a cada semestre. A solicita\u00e7\u00e3o dever\u00e1 ser feita em formul\u00e1rio pr\u00f3prio (Formulario_de_docencia_orientada). As atividades did\u00e1ticas s\u00e3o realizadas junto a [&hellip;]<\/p>\n","protected":false},"author":194,"featured_media":0,"parent":0,"menu_order":0,"comment_status":"closed","ping_status":"closed","template":"","meta":{"footnotes":""},"categories":[],"tags":[],"class_list":["post-185","page","type-page","status-publish","hentry"],"acf":[],"_links":{"self":[{"href":"https:\/\/www.ufsm.br\/cursos\/pos-graduacao\/santa-maria\/ppgpc\/wp-json\/wp\/v2\/pages\/185","targetHints":{"allow":["GET"]}}],"collection":[{"href":"https:\/\/www.ufsm.br\/cursos\/pos-graduacao\/santa-maria\/ppgpc\/wp-json\/wp\/v2\/pages"}],"about":[{"href":"https:\/\/www.ufsm.br\/cursos\/pos-graduacao\/santa-maria\/ppgpc\/wp-json\/wp\/v2\/types\/page"}],"author":[{"embeddable":true,"href":"https:\/\/www.ufsm.br\/cursos\/pos-graduacao\/santa-maria\/ppgpc\/wp-json\/wp\/v2\/users\/194"}],"replies":[{"embeddable":true,"href":"https:\/\/www.ufsm.br\/cursos\/pos-graduacao\/santa-maria\/ppgpc\/wp-json\/wp\/v2\/comments?post=185"}],"version-history":[{"count":0,"href":"https:\/\/www.ufsm.br\/cursos\/pos-graduacao\/santa-maria\/ppgpc\/wp-json\/wp\/v2\/pages\/185\/revisions"}],"wp:attachment":[{"href":"https:\/\/www.ufsm.br\/cursos\/pos-graduacao\/santa-maria\/ppgpc\/wp-json\/wp\/v2\/media?parent=185"}],"wp:term":[{"taxonomy":"category","embeddable":true,"href":"https:\/\/www.ufsm.br\/cursos\/pos-graduacao\/santa-maria\/ppgpc\/wp-json\/wp\/v2\/categories?post=185"},{"taxonomy":"post_tag","embeddable":true,"href":"https:\/\/www.ufsm.br\/cursos\/pos-graduacao\/santa-maria\/ppgpc\/wp-json\/wp\/v2\/tags?post=185"}],"curies":[{"name":"wp","href":"https:\/\/api.w.org\/{rel}","templated":true}]}}