{"id":1966,"date":"2025-05-13T11:32:11","date_gmt":"2025-05-13T14:32:11","guid":{"rendered":"https:\/\/www.ufsm.br\/cursos\/pos-graduacao\/santa-maria\/ppgpc\/?page_id=1966"},"modified":"2025-05-13T11:32:12","modified_gmt":"2025-05-13T14:32:12","slug":"gilvan-veiga-dockhorn","status":"publish","type":"page","link":"https:\/\/www.ufsm.br\/cursos\/pos-graduacao\/santa-maria\/ppgpc\/gilvan-veiga-dockhorn","title":{"rendered":"Gilvan Veiga Dockhorn"},"content":{"rendered":"\n<div style=\"width: 100%;max-width: 1200px;margin: 40px auto;padding: 30px;background: #f0f8ff;border-left: 6px solid #0073aa;border-radius: 12px;font-family: 'Arial', sans-serif;color: #333\">\n<div style=\"flex-wrap: wrap;align-items: flex-start;gap: 30px\"><!-- Foto --><img fetchpriority=\"high\" decoding=\"async\" class=\"size-medium wp-image-1967 alignleft\" src=\"https:\/\/www.ufsm.br\/app\/uploads\/sites\/561\/2025\/05\/servletrecuperafoto-5-233x300.jpg\" alt=\"\" width=\"233\" height=\"300\" srcset=\"https:\/\/www.ufsm.br\/app\/uploads\/sites\/561\/2025\/05\/servletrecuperafoto-5-233x300.jpg 233w, https:\/\/www.ufsm.br\/app\/uploads\/sites\/561\/2025\/05\/servletrecuperafoto-5.jpg 708w\" sizes=\"(max-width: 233px) 100vw, 233px\" \/><br \/><!-- Informa\u00e7\u00f5es -->\n<div style=\"flex: 3 1 700px\">\n<h2 style=\"margin-top: 0;color: #0073aa\">Prof. Dr. Gilvan Veiga Dockhorn<\/h2>\n<div style=\"margin-bottom: 20px\">\n<h5 style=\"color: #005f87;border-bottom: 2px solid #cceeff;padding-bottom: 5px\">Forma\u00e7\u00e3o Acad\u00eamica<\/h5>\n<p style=\"text-align: justify\">P\u00f3s-doutor (bolsa CAPES) pelo Centro de Estudos Interdisciplinares do S\u00e9culo XX da Universidade de Coimbra, Portugal. Doutor em Hist\u00f3ria das Sociedades Ibero-Americanas, Pontif\u00edcia Universidade Cat\u00f3lica do Rio Grande do Sul (PUCRS). Mestre em Hist\u00f3ria do Brasil, Pontif\u00edcia Universidade Cat\u00f3lica do Rio Grande do Sul (PUCRS). Graduado em Hist\u00f3ria, Universidade Federal de Santa Maria (UFSM).<\/p>\n<p style=\"text-align: justify\">Investigador colaborador do Grupo 1 &#8211; Hist\u00f3ria e Mem\u00f3ria do Centro de Estudos Interdisciplinares do S\u00e9culo XX (CEIS20), Universidade de Coimbra. <a href=\"https:\/\/ufsmpublica.ufsm.br\/docente\/14801\">UFSMPublica.<\/a><\/p>\n<\/div>\n<div>\n<h5 style=\"color: #005f87;border-bottom: 2px solid #cceeff;padding-bottom: 5px\">Atua\u00e7\u00e3o Profissional<\/h5>\n<p style=\"text-align: justify\">Professor Associado do Departamento de Turismo, Centro de Ci\u00eancias Sociais e Humanas, Universidade Federal de Santa Maria (CCSH-UFSM). Docente Permanente do Programa de P\u00f3s-Gradua\u00e7\u00e3o em Patrim\u00f4nio Cultural (PPGPC-UFSM), Universidade Federal de Santa Maria.<\/p>\n<p style=\"text-align: justify\">Coordenador do Cineclube da Boca da UFSM e do Curso de Extens\u00e3o em Produ\u00e7\u00e3o de Cinema e Audiovisual da UFSM.<\/p>\n<h5 style=\"color: #005f87;border-bottom: 2px solid #cceeff;padding-bottom: 5px\">Linha de Pesquisa<\/h5>\n<p><strong>Hist\u00f3ria e Patrim\u00f4nio Cultural<\/strong><\/p>\n<\/div>\n<\/div>\n<\/div>\n<\/div>\n","protected":false},"excerpt":{"rendered":"<p>Prof. Dr. Gilvan Veiga Dockhorn Forma\u00e7\u00e3o Acad\u00eamica P\u00f3s-doutor (bolsa CAPES) pelo Centro de Estudos Interdisciplinares do S\u00e9culo XX da Universidade de Coimbra, Portugal. Doutor em Hist\u00f3ria das Sociedades Ibero-Americanas, Pontif\u00edcia Universidade Cat\u00f3lica do Rio Grande do Sul (PUCRS). Mestre em Hist\u00f3ria do Brasil, Pontif\u00edcia Universidade Cat\u00f3lica do Rio Grande do Sul (PUCRS). Graduado em Hist\u00f3ria, [&hellip;]<\/p>\n","protected":false},"author":1706,"featured_media":0,"parent":0,"menu_order":0,"comment_status":"closed","ping_status":"closed","template":"","meta":{"footnotes":""},"categories":[],"tags":[],"class_list":["post-1966","page","type-page","status-publish","hentry"],"acf":[],"_links":{"self":[{"href":"https:\/\/www.ufsm.br\/cursos\/pos-graduacao\/santa-maria\/ppgpc\/wp-json\/wp\/v2\/pages\/1966","targetHints":{"allow":["GET"]}}],"collection":[{"href":"https:\/\/www.ufsm.br\/cursos\/pos-graduacao\/santa-maria\/ppgpc\/wp-json\/wp\/v2\/pages"}],"about":[{"href":"https:\/\/www.ufsm.br\/cursos\/pos-graduacao\/santa-maria\/ppgpc\/wp-json\/wp\/v2\/types\/page"}],"author":[{"embeddable":true,"href":"https:\/\/www.ufsm.br\/cursos\/pos-graduacao\/santa-maria\/ppgpc\/wp-json\/wp\/v2\/users\/1706"}],"replies":[{"embeddable":true,"href":"https:\/\/www.ufsm.br\/cursos\/pos-graduacao\/santa-maria\/ppgpc\/wp-json\/wp\/v2\/comments?post=1966"}],"version-history":[{"count":0,"href":"https:\/\/www.ufsm.br\/cursos\/pos-graduacao\/santa-maria\/ppgpc\/wp-json\/wp\/v2\/pages\/1966\/revisions"}],"wp:attachment":[{"href":"https:\/\/www.ufsm.br\/cursos\/pos-graduacao\/santa-maria\/ppgpc\/wp-json\/wp\/v2\/media?parent=1966"}],"wp:term":[{"taxonomy":"category","embeddable":true,"href":"https:\/\/www.ufsm.br\/cursos\/pos-graduacao\/santa-maria\/ppgpc\/wp-json\/wp\/v2\/categories?post=1966"},{"taxonomy":"post_tag","embeddable":true,"href":"https:\/\/www.ufsm.br\/cursos\/pos-graduacao\/santa-maria\/ppgpc\/wp-json\/wp\/v2\/tags?post=1966"}],"curies":[{"name":"wp","href":"https:\/\/api.w.org\/{rel}","templated":true}]}}