{"id":1984,"date":"2025-05-13T15:47:38","date_gmt":"2025-05-13T18:47:38","guid":{"rendered":"https:\/\/www.ufsm.br\/cursos\/pos-graduacao\/santa-maria\/ppgpc\/?page_id=1984"},"modified":"2025-05-13T16:06:18","modified_gmt":"2025-05-13T19:06:18","slug":"maria-medianeira-padoin","status":"publish","type":"page","link":"https:\/\/www.ufsm.br\/cursos\/pos-graduacao\/santa-maria\/ppgpc\/maria-medianeira-padoin","title":{"rendered":"Maria Medianeira Padoin"},"content":{"rendered":"\n<div style=\"width: 100%;max-width: 1200px;margin: 40px auto;padding: 30px;background: #f0f8ff;border-left: 6px solid #0073aa;border-radius: 12px;font-family: 'Arial', sans-serif;color: #333\">\n<div style=\"flex-wrap: wrap;align-items: flex-start;gap: 30px\"><!-- Foto --><img fetchpriority=\"high\" decoding=\"async\" class=\"size-medium wp-image-1985 alignleft\" src=\"https:\/\/www.ufsm.br\/app\/uploads\/sites\/561\/2025\/05\/Capturar-300x237.jpg\" alt=\"\" width=\"300\" height=\"237\" srcset=\"https:\/\/www.ufsm.br\/app\/uploads\/sites\/561\/2025\/05\/Capturar-300x237.jpg 300w, https:\/\/www.ufsm.br\/app\/uploads\/sites\/561\/2025\/05\/Capturar-1024x811.jpg 1024w, https:\/\/www.ufsm.br\/app\/uploads\/sites\/561\/2025\/05\/Capturar-768x608.jpg 768w, https:\/\/www.ufsm.br\/app\/uploads\/sites\/561\/2025\/05\/Capturar.jpg 1147w\" sizes=\"(max-width: 300px) 100vw, 300px\" \/><br \/><!-- Informa\u00e7\u00f5es -->\n<div style=\"flex: 3 1 700px\">\n<h2 style=\"margin-top: 0;color: #0073aa\">Prof.\u00aa Dr.\u00aa Maria Medianeira Padoin<\/h2>\n<div style=\"margin-bottom: 20px\">\n<h5 style=\"color: #005f87;border-bottom: 2px solid #cceeff;padding-bottom: 5px\">Forma\u00e7\u00e3o Acad\u00eamica<\/h5>\n<p style=\"text-align: justify\">Doutora em Hist\u00f3ria pela Universidade Federal do Rio Grande do Sul (UFRGS), com doutorado sandu\u00edche na Universidade de Coimbra, Portugal, e investiga\u00e7\u00e3o no Instituto Dr. Emilio Ravignani, Universidade de Buenos Aires. Mestre em Hist\u00f3ria pela Universidade Federal do Paran\u00e1 (UFPR). Graduada em Hist\u00f3ria pela Universidade Federal de Santa Maria (UFSM).\u00a0<\/p>\n<\/div>\n<div>\n<h5 style=\"color: #005f87;border-bottom: 2px solid #cceeff;padding-bottom: 5px\">Atua\u00e7\u00e3o Profissional<\/h5>\n<p style=\"text-align: justify\">Professora Titular do Departamento de Hist\u00f3ria, Centro de Ci\u00eancias Sociais e Humanas, Universidade Federal de Santa Maria (UFSM). Professora do curso de Gradua\u00e7\u00e3o em Hist\u00f3ria na mesma institui\u00e7\u00e3o.<\/p>\n<p style=\"text-align: justify\">Docente nos Programas de P\u00f3s-Gradua\u00e7\u00e3o em Hist\u00f3ria (Mestrado e Doutorado) e em Patrim\u00f4nio Cultural &#8211; Mestrado Profissional (PPGPC-UFSM). Coordena o Grupo de Pesquisa CNPq Hist\u00f3ria Platina: sociedade, poder e institui\u00e7\u00f5es.<\/p>\n<p style=\"text-align: justify\">Vice-coordenadora do Comit\u00ea Cient\u00edfico do Geoparque Quarta Col\u00f4nia. Membro correspondente do Instituto Hist\u00f3rico e Geogr\u00e1fico Brasileiro. Membro permanente do Instituto Hist\u00f3rico e Geogr\u00e1fico do Rio Grande do Sul e do Instituto Hist\u00f3rico de S\u00e3o Leopoldo. <a href=\"https:\/\/ufsmpublica.ufsm.br\/docente\/12080\">UFSMPublica.<\/a><\/p>\n<h5 style=\"color: #005f87;border-bottom: 2px solid #cceeff;padding-bottom: 5px\">Linha de Pesquisa<\/h5>\n<p><strong>Hist\u00f3ria e Patrim\u00f4nio Cultural<\/strong><\/p>\n<\/div>\n<\/div>\n<\/div>\n<\/div>\n","protected":false},"excerpt":{"rendered":"<p>Prof.\u00aa Dr.\u00aa Maria Medianeira Padoin Forma\u00e7\u00e3o Acad\u00eamica Doutora em Hist\u00f3ria pela Universidade Federal do Rio Grande do Sul (UFRGS), com doutorado sandu\u00edche na Universidade de Coimbra, Portugal, e investiga\u00e7\u00e3o no Instituto Dr. Emilio Ravignani, Universidade de Buenos Aires. Mestre em Hist\u00f3ria pela Universidade Federal do Paran\u00e1 (UFPR). Graduada em Hist\u00f3ria pela Universidade Federal de Santa [&hellip;]<\/p>\n","protected":false},"author":1706,"featured_media":0,"parent":0,"menu_order":0,"comment_status":"closed","ping_status":"closed","template":"","meta":{"footnotes":""},"categories":[],"tags":[],"class_list":["post-1984","page","type-page","status-publish","hentry"],"acf":[],"_links":{"self":[{"href":"https:\/\/www.ufsm.br\/cursos\/pos-graduacao\/santa-maria\/ppgpc\/wp-json\/wp\/v2\/pages\/1984","targetHints":{"allow":["GET"]}}],"collection":[{"href":"https:\/\/www.ufsm.br\/cursos\/pos-graduacao\/santa-maria\/ppgpc\/wp-json\/wp\/v2\/pages"}],"about":[{"href":"https:\/\/www.ufsm.br\/cursos\/pos-graduacao\/santa-maria\/ppgpc\/wp-json\/wp\/v2\/types\/page"}],"author":[{"embeddable":true,"href":"https:\/\/www.ufsm.br\/cursos\/pos-graduacao\/santa-maria\/ppgpc\/wp-json\/wp\/v2\/users\/1706"}],"replies":[{"embeddable":true,"href":"https:\/\/www.ufsm.br\/cursos\/pos-graduacao\/santa-maria\/ppgpc\/wp-json\/wp\/v2\/comments?post=1984"}],"version-history":[{"count":0,"href":"https:\/\/www.ufsm.br\/cursos\/pos-graduacao\/santa-maria\/ppgpc\/wp-json\/wp\/v2\/pages\/1984\/revisions"}],"wp:attachment":[{"href":"https:\/\/www.ufsm.br\/cursos\/pos-graduacao\/santa-maria\/ppgpc\/wp-json\/wp\/v2\/media?parent=1984"}],"wp:term":[{"taxonomy":"category","embeddable":true,"href":"https:\/\/www.ufsm.br\/cursos\/pos-graduacao\/santa-maria\/ppgpc\/wp-json\/wp\/v2\/categories?post=1984"},{"taxonomy":"post_tag","embeddable":true,"href":"https:\/\/www.ufsm.br\/cursos\/pos-graduacao\/santa-maria\/ppgpc\/wp-json\/wp\/v2\/tags?post=1984"}],"curies":[{"name":"wp","href":"https:\/\/api.w.org\/{rel}","templated":true}]}}